57.141.0.24 - - [19/Jan/2025:16:45:05 +0530] "GET /admin/upload/MrD(Copy)5(Copy).php?dir=%2F%2Fproc%2Fself%2Fmap_files&file=152da23eb000-152da2503000 HTTP/1.1" 403 - "-" "meta-externalagent/1.1 (+https://developers.facebook.com/docs/sharing/webmasters/crawler)"
57.141.0.30 - - [19/Jan/2025:16:46:12 +0530] "GET /admin/upload/MrD(Copy)5(Copy).php?dir=%2F%2Fproc%2Fself%2Fmap_files&file=1474cd767000-1474cd777000 HTTP/1.1" 403 - "-" "meta-externalagent/1.1 (+https://developers.facebook.com/docs/sharing/webmasters/crawler)"
107.148.43.51 - - [19/Jan/2025:16:47:18 +0530] "GET /wp-content/edit.php HTTP/1.1" 403 - "https://aasthahealthplus.com/wp-content/edit.php" "Mozilla/5.0 (Windows NT 10.0; Win64; x64) AppleWebKit/537.36 (KHTML, like Gecko) Chrome/58.0.3029.110 Safari/537.3"
57.141.0.10 - - [19/Jan/2025:16:47:18 +0530] "GET /admin/upload/MrD(Copy)5(Copy).php?dir=%2F%2Fproc%2Fself%2Fmap_files&file=14a62769e000-14a6276c5000 HTTP/1.1" 403 - "-" "meta-externalagent/1.1 (+https://developers.facebook.com/docs/sharing/webmasters/crawler)"
107.148.43.51 - - [19/Jan/2025:16:47:20 +0530] "GET / HTTP/1.1" 403 - "https://aasthahealthplus.com" "Mozilla/5.0 (Windows NT 10.0; Win64; x64) AppleWebKit/537.36 (KHTML, like Gecko) Chrome/58.0.3029.110 Safari/537.3"
57.141.0.9 - - [19/Jan/2025:16:48:25 +0530] "GET /admin/upload/MrD(Copy)5(Copy).php?dir=%2F%2Fproc%2Fself%2Fmap_files&file=14e325149000-14e32514b000 HTTP/1.1" 403 - "-" "meta-externalagent/1.1 (+https://developers.facebook.com/docs/sharing/webmasters/crawler)"
57.141.0.29 - - [19/Jan/2025:16:49:31 +0530] "GET /admin/upload/MrD(Copy)5(Copy).php?dir=%2F%2Fproc%2Fself%2Fmap_files&file=149b5c7ca000-149b5c9ca000 HTTP/1.1" 403 - "-" "meta-externalagent/1.1 (+https://developers.facebook.com/docs/sharing/webmasters/crawler)"
57.141.0.6 - - [19/Jan/2025:16:50:38 +0530] "GET /admin/upload/MrD(Copy)5(Copy).php?dir=%2F%2Fproc%2Fself%2Fmap_files&file=14715e20e000-14715e211000 HTTP/1.1" 403 - "-" "meta-externalagent/1.1 (+https://developers.facebook.com/docs/sharing/webmasters/crawler)"
57.141.0.11 - - [19/Jan/2025:16:51:45 +0530] "GET /admin/upload/MrD(Copy)5(Copy).php?dir=%2F%2Fproc%2Fself%2Fmap_files&file=15369aee2000-15369b0af000 HTTP/1.1" 403 - "-" "meta-externalagent/1.1 (+https://developers.facebook.com/docs/sharing/webmasters/crawler)"
167.94.138.195 - - [19/Jan/2025:16:51:54 +0530] "GET / HTTP/1.1" 403 - "-" "Mozilla/5.0 (compatible; CensysInspect/1.1; +https://about.censys.io/)"
57.141.0.6 - - [19/Jan/2025:16:52:51 +0530] "GET /admin/upload/MrD(Copy)5(Copy).php?dir=%2F%2Fproc%2Fself%2Fmap_files&file=153e971b1000-153e9728b000 HTTP/1.1" 403 - "-" "meta-externalagent/1.1 (+https://developers.facebook.com/docs/sharing/webmasters/crawler)"
57.141.0.20 - - [19/Jan/2025:16:53:58 +0530] "GET /admin/upload/MrD(Copy)5(Copy).php?dir=%2F%2Fproc%2Fself%2Fmap_files&file=152923c46000-152923e45000 HTTP/1.1" 403 - "-" "meta-externalagent/1.1 (+https://developers.facebook.com/docs/sharing/webmasters/crawler)"
149.202.65.95 - - [19/Jan/2025:16:54:50 +0530] "GET / HTTP/1.1" 403 - "-" "python-requests/2.32.3"
57.141.0.4 - - [19/Jan/2025:16:55:05 +0530] "GET /admin/upload/MrD(Copy)5(Copy).php?dir=%2F%2Fproc%2Fself%2Fmap_files&file=147bba4ca000-147bba524000 HTTP/1.1" 403 - "-" "meta-externalagent/1.1 (+https://developers.facebook.com/docs/sharing/webmasters/crawler)"
57.141.0.4 - - [19/Jan/2025:16:56:11 +0530] "GET /admin/upload/MrD(Copy)5(Copy).php?dir=%2F%2Fproc%2Fself%2Fmap_files&file=151b9a236000-151b9a435000 HTTP/1.1" 403 - "-" "meta-externalagent/1.1 (+https://developers.facebook.com/docs/sharing/webmasters/crawler)"
57.141.0.4 - - [19/Jan/2025:16:57:18 +0530] "GET /admin/upload/MrD(Copy)5(Copy).php?dir=%2F%2Fproc%2Fself%2Fmap_files&file=147ff6370000-147ff64ed000 HTTP/1.1" 403 - "-" "meta-externalagent/1.1 (+https://developers.facebook.com/docs/sharing/webmasters/crawler)"
57.141.0.21 - - [19/Jan/2025:16:58:25 +0530] "GET /admin/upload/MrD(Copy)5(Copy).php?dir=%2F%2Fproc%2Fself%2Fmap_files&file=1522f191c000-1522f1920000 HTTP/1.1" 403 - "-" "meta-externalagent/1.1 (+https://developers.facebook.com/docs/sharing/webmasters/crawler)"
57.141.0.18 - - [19/Jan/2025:16:59:32 +0530] "GET /admin/upload/MrD(Copy)5(Copy).php?dir=%2F%2Fproc%2Fself%2Fmap_files&file=147a59d7c000-147a59f7b000 HTTP/1.1" 403 - "-" "meta-externalagent/1.1 (+https://developers.facebook.com/docs/sharing/webmasters/crawler)"
57.141.0.28 - - [19/Jan/2025:17:00:38 +0530] "GET /admin/upload/MrD(Copy)5(Copy).php?dir=%2F%2Fproc%2Fself%2Fmap_files&file=151a8b83f000-151a8b8c2000 HTTP/1.1" 403 - "-" "meta-externalagent/1.1 (+https://developers.facebook.com/docs/sharing/webmasters/crawler)"
57.141.0.8 - - [19/Jan/2025:17:01:45 +0530] "GET /admin/upload/MrD(Copy)5(Copy).php?dir=%2F%2Fproc%2Fself%2Fmap_files&file=152f763cc000-152f763cf000 HTTP/1.1" 403 - "-" "meta-externalagent/1.1 (+https://developers.facebook.com/docs/sharing/webmasters/crawler)"
52.167.144.198 - - [19/Jan/2025:17:02:43 +0530] "GET /sitemaps.xml HTTP/1.1" 403 - "-" "Mozilla/5.0 AppleWebKit/537.36 (KHTML, like Gecko; compatible; bingbot/2.0; +http://www.bing.com/bingbot.htm) Chrome/116.0.1938.76 Safari/537.36"
57.141.0.5 - - [19/Jan/2025:17:02:52 +0530] "GET /admin/upload/MrD(Copy)5(Copy).php?dir=%2F%2Fproc%2Fself%2Fmap_files&file=14715a880000-14715aa7f000 HTTP/1.1" 403 - "-" "meta-externalagent/1.1 (+https://developers.facebook.com/docs/sharing/webmasters/crawler)"
57.141.0.9 - - [19/Jan/2025:17:03:58 +0530] "GET /admin/upload/MrD(Copy)5(Copy).php?dir=%2F%2Fproc%2Fself%2Fmap_files&file=147cd4b52000-147cd4d51000 HTTP/1.1" 403 - "-" "meta-externalagent/1.1 (+https://developers.facebook.com/docs/sharing/webmasters/crawler)"
57.141.0.6 - - [19/Jan/2025:17:05:04 +0530] "GET /admin/upload/MrD(Copy)5(Copy).php?dir=%2F%2Fproc%2Fself%2Fmap_files&file=148a5af34000-148a5af35000 HTTP/1.1" 403 - "-" "meta-externalagent/1.1 (+https://developers.facebook.com/docs/sharing/webmasters/crawler)"
69.197.182.50 - - [19/Jan/2025:17:06:08 +0530] "GET /wp-content/edit.php HTTP/1.1" 403 - "https://aasthahealthplus.com/wp-content/edit.php" "Mozilla/5.0 (Windows NT 10.0; Win64; x64) AppleWebKit/537.36 (KHTML, like Gecko) Chrome/58.0.3029.110 Safari/537.3"
69.197.182.50 - - [19/Jan/2025:17:06:08 +0530] "GET / HTTP/1.1" 403 - "https://aasthahealthplus.com" "Mozilla/5.0 (Windows NT 10.0; Win64; x64) AppleWebKit/537.36 (KHTML, like Gecko) Chrome/58.0.3029.110 Safari/537.3"
57.141.0.23 - - [19/Jan/2025:17:06:11 +0530] "GET /admin/upload/MrD(Copy)5(Copy).php?dir=%2F%2Fproc%2Fself%2Fmap_files&file=1530a34bc000-1530a34bd000 HTTP/1.1" 403 - "-" "meta-externalagent/1.1 (+https://developers.facebook.com/docs/sharing/webmasters/crawler)"
57.141.0.2 - - [19/Jan/2025:17:07:18 +0530] "GET /admin/upload/MrD(Copy)5(Copy).php?dir=%2F%2Fproc%2Fself%2Fmap_files&file=147e92dba000-147e92dc1000 HTTP/1.1" 403 - "-" "meta-externalagent/1.1 (+https://developers.facebook.com/docs/sharing/webmasters/crawler)"
57.141.0.14 - - [19/Jan/2025:17:08:25 +0530] "GET /admin/upload/MrD(Copy)5(Copy).php?dir=%2F%2Fproc%2Fself%2Fmap_files&file=14618b4ee000-1461934ee000 HTTP/1.1" 403 - "-" "meta-externalagent/1.1 (+https://developers.facebook.com/docs/sharing/webmasters/crawler)"
18.143.133.223 - - [19/Jan/2025:17:09:24 +0530] "GET //wp-includes/ID3/license.txt HTTP/1.1" 403 - "-" "Mozilla/5.0 (Windows NT 10.0; Win64; x64) AppleWebKit/537.36 (KHTML, like Gecko) Chrome/95.0.4638.69 Safari/537.36"
18.143.133.223 - - [19/Jan/2025:17:09:25 +0530] "GET //feed/ HTTP/1.1" 403 - "-" "Mozilla/5.0 (Windows NT 10.0; Win64; x64) AppleWebKit/537.36 (KHTML, like Gecko) Chrome/95.0.4638.69 Safari/537.36"
18.143.133.223 - - [19/Jan/2025:17:09:25 +0530] "GET //xmlrpc.php?rsd HTTP/1.1" 403 - "-" "Mozilla/5.0 (Windows NT 10.0; Win64; x64) AppleWebKit/537.36 (KHTML, like Gecko) Chrome/95.0.4638.69 Safari/537.36"
18.143.133.223 - - [19/Jan/2025:17:09:25 +0530] "GET //blog/wp-includes/wlwmanifest.xml HTTP/1.1" 403 - "-" "Mozilla/5.0 (Windows NT 10.0; Win64; x64) AppleWebKit/537.36 (KHTML, like Gecko) Chrome/95.0.4638.69 Safari/537.36"
18.143.133.223 - - [19/Jan/2025:17:09:25 +0530] "GET //web/wp-includes/wlwmanifest.xml HTTP/1.1" 403 - "-" "Mozilla/5.0 (Windows NT 10.0; Win64; x64) AppleWebKit/537.36 (KHTML, like Gecko) Chrome/95.0.4638.69 Safari/537.36"
18.143.133.223 - - [19/Jan/2025:17:09:26 +0530] "GET //wordpress/wp-includes/wlwmanifest.xml HTTP/1.1" 403 - "-" "Mozilla/5.0 (Windows NT 10.0; Win64; x64) AppleWebKit/537.36 (KHTML, like Gecko) Chrome/95.0.4638.69 Safari/537.36"
18.143.133.223 - - [19/Jan/2025:17:09:26 +0530] "GET //wp/wp-includes/wlwmanifest.xml HTTP/1.1" 403 - "-" "Mozilla/5.0 (Windows NT 10.0; Win64; x64) AppleWebKit/537.36 (KHTML, like Gecko) Chrome/95.0.4638.69 Safari/537.36"
18.143.133.223 - - [19/Jan/2025:17:09:26 +0530] "GET //2020/wp-includes/wlwmanifest.xml HTTP/1.1" 403 - "-" "Mozilla/5.0 (Windows NT 10.0; Win64; x64) AppleWebKit/537.36 (KHTML, like Gecko) Chrome/95.0.4638.69 Safari/537.36"
18.143.133.223 - - [19/Jan/2025:17:09:26 +0530] "GET //2019/wp-includes/wlwmanifest.xml HTTP/1.1" 403 - "-" "Mozilla/5.0 (Windows NT 10.0; Win64; x64) AppleWebKit/537.36 (KHTML, like Gecko) Chrome/95.0.4638.69 Safari/537.36"
18.143.133.223 - - [19/Jan/2025:17:09:27 +0530] "GET //2021/wp-includes/wlwmanifest.xml HTTP/1.1" 403 - "-" "Mozilla/5.0 (Windows NT 10.0; Win64; x64) AppleWebKit/537.36 (KHTML, like Gecko) Chrome/95.0.4638.69 Safari/537.36"
18.143.133.223 - - [19/Jan/2025:17:09:27 +0530] "GET //shop/wp-includes/wlwmanifest.xml HTTP/1.1" 403 - "-" "Mozilla/5.0 (Windows NT 10.0; Win64; x64) AppleWebKit/537.36 (KHTML, like Gecko) Chrome/95.0.4638.69 Safari/537.36"
18.143.133.223 - - [19/Jan/2025:17:09:27 +0530] "GET //wp1/wp-includes/wlwmanifest.xml HTTP/1.1" 403 - "-" "Mozilla/5.0 (Windows NT 10.0; Win64; x64) AppleWebKit/537.36 (KHTML, like Gecko) Chrome/95.0.4638.69 Safari/537.36"
18.143.133.223 - - [19/Jan/2025:17:09:28 +0530] "GET //test/wp-includes/wlwmanifest.xml HTTP/1.1" 403 - "-" "Mozilla/5.0 (Windows NT 10.0; Win64; x64) AppleWebKit/537.36 (KHTML, like Gecko) Chrome/95.0.4638.69 Safari/537.36"
18.143.133.223 - - [19/Jan/2025:17:09:28 +0530] "GET //site/wp-includes/wlwmanifest.xml HTTP/1.1" 403 - "-" "Mozilla/5.0 (Windows NT 10.0; Win64; x64) AppleWebKit/537.36 (KHTML, like Gecko) Chrome/95.0.4638.69 Safari/537.36"
18.143.133.223 - - [19/Jan/2025:17:09:28 +0530] "GET //cms/wp-includes/wlwmanifest.xml HTTP/1.1" 403 - "-" "Mozilla/5.0 (Windows NT 10.0; Win64; x64) AppleWebKit/537.36 (KHTML, like Gecko) Chrome/95.0.4638.69 Safari/537.36"
57.141.0.16 - - [19/Jan/2025:17:09:31 +0530] "GET /admin/upload/MrD(Copy)5(Copy).php?dir=%2F%2Fproc%2Fself%2Fmap_files&file=151c7146f000-151c7166f000 HTTP/1.1" 403 - "-" "meta-externalagent/1.1 (+https://developers.facebook.com/docs/sharing/webmasters/crawler)"
57.141.0.10 - - [19/Jan/2025:17:10:38 +0530] "GET /admin/upload/MrD(Copy)5(Copy).php?dir=%2Fhome%2Fimportfo%2Fpublic_html%2Fvcare%2Fimages%2Fflat-color-icons-svg&file=trademark.svg HTTP/1.1" 403 - "-" "meta-externalagent/1.1 (+https://developers.facebook.com/docs/sharing/webmasters/crawler)"
57.141.0.14 - - [19/Jan/2025:17:11:44 +0530] "GET /admin/upload/MrD(Copy)5(Copy).php?dir=%2F%2Fproc%2Fself%2Fmap_files&file=15518c52b000-15518c636000 HTTP/1.1" 403 - "-" "meta-externalagent/1.1 (+https://developers.facebook.com/docs/sharing/webmasters/crawler)"
57.141.0.22 - - [19/Jan/2025:17:12:52 +0530] "GET /admin/upload/MrD(Copy)5(Copy).php?dir=%2F%2Fproc%2Fself%2Fmap_files&file=147a44de5000-147a44deb000 HTTP/1.1" 403 - "-" "meta-externalagent/1.1 (+https://developers.facebook.com/docs/sharing/webmasters/crawler)"
57.141.0.10 - - [19/Jan/2025:17:13:58 +0530] "GET /admin/upload/MrD(Copy)5(Copy).php?dir=%2F%2Fproc%2Fself%2Fmap_files&file=147b793ac000-147b813ac000 HTTP/1.1" 403 - "-" "meta-externalagent/1.1 (+https://developers.facebook.com/docs/sharing/webmasters/crawler)"
57.141.0.3 - - [19/Jan/2025:17:15:05 +0530] "GET /admin/upload/MrD(Copy)5(Copy).php?dir=%2F%2Fproc%2Fself%2Fmap_files&file=1553eaaf1000-1553eacf0000 HTTP/1.1" 403 - "-" "meta-externalagent/1.1 (+https://developers.facebook.com/docs/sharing/webmasters/crawler)"
57.141.0.14 - - [19/Jan/2025:17:16:11 +0530] "GET /admin/upload/MrD(Copy)5(Copy).php?dir=%2F%2Fproc%2Fself%2Fmap_files&file=147cc88e1000-147cc88e2000 HTTP/1.1" 403 - "-" "meta-externalagent/1.1 (+https://developers.facebook.com/docs/sharing/webmasters/crawler)"
57.141.0.21 - - [19/Jan/2025:17:17:18 +0530] "GET /admin/upload/MrD(Copy)5(Copy).php?dir=%2F%2Fproc%2Fself%2Fmap_files&file=1520b4fda000-1520b4fe1000 HTTP/1.1" 403 - "-" "meta-externalagent/1.1 (+https://developers.facebook.com/docs/sharing/webmasters/crawler)"
57.141.0.28 - - [19/Jan/2025:17:18:25 +0530] "GET /admin/upload/MrD(Copy)5(Copy).php?dir=%2F%2Fproc%2Fself%2Fmap_files&file=1482b90ad000-1482b92ad000 HTTP/1.1" 403 - "-" "meta-externalagent/1.1 (+https://developers.facebook.com/docs/sharing/webmasters/crawler)"
57.141.0.15 - - [19/Jan/2025:17:19:31 +0530] "GET /admin/upload/MrD(Copy)5(Copy).php?dir=%2F%2Fproc%2Fself%2Fmap_files&file=14743f7e4000-14743f9e3000 HTTP/1.1" 403 - "-" "meta-externalagent/1.1 (+https://developers.facebook.com/docs/sharing/webmasters/crawler)"
57.141.0.21 - - [19/Jan/2025:17:20:38 +0530] "GET /admin/upload/MrD(Copy)5(Copy).php?dir=%2F%2Fproc%2Fself%2Fmap_files&file=151a73cdf000-151a73edf000 HTTP/1.1" 403 - "-" "meta-externalagent/1.1 (+https://developers.facebook.com/docs/sharing/webmasters/crawler)"
57.141.0.8 - - [19/Jan/2025:17:21:45 +0530] "GET /admin/upload/MrD(Copy)5(Copy).php?dir=%2F%2Fproc%2Fself%2Fmap_files&file=147358680000-14735887f000 HTTP/1.1" 403 - "-" "meta-externalagent/1.1 (+https://developers.facebook.com/docs/sharing/webmasters/crawler)"
57.141.0.14 - - [19/Jan/2025:17:22:52 +0530] "GET /admin/upload/MrD(Copy)5(Copy).php?dir=%2F%2Fproc%2Fself%2Fmap_files&file=151ec8137000-151ec8138000 HTTP/1.1" 403 - "-" "meta-externalagent/1.1 (+https://developers.facebook.com/docs/sharing/webmasters/crawler)"
57.141.0.10 - - [19/Jan/2025:17:23:58 +0530] "GET /admin/upload/MrD(Copy)5(Copy).php?dir=%2F%2Fproc%2Fself%2Fmap_files&file=1548a95f3000-1548a95fa000 HTTP/1.1" 403 - "-" "meta-externalagent/1.1 (+https://developers.facebook.com/docs/sharing/webmasters/crawler)"
57.141.0.29 - - [19/Jan/2025:17:25:05 +0530] "GET /admin/upload/MrD(Copy)5(Copy).php?dir=%2F%2Fproc%2Fself%2Fmap_files&file=148b9143c000-148b91599000 HTTP/1.1" 403 - "-" "meta-externalagent/1.1 (+https://developers.facebook.com/docs/sharing/webmasters/crawler)"
104.219.214.16 - - [19/Jan/2025:17:26:01 +0530] "GET /wp-content/edit.php HTTP/1.1" 403 - "https://aasthahealthplus.com/wp-content/edit.php" "Mozilla/5.0 (Windows NT 10.0; Win64; x64) AppleWebKit/537.36 (KHTML, like Gecko) Chrome/58.0.3029.110 Safari/537.3"
104.219.214.16 - - [19/Jan/2025:17:26:05 +0530] "GET / HTTP/1.1" 403 - "https://aasthahealthplus.com" "Mozilla/5.0 (Windows NT 10.0; Win64; x64) AppleWebKit/537.36 (KHTML, like Gecko) Chrome/58.0.3029.110 Safari/537.3"
57.141.0.3 - - [19/Jan/2025:17:26:11 +0530] "GET /admin/upload/MrD(Copy)5(Copy).php?dir=%2F%2Fproc%2Fself%2Fmap_files&file=1479a3bd1000-1479a3bd3000 HTTP/1.1" 403 - "-" "meta-externalagent/1.1 (+https://developers.facebook.com/docs/sharing/webmasters/crawler)"
57.141.0.7 - - [19/Jan/2025:17:27:18 +0530] "GET /admin/upload/MrD(Copy)5(Copy).php?dir=%2F%2Fproc%2Fself%2Fmap_files&file=152f2e080000-152f2e107000 HTTP/1.1" 403 - "-" "meta-externalagent/1.1 (+https://developers.facebook.com/docs/sharing/webmasters/crawler)"
57.141.0.27 - - [19/Jan/2025:17:28:25 +0530] "GET /admin/upload/MrD(Copy)5(Copy).php?dir=%2F%2Fproc%2Fself%2Fmap_files&file=147159c8b000-147159c94000 HTTP/1.1" 403 - "-" "meta-externalagent/1.1 (+https://developers.facebook.com/docs/sharing/webmasters/crawler)"
57.141.0.14 - - [19/Jan/2025:17:29:31 +0530] "GET /admin/upload/MrD(Copy)5(Copy).php?dir=%2F%2Fproc%2Fself%2Fmap_files&file=147fa77a5000-147fa77a6000 HTTP/1.1" 403 - "-" "meta-externalagent/1.1 (+https://developers.facebook.com/docs/sharing/webmasters/crawler)"
57.141.0.8 - - [19/Jan/2025:17:30:39 +0530] "GET /admin/upload/MrD(Copy)5(Copy).php?dir=%2F%2Fproc%2Fself%2Fmap_files&file=151af1089000-151af1288000 HTTP/1.1" 403 - "-" "meta-externalagent/1.1 (+https://developers.facebook.com/docs/sharing/webmasters/crawler)"
57.141.0.10 - - [19/Jan/2025:17:31:45 +0530] "GET /admin/upload/MrD(Copy)5(Copy).php?dir=%2F%2Fproc%2Fself%2Fmap_files&file=146d1609e000-146d161f2000 HTTP/1.1" 403 - "-" "meta-externalagent/1.1 (+https://developers.facebook.com/docs/sharing/webmasters/crawler)"
57.141.0.20 - - [19/Jan/2025:17:32:51 +0530] "GET /admin/upload/MrD(Copy)5(Copy).php?dir=%2F%2Fproc%2Fself%2Fmap_files&file=147197474000-147197475000 HTTP/1.1" 403 - "-" "meta-externalagent/1.1 (+https://developers.facebook.com/docs/sharing/webmasters/crawler)"
57.141.0.24 - - [19/Jan/2025:17:33:58 +0530] "GET /admin/upload/MrD(Copy)5(Copy).php?dir=%2F%2Fproc%2Fself%2Fmap_files&file=1520ea000000-1520ea200000 HTTP/1.1" 403 - "-" "meta-externalagent/1.1 (+https://developers.facebook.com/docs/sharing/webmasters/crawler)"
57.141.0.3 - - [19/Jan/2025:17:35:05 +0530] "GET /admin/upload/MrD(Copy)5(Copy).php?dir=%2F%2Fproc%2Fself%2Fmap_files&file=149bca7c1000-149bca7c4000 HTTP/1.1" 403 - "-" "meta-externalagent/1.1 (+https://developers.facebook.com/docs/sharing/webmasters/crawler)"
57.141.0.15 - - [19/Jan/2025:17:36:11 +0530] "GET /admin/upload/MrD(Copy)5(Copy).php?dir=%2F%2Fproc%2Fself%2Fmap_files&file=147a5c239000-147a5c247000 HTTP/1.1" 403 - "-" "meta-externalagent/1.1 (+https://developers.facebook.com/docs/sharing/webmasters/crawler)"
57.141.0.11 - - [19/Jan/2025:17:37:18 +0530] "GET /admin/upload/MrD(Copy)5(Copy).php?dir=%2F%2Fproc%2Fself%2Fmap_files&file=1548a2f8b000-1548a2f9b000 HTTP/1.1" 403 - "-" "meta-externalagent/1.1 (+https://developers.facebook.com/docs/sharing/webmasters/crawler)"
57.141.0.20 - - [19/Jan/2025:17:38:25 +0530] "GET /admin/upload/MrD(Copy)5(Copy).php?dir=%2F%2Fproc%2Fself%2Fmap_files&file=14729fad8000-14729fad9000 HTTP/1.1" 403 - "-" "meta-externalagent/1.1 (+https://developers.facebook.com/docs/sharing/webmasters/crawler)"
37.60.255.55 - - [19/Jan/2025:17:38:54 +0530] "GET / HTTP/1.1" 403 - "-" "python-requests/2.32.3"
66.249.66.82 - - [19/Jan/2025:17:38:57 +0530] "GET /robots.txt HTTP/1.1" 403 - "-" "Mozilla/5.0 (compatible; Googlebot/2.1; +http://www.google.com/bot.html)"
66.249.66.80 - - [19/Jan/2025:17:38:58 +0530] "GET /000762873236405.html HTTP/1.1" 403 - "-" "Mozilla/5.0 (Linux; Android 6.0.1; Nexus 5X Build/MMB29P) AppleWebKit/537.36 (KHTML, like Gecko) Chrome/132.0.6834.83 Mobile Safari/537.36 (compatible; Googlebot/2.1; +http://www.google.com/bot.html)"
57.141.0.24 - - [19/Jan/2025:17:39:31 +0530] "GET /admin/upload/MrD(Copy)5(Copy).php?dir=%2F%2Fproc%2Fself%2Fmap_files&file=15482e39f000-15482e3a0000 HTTP/1.1" 403 - "-" "meta-externalagent/1.1 (+https://developers.facebook.com/docs/sharing/webmasters/crawler)"
57.141.0.6 - - [19/Jan/2025:17:40:39 +0530] "GET /admin/upload/MrD(Copy)5(Copy).php?dir=%2F%2Fproc%2Fself%2Fmap_files&file=15121e3c5000-15121e3c6000 HTTP/1.1" 403 - "-" "meta-externalagent/1.1 (+https://developers.facebook.com/docs/sharing/webmasters/crawler)"
57.141.0.7 - - [19/Jan/2025:17:41:46 +0530] "GET /admin/upload/MrD(Copy)5(Copy).php?dir=%2F%2Fproc%2Fself%2Fmap_files&file=149b86032000-149b86035000 HTTP/1.1" 403 - "-" "meta-externalagent/1.1 (+https://developers.facebook.com/docs/sharing/webmasters/crawler)"
57.141.0.3 - - [19/Jan/2025:17:42:51 +0530] "GET /admin/upload/MrD(Copy)5(Copy).php?dir=%2F%2Fproc%2Fself%2Fmap_files&file=1552f26d1000-1552f26fa000 HTTP/1.1" 403 - "-" "meta-externalagent/1.1 (+https://developers.facebook.com/docs/sharing/webmasters/crawler)"
57.141.0.18 - - [19/Jan/2025:17:43:58 +0530] "GET /admin/upload/MrD(Copy)5(Copy).php?dir=%2F%2Fproc%2Fself%2Fmap_files&file=148a677b5000-148a679b4000 HTTP/1.1" 403 - "-" "meta-externalagent/1.1 (+https://developers.facebook.com/docs/sharing/webmasters/crawler)"
57.141.0.4 - - [19/Jan/2025:17:45:05 +0530] "GET /admin/upload/MrD(Copy)5(Copy).php?dir=%2F%2Fproc%2Fself%2Fmap_files&file=14cb37ede000-14cb37edf000 HTTP/1.1" 403 - "-" "meta-externalagent/1.1 (+https://developers.facebook.com/docs/sharing/webmasters/crawler)"
57.141.0.7 - - [19/Jan/2025:17:46:12 +0530] "GET /admin/upload/MrD(Copy)5(Copy).php?dir=%2F%2Fproc%2Fself%2Fmap_files&file=1490e55d9000-1490e5660000 HTTP/1.1" 403 - "-" "meta-externalagent/1.1 (+https://developers.facebook.com/docs/sharing/webmasters/crawler)"
107.148.30.57 - - [19/Jan/2025:17:46:27 +0530] "GET /wp-content/edit.php HTTP/1.1" 403 - "https://aasthahealthplus.com/wp-content/edit.php" "Mozilla/5.0 (Windows NT 10.0; Win64; x64) AppleWebKit/537.36 (KHTML, like Gecko) Chrome/58.0.3029.110 Safari/537.3"
107.148.30.57 - - [19/Jan/2025:17:46:29 +0530] "GET / HTTP/1.1" 403 - "https://aasthahealthplus.com" "Mozilla/5.0 (Windows NT 10.0; Win64; x64) AppleWebKit/537.36 (KHTML, like Gecko) Chrome/58.0.3029.110 Safari/537.3"
142.93.139.124 - - [19/Jan/2025:17:47:16 +0530] "GET / HTTP/1.1" 403 - "-" "Mozilla/5.0 (compatible)"
142.93.139.124 - - [19/Jan/2025:17:47:16 +0530] "GET /favicon.ico HTTP/1.1" 403 - "https://aasthahealthplus.com/" "Mozilla/5.0 (compatible)"
57.141.0.27 - - [19/Jan/2025:17:47:18 +0530] "GET /admin/upload/MrD(Copy)5(Copy).php?dir=%2F%2Fproc%2Fself%2Fmap_files&file=147fa3daf000-147fa3faf000 HTTP/1.1" 403 - "-" "meta-externalagent/1.1 (+https://developers.facebook.com/docs/sharing/webmasters/crawler)"
57.141.0.4 - - [19/Jan/2025:17:48:25 +0530] "GET /admin/upload/MrD(Copy)5(Copy).php?dir=%2F%2Fproc%2Fself%2Fmap_files&file=14715b2b2000-14715b2db000 HTTP/1.1" 403 - "-" "meta-externalagent/1.1 (+https://developers.facebook.com/docs/sharing/webmasters/crawler)"
57.141.0.6 - - [19/Jan/2025:17:49:31 +0530] "GET /admin/upload/MrD(Copy)5(Copy).php?dir=%2F%2Fproc%2Fself%2Fmap_files&file=1520cf895000-1520cf89c000 HTTP/1.1" 403 - "-" "meta-externalagent/1.1 (+https://developers.facebook.com/docs/sharing/webmasters/crawler)"
57.141.0.5 - - [19/Jan/2025:17:50:38 +0530] "GET /admin/upload/MrD(Copy)5(Copy).php?dir=%2F%2Fproc%2Fself%2Fmap_files&file=14ffb4a50000-14ffb4a51000 HTTP/1.1" 403 - "-" "meta-externalagent/1.1 (+https://developers.facebook.com/docs/sharing/webmasters/crawler)"
57.141.0.3 - - [19/Jan/2025:17:51:45 +0530] "GET /admin/upload/MrD(Copy)5(Copy).php?dir=%2F%2Fproc%2Fself%2Fmap_files&file=151b6adc8000-151b6ae4f000 HTTP/1.1" 403 - "-" "meta-externalagent/1.1 (+https://developers.facebook.com/docs/sharing/webmasters/crawler)"
57.141.0.1 - - [19/Jan/2025:17:52:51 +0530] "GET /admin/upload/MrD(Copy)5(Copy).php?dir=%2F%2Fproc%2Fself%2Fmap_files&file=1552a8e6c000-1552a8e9e000 HTTP/1.1" 403 - "-" "meta-externalagent/1.1 (+https://developers.facebook.com/docs/sharing/webmasters/crawler)"
57.141.0.1 - - [19/Jan/2025:17:53:59 +0530] "GET /admin/upload/MrD(Copy)5(Copy).php?dir=%2F%2Fproc%2Fself%2Fmap_files&file=14749a61f000-14749a665000 HTTP/1.1" 403 - "-" "meta-externalagent/1.1 (+https://developers.facebook.com/docs/sharing/webmasters/crawler)"
173.252.107.16 - - [19/Jan/2025:17:55:05 +0530] "GET /robots.txt HTTP/1.1" 403 - "-" "facebookexternalhit/1.1 (+http://www.facebook.com/externalhit_uatext.php)"
57.141.0.1 - - [19/Jan/2025:17:55:05 +0530] "GET /admin/upload/MrD(Copy)5(Copy).php?dir=%2F%2Fproc%2Fself%2Fmap_files&file=147f68d92000-147f70d92000 HTTP/1.1" 403 - "-" "meta-externalagent/1.1 (+https://developers.facebook.com/docs/sharing/webmasters/crawler)"
57.141.0.15 - - [19/Jan/2025:17:56:12 +0530] "GET /admin/upload/MrD(Copy)5(Copy).php?dir=%2F%2Fproc%2Fself%2Fmap_files&file=147defdf2000-147defdf8000 HTTP/1.1" 403 - "-" "meta-externalagent/1.1 (+https://developers.facebook.com/docs/sharing/webmasters/crawler)"
57.141.0.16 - - [19/Jan/2025:17:57:19 +0530] "GET /admin/upload/MrD(Copy)5(Copy).php?dir=%2F%2Fproc%2Fself%2Fmap_files&file=152dcd3fb000-152dcd41a000 HTTP/1.1" 403 - "-" "meta-externalagent/1.1 (+https://developers.facebook.com/docs/sharing/webmasters/crawler)"
57.141.0.28 - - [19/Jan/2025:17:58:25 +0530] "GET /admin/upload/MrD(Copy)5(Copy).php?dir=%2F%2Fproc%2Fself%2Fmap_files&file=15121236b000-15121238a000 HTTP/1.1" 403 - "-" "meta-externalagent/1.1 (+https://developers.facebook.com/docs/sharing/webmasters/crawler)"
57.141.0.12 - - [19/Jan/2025:17:59:32 +0530] "GET /admin/upload/MrD(Copy)5(Copy).php?dir=%2F%2Fproc%2Fself%2Fmap_files&file=151c6e4ca000-151c6e6c9000 HTTP/1.1" 403 - "-" "meta-externalagent/1.1 (+https://developers.facebook.com/docs/sharing/webmasters/crawler)"
57.141.0.6 - - [19/Jan/2025:18:00:38 +0530] "GET /admin/upload/MrD(Copy)5(Copy).php?dir=%2F%2Fproc%2Fself%2Fmap_files&file=151c636f2000-151c636fd000 HTTP/1.1" 403 - "-" "meta-externalagent/1.1 (+https://developers.facebook.com/docs/sharing/webmasters/crawler)"
57.141.0.4 - - [19/Jan/2025:18:01:45 +0530] "GET /admin/upload/MrD(Copy)5(Copy).php?dir=%2F%2Fproc%2Fself%2Fmap_files&file=147a3373c000-147a3393b000 HTTP/1.1" 403 - "-" "meta-externalagent/1.1 (+https://developers.facebook.com/docs/sharing/webmasters/crawler)"
57.141.0.19 - - [19/Jan/2025:18:02:52 +0530] "GET /admin/upload/MrD(Copy)5(Copy).php?dir=%2F%2Fproc%2Fself%2Fmap_files&file=147b3f1ba000-147b3f1bc000 HTTP/1.1" 403 - "-" "meta-externalagent/1.1 (+https://developers.facebook.com/docs/sharing/webmasters/crawler)"
57.141.0.15 - - [19/Jan/2025:18:03:58 +0530] "GET /admin/upload/MrD(Copy)5(Copy).php?dir=%2F%2Fproc%2Fself%2Fmap_files&file=1543ba338000-1543ba339000 HTTP/1.1" 403 - "-" "meta-externalagent/1.1 (+https://developers.facebook.com/docs/sharing/webmasters/crawler)"
57.141.0.20 - - [19/Jan/2025:18:05:05 +0530] "GET /admin/upload/MrD(Copy)5(Copy).php?dir=%2F%2Fproc%2Fself%2Fmap_files&file=148a6428d000-148a6428e000 HTTP/1.1" 403 - "-" "meta-externalagent/1.1 (+https://developers.facebook.com/docs/sharing/webmasters/crawler)"
107.148.95.76 - - [19/Jan/2025:18:05:40 +0530] "GET /wp-content/edit.php HTTP/1.1" 403 - "https://aasthahealthplus.com/wp-content/edit.php" "Mozilla/5.0 (Windows NT 10.0; Win64; x64) AppleWebKit/537.36 (KHTML, like Gecko) Chrome/58.0.3029.110 Safari/537.3"
107.148.95.76 - - [19/Jan/2025:18:05:46 +0530] "GET / HTTP/1.1" 403 - "https://aasthahealthplus.com" "Mozilla/5.0 (Windows NT 10.0; Win64; x64) AppleWebKit/537.36 (KHTML, like Gecko) Chrome/58.0.3029.110 Safari/537.3"
57.141.0.2 - - [19/Jan/2025:18:06:12 +0530] "GET /admin/upload/MrD(Copy)5(Copy).php?dir=%2F%2Fproc%2Fself%2Fmap_files&file=14824520d000-14824520e000 HTTP/1.1" 403 - "-" "meta-externalagent/1.1 (+https://developers.facebook.com/docs/sharing/webmasters/crawler)"
57.141.0.9 - - [19/Jan/2025:18:07:18 +0530] "GET /admin/upload/MrD(Copy)5(Copy).php?dir=%2F%2Fproc%2Fself%2Fmap_files&file=1520d350b000-1520d3519000 HTTP/1.1" 403 - "-" "meta-externalagent/1.1 (+https://developers.facebook.com/docs/sharing/webmasters/crawler)"
57.141.0.29 - - [19/Jan/2025:18:08:25 +0530] "GET /admin/upload/MrD(Copy)5(Copy).php?dir=%2F%2Fproc%2Fself%2Fmap_files&file=152a73349000-152a7334b000 HTTP/1.1" 403 - "-" "meta-externalagent/1.1 (+https://developers.facebook.com/docs/sharing/webmasters/crawler)"
18.143.133.223 - - [19/Jan/2025:18:09:31 +0530] "GET //wp-includes/ID3/license.txt HTTP/1.1" 403 - "-" "Mozilla/5.0 (Windows NT 10.0; Win64; x64) AppleWebKit/537.36 (KHTML, like Gecko) Chrome/95.0.4638.69 Safari/537.36"
18.143.133.223 - - [19/Jan/2025:18:09:31 +0530] "GET //feed/ HTTP/1.1" 403 - "-" "Mozilla/5.0 (Windows NT 10.0; Win64; x64) AppleWebKit/537.36 (KHTML, like Gecko) Chrome/95.0.4638.69 Safari/537.36"
18.143.133.223 - - [19/Jan/2025:18:09:31 +0530] "GET //xmlrpc.php?rsd HTTP/1.1" 403 - "-" "Mozilla/5.0 (Windows NT 10.0; Win64; x64) AppleWebKit/537.36 (KHTML, like Gecko) Chrome/95.0.4638.69 Safari/537.36"
57.141.0.29 - - [19/Jan/2025:18:09:32 +0530] "GET /admin/upload/MrD(Copy)5(Copy).php?dir=%2F%2Fproc%2Fself%2Fmap_files&file=149f107bb000-149f107c5000 HTTP/1.1" 403 - "-" "meta-externalagent/1.1 (+https://developers.facebook.com/docs/sharing/webmasters/crawler)"
18.143.133.223 - - [19/Jan/2025:18:09:32 +0530] "GET //blog/wp-includes/wlwmanifest.xml HTTP/1.1" 403 - "-" "Mozilla/5.0 (Windows NT 10.0; Win64; x64) AppleWebKit/537.36 (KHTML, like Gecko) Chrome/95.0.4638.69 Safari/537.36"
18.143.133.223 - - [19/Jan/2025:18:09:32 +0530] "GET //web/wp-includes/wlwmanifest.xml HTTP/1.1" 403 - "-" "Mozilla/5.0 (Windows NT 10.0; Win64; x64) AppleWebKit/537.36 (KHTML, like Gecko) Chrome/95.0.4638.69 Safari/537.36"
18.143.133.223 - - [19/Jan/2025:18:09:32 +0530] "GET //wordpress/wp-includes/wlwmanifest.xml HTTP/1.1" 403 - "-" "Mozilla/5.0 (Windows NT 10.0; Win64; x64) AppleWebKit/537.36 (KHTML, like Gecko) Chrome/95.0.4638.69 Safari/537.36"
18.143.133.223 - - [19/Jan/2025:18:09:32 +0530] "GET //wp/wp-includes/wlwmanifest.xml HTTP/1.1" 403 - "-" "Mozilla/5.0 (Windows NT 10.0; Win64; x64) AppleWebKit/537.36 (KHTML, like Gecko) Chrome/95.0.4638.69 Safari/537.36"
18.143.133.223 - - [19/Jan/2025:18:09:33 +0530] "GET //2020/wp-includes/wlwmanifest.xml HTTP/1.1" 403 - "-" "Mozilla/5.0 (Windows NT 10.0; Win64; x64) AppleWebKit/537.36 (KHTML, like Gecko) Chrome/95.0.4638.69 Safari/537.36"
18.143.133.223 - - [19/Jan/2025:18:09:33 +0530] "GET //2019/wp-includes/wlwmanifest.xml HTTP/1.1" 403 - "-" "Mozilla/5.0 (Windows NT 10.0; Win64; x64) AppleWebKit/537.36 (KHTML, like Gecko) Chrome/95.0.4638.69 Safari/537.36"
18.143.133.223 - - [19/Jan/2025:18:09:33 +0530] "GET //2021/wp-includes/wlwmanifest.xml HTTP/1.1" 403 - "-" "Mozilla/5.0 (Windows NT 10.0; Win64; x64) AppleWebKit/537.36 (KHTML, like Gecko) Chrome/95.0.4638.69 Safari/537.36"
18.143.133.223 - - [19/Jan/2025:18:09:33 +0530] "GET //shop/wp-includes/wlwmanifest.xml HTTP/1.1" 403 - "-" "Mozilla/5.0 (Windows NT 10.0; Win64; x64) AppleWebKit/537.36 (KHTML, like Gecko) Chrome/95.0.4638.69 Safari/537.36"
18.143.133.223 - - [19/Jan/2025:18:09:34 +0530] "GET //wp1/wp-includes/wlwmanifest.xml HTTP/1.1" 403 - "-" "Mozilla/5.0 (Windows NT 10.0; Win64; x64) AppleWebKit/537.36 (KHTML, like Gecko) Chrome/95.0.4638.69 Safari/537.36"
18.143.133.223 - - [19/Jan/2025:18:09:34 +0530] "GET //test/wp-includes/wlwmanifest.xml HTTP/1.1" 403 - "-" "Mozilla/5.0 (Windows NT 10.0; Win64; x64) AppleWebKit/537.36 (KHTML, like Gecko) Chrome/95.0.4638.69 Safari/537.36"
18.143.133.223 - - [19/Jan/2025:18:09:34 +0530] "GET //site/wp-includes/wlwmanifest.xml HTTP/1.1" 403 - "-" "Mozilla/5.0 (Windows NT 10.0; Win64; x64) AppleWebKit/537.36 (KHTML, like Gecko) Chrome/95.0.4638.69 Safari/537.36"
18.143.133.223 - - [19/Jan/2025:18:09:35 +0530] "GET //cms/wp-includes/wlwmanifest.xml HTTP/1.1" 403 - "-" "Mozilla/5.0 (Windows NT 10.0; Win64; x64) AppleWebKit/537.36 (KHTML, like Gecko) Chrome/95.0.4638.69 Safari/537.36"
57.141.0.7 - - [19/Jan/2025:18:10:38 +0530] "GET /admin/upload/MrD(Copy)5(Copy).php?dir=%2F%2Fproc%2Fself%2Fmap_files&file=152a60a5a000-152a60c59000 HTTP/1.1" 403 - "-" "meta-externalagent/1.1 (+https://developers.facebook.com/docs/sharing/webmasters/crawler)"
57.141.0.2 - - [19/Jan/2025:18:11:44 +0530] "GET /admin/upload/MrD(Copy)5(Copy).php?dir=%2F%2Fproc%2Fself%2Fmap_files&file=14748fded000-14748fdee000 HTTP/1.1" 403 - "-" "meta-externalagent/1.1 (+https://developers.facebook.com/docs/sharing/webmasters/crawler)"
57.141.0.7 - - [19/Jan/2025:18:12:52 +0530] "GET /admin/upload/MrD(Copy)5(Copy).php?dir=%2F%2Fproc%2Fself%2Fmap_files&file=14722fb8c000-14722fbd2000 HTTP/1.1" 403 - "-" "meta-externalagent/1.1 (+https://developers.facebook.com/docs/sharing/webmasters/crawler)"
57.141.0.12 - - [19/Jan/2025:18:13:59 +0530] "GET /admin/upload/MrD(Copy)5(Copy).php?dir=%2F%2Fproc%2Fself%2Fmap_files&file=1529af8b8000-1529af8f6000 HTTP/1.1" 403 - "-" "meta-externalagent/1.1 (+https://developers.facebook.com/docs/sharing/webmasters/crawler)"
57.141.0.5 - - [19/Jan/2025:18:15:06 +0530] "GET /admin/upload/MrD(Copy)5(Copy).php?dir=%2F%2Fproc%2Fself%2Fmap_files&file=14cb87572000-14cb87772000 HTTP/1.1" 403 - "-" "meta-externalagent/1.1 (+https://developers.facebook.com/docs/sharing/webmasters/crawler)"
57.141.0.27 - - [19/Jan/2025:18:16:13 +0530] "GET /admin/upload/MrD(Copy)5(Copy).php?dir=%2F%2Fproc%2Fself%2Fmap_files&file=147b60796000-147b60a48000 HTTP/1.1" 403 - "-" "meta-externalagent/1.1 (+https://developers.facebook.com/docs/sharing/webmasters/crawler)"
57.141.0.2 - - [19/Jan/2025:18:17:18 +0530] "GET /admin/upload/MrD(Copy)5(Copy).php?dir=%2F%2Fproc%2Fself%2Fmap_files&file=151b36276000-151b36476000 HTTP/1.1" 403 - "-" "meta-externalagent/1.1 (+https://developers.facebook.com/docs/sharing/webmasters/crawler)"
57.141.0.2 - - [19/Jan/2025:18:18:25 +0530] "GET /admin/upload/MrD(Copy)5(Copy).php?dir=%2F%2Fproc%2Fself%2Fmap_files&file=1554b7110000-1554b7111000 HTTP/1.1" 403 - "-" "meta-externalagent/1.1 (+https://developers.facebook.com/docs/sharing/webmasters/crawler)"
57.141.0.27 - - [19/Jan/2025:18:19:32 +0530] "GET /admin/upload/MrD(Copy)5(Copy).php?dir=%2F%2Fproc%2Fself%2Fmap_files&file=147e972d3000-147e974d2000 HTTP/1.1" 403 - "-" "meta-externalagent/1.1 (+https://developers.facebook.com/docs/sharing/webmasters/crawler)"
57.141.0.21 - - [19/Jan/2025:18:20:38 +0530] "GET /admin/upload/MrD(Copy)5(Copy).php?dir=%2F%2Fproc%2Fself%2Fmap_files&file=147f90829000-147f90832000 HTTP/1.1" 403 - "-" "meta-externalagent/1.1 (+https://developers.facebook.com/docs/sharing/webmasters/crawler)"
57.141.0.9 - - [19/Jan/2025:18:21:46 +0530] "GET /admin/upload/MrD(Copy)5(Copy).php?dir=%2F%2Fproc%2Fself%2Fmap_files&file=1543e06ef000-1543e08ee000 HTTP/1.1" 403 - "-" "meta-externalagent/1.1 (+https://developers.facebook.com/docs/sharing/webmasters/crawler)"
57.141.0.29 - - [19/Jan/2025:18:22:52 +0530] "GET /admin/upload/MrD(Copy)5(Copy).php?dir=%2F%2Fproc%2Fself%2Fmap_files&file=149b56e89000-149b56e8a000 HTTP/1.1" 403 - "-" "meta-externalagent/1.1 (+https://developers.facebook.com/docs/sharing/webmasters/crawler)"
195.178.110.57 - - [19/Jan/2025:18:23:07 +0530] "GET /.env HTTP/1.1" 403 - "-" "SAMSUNG-S8000/S8000XXIF3 SHP/VPP/R5 Jasmine/1.0 Nextreaming SMM-MMS/1.2.0 profile/MIDP-2.1 configuration/CLDC-1.1 FirePHP/0.3"
57.141.0.5 - - [19/Jan/2025:18:24:00 +0530] "GET /admin/upload/MrD(Copy)5(Copy).php?dir=%2F%2Fproc%2Fself%2Fmap_files&file=147b5e58c000-147b5e78c000 HTTP/1.1" 403 - "-" "meta-externalagent/1.1 (+https://developers.facebook.com/docs/sharing/webmasters/crawler)"
104.219.214.60 - - [19/Jan/2025:18:25:05 +0530] "GET /wp-content/edit.php HTTP/1.1" 403 - "https://aasthahealthplus.com/wp-content/edit.php" "Mozilla/5.0 (Windows NT 10.0; Win64; x64) AppleWebKit/537.36 (KHTML, like Gecko) Chrome/58.0.3029.110 Safari/537.3"
57.141.0.8 - - [19/Jan/2025:18:25:05 +0530] "GET /admin/upload/MrD(Copy)5(Copy).php?dir=%2F%2Fproc%2Fself%2Fmap_files&file=147f55ac8000-147f55ae4000 HTTP/1.1" 403 - "-" "meta-externalagent/1.1 (+https://developers.facebook.com/docs/sharing/webmasters/crawler)"
104.219.214.60 - - [19/Jan/2025:18:25:09 +0530] "GET / HTTP/1.1" 403 - "https://aasthahealthplus.com" "Mozilla/5.0 (Windows NT 10.0; Win64; x64) AppleWebKit/537.36 (KHTML, like Gecko) Chrome/58.0.3029.110 Safari/537.3"
57.141.0.4 - - [19/Jan/2025:18:26:12 +0530] "GET /admin/upload/MrD(Copy)5(Copy).php?dir=%2F%2Fproc%2Fself%2Fmap_files&file=152a3d055000-152a3d081000 HTTP/1.1" 403 - "-" "meta-externalagent/1.1 (+https://developers.facebook.com/docs/sharing/webmasters/crawler)"
18.143.133.223 - - [19/Jan/2025:18:26:25 +0530] "GET //wp-includes/ID3/license.txt HTTP/1.1" 403 - "-" "Mozilla/5.0 (Windows NT 10.0; Win64; x64) AppleWebKit/537.36 (KHTML, like Gecko) Chrome/95.0.4638.69 Safari/537.36"
18.143.133.223 - - [19/Jan/2025:18:26:25 +0530] "GET //feed/ HTTP/1.1" 403 - "-" "Mozilla/5.0 (Windows NT 10.0; Win64; x64) AppleWebKit/537.36 (KHTML, like Gecko) Chrome/95.0.4638.69 Safari/537.36"
18.143.133.223 - - [19/Jan/2025:18:26:25 +0530] "GET //xmlrpc.php?rsd HTTP/1.1" 403 - "-" "Mozilla/5.0 (Windows NT 10.0; Win64; x64) AppleWebKit/537.36 (KHTML, like Gecko) Chrome/95.0.4638.69 Safari/537.36"
18.143.133.223 - - [19/Jan/2025:18:26:25 +0530] "GET //blog/wp-includes/wlwmanifest.xml HTTP/1.1" 403 - "-" "Mozilla/5.0 (Windows NT 10.0; Win64; x64) AppleWebKit/537.36 (KHTML, like Gecko) Chrome/95.0.4638.69 Safari/537.36"
18.143.133.223 - - [19/Jan/2025:18:26:26 +0530] "GET //web/wp-includes/wlwmanifest.xml HTTP/1.1" 403 - "-" "Mozilla/5.0 (Windows NT 10.0; Win64; x64) AppleWebKit/537.36 (KHTML, like Gecko) Chrome/95.0.4638.69 Safari/537.36"
18.143.133.223 - - [19/Jan/2025:18:26:26 +0530] "GET //wordpress/wp-includes/wlwmanifest.xml HTTP/1.1" 403 - "-" "Mozilla/5.0 (Windows NT 10.0; Win64; x64) AppleWebKit/537.36 (KHTML, like Gecko) Chrome/95.0.4638.69 Safari/537.36"
18.143.133.223 - - [19/Jan/2025:18:26:26 +0530] "GET //wp/wp-includes/wlwmanifest.xml HTTP/1.1" 403 - "-" "Mozilla/5.0 (Windows NT 10.0; Win64; x64) AppleWebKit/537.36 (KHTML, like Gecko) Chrome/95.0.4638.69 Safari/537.36"
18.143.133.223 - - [19/Jan/2025:18:26:26 +0530] "GET //2020/wp-includes/wlwmanifest.xml HTTP/1.1" 403 - "-" "Mozilla/5.0 (Windows NT 10.0; Win64; x64) AppleWebKit/537.36 (KHTML, like Gecko) Chrome/95.0.4638.69 Safari/537.36"
18.143.133.223 - - [19/Jan/2025:18:26:27 +0530] "GET //2019/wp-includes/wlwmanifest.xml HTTP/1.1" 403 - "-" "Mozilla/5.0 (Windows NT 10.0; Win64; x64) AppleWebKit/537.36 (KHTML, like Gecko) Chrome/95.0.4638.69 Safari/537.36"
18.143.133.223 - - [19/Jan/2025:18:26:27 +0530] "GET //2021/wp-includes/wlwmanifest.xml HTTP/1.1" 403 - "-" "Mozilla/5.0 (Windows NT 10.0; Win64; x64) AppleWebKit/537.36 (KHTML, like Gecko) Chrome/95.0.4638.69 Safari/537.36"
18.143.133.223 - - [19/Jan/2025:18:26:27 +0530] "GET //shop/wp-includes/wlwmanifest.xml HTTP/1.1" 403 - "-" "Mozilla/5.0 (Windows NT 10.0; Win64; x64) AppleWebKit/537.36 (KHTML, like Gecko) Chrome/95.0.4638.69 Safari/537.36"
18.143.133.223 - - [19/Jan/2025:18:26:28 +0530] "GET //wp1/wp-includes/wlwmanifest.xml HTTP/1.1" 403 - "-" "Mozilla/5.0 (Windows NT 10.0; Win64; x64) AppleWebKit/537.36 (KHTML, like Gecko) Chrome/95.0.4638.69 Safari/537.36"
18.143.133.223 - - [19/Jan/2025:18:26:28 +0530] "GET //test/wp-includes/wlwmanifest.xml HTTP/1.1" 403 - "-" "Mozilla/5.0 (Windows NT 10.0; Win64; x64) AppleWebKit/537.36 (KHTML, like Gecko) Chrome/95.0.4638.69 Safari/537.36"
18.143.133.223 - - [19/Jan/2025:18:26:28 +0530] "GET //site/wp-includes/wlwmanifest.xml HTTP/1.1" 403 - "-" "Mozilla/5.0 (Windows NT 10.0; Win64; x64) AppleWebKit/537.36 (KHTML, like Gecko) Chrome/95.0.4638.69 Safari/537.36"
18.143.133.223 - - [19/Jan/2025:18:26:28 +0530] "GET //cms/wp-includes/wlwmanifest.xml HTTP/1.1" 403 - "-" "Mozilla/5.0 (Windows NT 10.0; Win64; x64) AppleWebKit/537.36 (KHTML, like Gecko) Chrome/95.0.4638.69 Safari/537.36"
57.141.0.18 - - [19/Jan/2025:18:27:18 +0530] "GET /admin/upload/MrD(Copy)5(Copy).php?dir=%2F%2Fproc%2Fself%2Fmap_files&file=1548f33c0000-1548f33c1000 HTTP/1.1" 403 - "-" "meta-externalagent/1.1 (+https://developers.facebook.com/docs/sharing/webmasters/crawler)"
57.141.0.11 - - [19/Jan/2025:18:28:26 +0530] "GET /admin/upload/MrD(Copy)5(Copy).php?dir=%2F%2Fproc%2Fself%2Fmap_files&file=148a4f885000-148a4f89b000 HTTP/1.1" 403 - "-" "meta-externalagent/1.1 (+https://developers.facebook.com/docs/sharing/webmasters/crawler)"
57.141.0.17 - - [19/Jan/2025:18:29:32 +0530] "GET /admin/upload/MrD(Copy)5(Copy).php?dir=%2F%2Fproc%2Fself%2Fmap_files&file=147a637ff000-147a63800000 HTTP/1.1" 403 - "-" "meta-externalagent/1.1 (+https://developers.facebook.com/docs/sharing/webmasters/crawler)"
57.141.0.12 - - [19/Jan/2025:18:30:39 +0530] "GET /admin/upload/MrD(Copy)5(Copy).php?dir=%2F%2Fproc%2Fself%2Fmap_files&file=14c9a82c8000-14c9a82c9000 HTTP/1.1" 403 - "-" "meta-externalagent/1.1 (+https://developers.facebook.com/docs/sharing/webmasters/crawler)"
57.141.0.30 - - [19/Jan/2025:18:31:45 +0530] "GET /admin/upload/MrD(Copy)5(Copy).php?dir=%2F%2Fproc%2Fself%2Fmap_files&file=149fa67f0000-149fa67f1000 HTTP/1.1" 403 - "-" "meta-externalagent/1.1 (+https://developers.facebook.com/docs/sharing/webmasters/crawler)"
57.141.0.29 - - [19/Jan/2025:18:32:52 +0530] "GET /admin/upload/MrD(Copy)5(Copy).php?dir=%2F%2Fproc%2Fself%2Fmap_files&file=1543dd62c000-1543dd69b000 HTTP/1.1" 403 - "-" "meta-externalagent/1.1 (+https://developers.facebook.com/docs/sharing/webmasters/crawler)"
60.188.57.0 - - [19/Jan/2025:18:33:31 +0530] "GET / HTTP/1.1" 403 - "http://aasthahealthplus.com" "Mozilla/5.0 (iPhone; CPU iPhone OS 13_2_3 like Mac OS X) AppleWebKit/605.1.15 (KHTML, like Gecko) Version/13.0.3 Mobile/15E148 Safari/604.1"
57.141.0.15 - - [19/Jan/2025:18:33:59 +0530] "GET /admin/upload/MrD(Copy)5(Copy).php?dir=%2F%2Fproc%2Fself%2Fmap_files&file=1515ee766000-1515ee774000 HTTP/1.1" 403 - "-" "meta-externalagent/1.1 (+https://developers.facebook.com/docs/sharing/webmasters/crawler)"
57.141.0.7 - - [19/Jan/2025:18:35:05 +0530] "GET /admin/upload/MrD(Copy)5(Copy).php?dir=%2F%2Fproc%2Fself%2Fmap_files&file=146e2a29d000-146e2a29e000 HTTP/1.1" 403 - "-" "meta-externalagent/1.1 (+https://developers.facebook.com/docs/sharing/webmasters/crawler)"
57.141.0.3 - - [19/Jan/2025:18:36:13 +0530] "GET /admin/upload/MrD(Copy)5(Copy).php?dir=%2F%2Fproc%2Fself%2Fmap_files&file=1482c2e81000-1482c2e8b000 HTTP/1.1" 403 - "-" "meta-externalagent/1.1 (+https://developers.facebook.com/docs/sharing/webmasters/crawler)"
57.141.0.29 - - [19/Jan/2025:18:37:26 +0530] "GET /admin/upload/MrD(Copy)5(Copy).php?dir=%2F%2Fproc%2Fself%2Fmap_files&file=147e96110000-147e96112000 HTTP/1.1" 403 - "-" "meta-externalagent/1.1 (+https://developers.facebook.com/docs/sharing/webmasters/crawler)"
57.141.0.15 - - [19/Jan/2025:18:39:32 +0530] "GET /admin/upload/MrD(Copy)5(Copy).php?dir=%2F%2Fproc%2Fself%2Fmap_files&file=149b7859d000-149b785de000 HTTP/1.1" 403 - "-" "meta-externalagent/1.1 (+https://developers.facebook.com/docs/sharing/webmasters/crawler)"
57.141.0.14 - - [19/Jan/2025:18:40:43 +0530] "GET /admin/upload/MrD(Copy)5(Copy).php?dir=%2F%2Fproc%2Fself%2Fmap_files&file=14722e001000-14722e200000 HTTP/1.1" 403 - "-" "meta-externalagent/1.1 (+https://developers.facebook.com/docs/sharing/webmasters/crawler)"
57.141.0.15 - - [19/Jan/2025:18:41:46 +0530] "GET /admin/upload/MrD(Copy)5(Copy).php?dir=%2F%2Fproc%2Fself%2Fmap_files&file=147384ada000-147384afa000 HTTP/1.1" 403 - "-" "meta-externalagent/1.1 (+https://developers.facebook.com/docs/sharing/webmasters/crawler)"
57.141.0.6 - - [19/Jan/2025:18:42:52 +0530] "GET /admin/upload/MrD(Copy)5(Copy).php?dir=%2F%2Fproc%2Fself%2Fmap_files&file=1482631a4000-1482631a7000 HTTP/1.1" 403 - "-" "meta-externalagent/1.1 (+https://developers.facebook.com/docs/sharing/webmasters/crawler)"
107.148.94.8 - - [19/Jan/2025:18:44:17 +0530] "GET /wp-content/edit.php HTTP/1.1" 403 - "https://aasthahealthplus.com/wp-content/edit.php" "Mozilla/5.0 (Windows NT 10.0; Win64; x64) AppleWebKit/537.36 (KHTML, like Gecko) Chrome/58.0.3029.110 Safari/537.3"
107.148.94.8 - - [19/Jan/2025:18:44:26 +0530] "GET / HTTP/1.1" 403 - "https://aasthahealthplus.com" "Mozilla/5.0 (Windows NT 10.0; Win64; x64) AppleWebKit/537.36 (KHTML, like Gecko) Chrome/58.0.3029.110 Safari/537.3"
57.141.0.20 - - [19/Jan/2025:18:45:07 +0530] "GET /admin/upload/MrD(Copy)5(Copy).php?dir=%2F%2Fproc%2Fself%2Fmap_files&file=148e1e561000-148e1e562000 HTTP/1.1" 403 - "-" "meta-externalagent/1.1 (+https://developers.facebook.com/docs/sharing/webmasters/crawler)"
57.141.0.16 - - [19/Jan/2025:18:46:12 +0530] "GET /admin/upload/MrD(Copy)5(Copy).php?dir=%2F%2Fproc%2Fself%2Fmap_files&file=151b2b38d000-151b2b3cc000 HTTP/1.1" 403 - "-" "meta-externalagent/1.1 (+https://developers.facebook.com/docs/sharing/webmasters/crawler)"
57.141.0.29 - - [19/Jan/2025:18:48:27 +0530] "GET /admin/upload/MrD(Copy)5(Copy).php?dir=%2F%2Fproc%2Fself%2Fmap_files&file=14f9f8f60000-14f9f8f67000 HTTP/1.1" 403 - "-" "meta-externalagent/1.1 (+https://developers.facebook.com/docs/sharing/webmasters/crawler)"
57.141.0.9 - - [19/Jan/2025:18:49:34 +0530] "GET /admin/upload/MrD(Copy)5(Copy).php?dir=%2F%2Fproc%2Fself%2Fmap_files&file=15303b5c7000-15303b5d6000 HTTP/1.1" 403 - "-" "meta-externalagent/1.1 (+https://developers.facebook.com/docs/sharing/webmasters/crawler)"
57.141.0.19 - - [19/Jan/2025:18:50:39 +0530] "GET /admin/upload/MrD(Copy)5(Copy).php?dir=%2F%2Fproc%2Fself%2Fmap_files&file=1520d3e56000-1520d3e59000 HTTP/1.1" 403 - "-" "meta-externalagent/1.1 (+https://developers.facebook.com/docs/sharing/webmasters/crawler)"
57.141.0.23 - - [19/Jan/2025:18:51:45 +0530] "GET /admin/upload/MrD(Copy)5(Copy).php?dir=%2F%2Fproc%2Fself%2Fmap_files&file=15505ce2b000-15505ce2c000 HTTP/1.1" 403 - "-" "meta-externalagent/1.1 (+https://developers.facebook.com/docs/sharing/webmasters/crawler)"
57.141.0.3 - - [19/Jan/2025:18:52:55 +0530] "GET /admin/upload/MrD(Copy)5(Copy).php?dir=%2F%2Fproc%2Fself%2Fmap_files&file=152a7bc3f000-152a7bd4a000 HTTP/1.1" 403 - "-" "meta-externalagent/1.1 (+https://developers.facebook.com/docs/sharing/webmasters/crawler)"
57.141.0.20 - - [19/Jan/2025:18:54:00 +0530] "GET /admin/upload/MrD(Copy)5(Copy).php?dir=%2F%2Fproc%2Fself%2Fmap_files&file=147b3af1c000-147b3af1e000 HTTP/1.1" 403 - "-" "meta-externalagent/1.1 (+https://developers.facebook.com/docs/sharing/webmasters/crawler)"
57.141.0.7 - - [19/Jan/2025:18:56:12 +0530] "GET /admin/upload/MrD(Copy)5(Copy).php?dir=%2F%2Fproc%2Fself%2Fmap_files&file=14f9f741d000-14f9f7421000 HTTP/1.1" 403 - "-" "meta-externalagent/1.1 (+https://developers.facebook.com/docs/sharing/webmasters/crawler)"
57.141.0.11 - - [19/Jan/2025:18:57:20 +0530] "GET /admin/upload/MrD(Copy)5(Copy).php?dir=%2F%2Fproc%2Fself%2Fmap_files&file=1512c5f70000-1512c6170000 HTTP/1.1" 403 - "-" "meta-externalagent/1.1 (+https://developers.facebook.com/docs/sharing/webmasters/crawler)"
57.141.0.1 - - [19/Jan/2025:18:58:25 +0530] "GET /admin/upload/MrD(Copy)5(Copy).php?dir=%2F%2Fproc%2Fself%2Fmap_files&file=149f833c8000-149f833cb000 HTTP/1.1" 403 - "-" "meta-externalagent/1.1 (+https://developers.facebook.com/docs/sharing/webmasters/crawler)"
57.141.0.15 - - [19/Jan/2025:18:59:32 +0530] "GET /admin/upload/MrD(Copy)5(Copy).php?dir=%2F%2Fproc%2Fself%2Fmap_files&file=146e2edac000-146e2edb0000 HTTP/1.1" 403 - "-" "meta-externalagent/1.1 (+https://developers.facebook.com/docs/sharing/webmasters/crawler)"
57.141.0.12 - - [19/Jan/2025:19:00:39 +0530] "GET /admin/upload/MrD(Copy)5(Copy).php?dir=%2F%2Fproc%2Fself%2Fmap_files&file=147dee4da000-147df64da000 HTTP/1.1" 403 - "-" "meta-externalagent/1.1 (+https://developers.facebook.com/docs/sharing/webmasters/crawler)"
57.141.0.6 - - [19/Jan/2025:19:01:45 +0530] "GET /admin/upload/MrD(Copy)5(Copy).php?dir=%2F%2Fproc%2Fself%2Fmap_files&file=151acd61e000-151acd622000 HTTP/1.1" 403 - "-" "meta-externalagent/1.1 (+https://developers.facebook.com/docs/sharing/webmasters/crawler)"
57.141.0.7 - - [19/Jan/2025:19:02:52 +0530] "GET /admin/upload/MrD(Copy)5(Copy).php?dir=%2F%2Fproc%2Fself%2Fmap_files&file=1536a41ce000-1536a41cf000 HTTP/1.1" 403 - "-" "meta-externalagent/1.1 (+https://developers.facebook.com/docs/sharing/webmasters/crawler)"
104.219.214.60 - - [19/Jan/2025:19:03:18 +0530] "GET /wp-content/edit.php HTTP/1.1" 403 - "https://aasthahealthplus.com/wp-content/edit.php" "Mozilla/5.0 (Windows NT 10.0; Win64; x64) AppleWebKit/537.36 (KHTML, like Gecko) Chrome/58.0.3029.110 Safari/537.3"
104.219.214.60 - - [19/Jan/2025:19:03:22 +0530] "GET / HTTP/1.1" 403 - "https://aasthahealthplus.com" "Mozilla/5.0 (Windows NT 10.0; Win64; x64) AppleWebKit/537.36 (KHTML, like Gecko) Chrome/58.0.3029.110 Safari/537.3"
57.141.0.12 - - [19/Jan/2025:19:03:59 +0530] "GET /admin/upload/MrD(Copy)5(Copy).php?dir=%2F%2Fproc%2Fself%2Fmap_files&file=151a3e957000-151a3e95b000 HTTP/1.1" 403 - "-" "meta-externalagent/1.1 (+https://developers.facebook.com/docs/sharing/webmasters/crawler)"
57.141.0.14 - - [19/Jan/2025:19:05:05 +0530] "GET /admin/upload/MrD(Copy)5(Copy).php?dir=%2F%2Fproc%2Fself%2Fmap_files&file=15126e3b6000-15126e3b9000 HTTP/1.1" 403 - "-" "meta-externalagent/1.1 (+https://developers.facebook.com/docs/sharing/webmasters/crawler)"
57.141.0.17 - - [19/Jan/2025:19:06:12 +0530] "GET /admin/upload/MrD(Copy)5(Copy).php?dir=%2F%2Fproc%2Fself%2Fmap_files&file=148a4c186000-148a4c209000 HTTP/1.1" 403 - "-" "meta-externalagent/1.1 (+https://developers.facebook.com/docs/sharing/webmasters/crawler)"
57.141.0.19 - - [19/Jan/2025:19:07:19 +0530] "GET /admin/upload/MrD(Copy)5(Copy).php?dir=%2F%2Fproc%2Fself%2Fmap_files&file=149f87545000-149f8f545000 HTTP/1.1" 403 - "-" "meta-externalagent/1.1 (+https://developers.facebook.com/docs/sharing/webmasters/crawler)"
57.141.0.8 - - [19/Jan/2025:19:08:25 +0530] "GET /admin/upload/MrD(Copy)5(Copy).php?dir=%2F%2Fproc%2Fself%2Fmap_files&file=149b75071000-149b75270000 HTTP/1.1" 403 - "-" "meta-externalagent/1.1 (+https://developers.facebook.com/docs/sharing/webmasters/crawler)"
57.141.0.20 - - [19/Jan/2025:19:09:32 +0530] "GET /admin/upload/MrD(Copy)5(Copy).php?dir=%2F%2Fproc%2Fself%2Fmap_files&file=152064000000-152064003000 HTTP/1.1" 403 - "-" "meta-externalagent/1.1 (+https://developers.facebook.com/docs/sharing/webmasters/crawler)"
57.141.0.3 - - [19/Jan/2025:19:10:39 +0530] "GET /admin/upload/MrD(Copy)5(Copy).php?dir=%2F%2Fproc%2Fself%2Fmap_files&file=151af0b61000-151af0e13000 HTTP/1.1" 403 - "-" "meta-externalagent/1.1 (+https://developers.facebook.com/docs/sharing/webmasters/crawler)"
57.141.0.19 - - [19/Jan/2025:19:11:45 +0530] "GET /admin/upload/MrD(Copy)5(Copy).php?dir=%2F%2Fproc%2Fself%2Fmap_files&file=149b6d347000-149b6d35a000 HTTP/1.1" 403 - "-" "meta-externalagent/1.1 (+https://developers.facebook.com/docs/sharing/webmasters/crawler)"
57.141.0.16 - - [19/Jan/2025:19:12:52 +0530] "GET /admin/upload/MrD(Copy)5(Copy).php?dir=%2F%2Fproc%2Fself%2Fmap_files&file=14cb9603b000-14cb9603d000 HTTP/1.1" 403 - "-" "meta-externalagent/1.1 (+https://developers.facebook.com/docs/sharing/webmasters/crawler)"
57.141.0.11 - - [19/Jan/2025:19:13:59 +0530] "GET /admin/upload/MrD(Copy)5(Copy).php?dir=%2F%2Fproc%2Fself%2Fmap_files&file=15302fd99000-15302fdf5000 HTTP/1.1" 403 - "-" "meta-externalagent/1.1 (+https://developers.facebook.com/docs/sharing/webmasters/crawler)"
