40.77.167.159 - - [19/Jan/2025:04:52:43 +0530] "GET /about-us-2/contact.php HTTP/1.1" 404 - "-" "Mozilla/5.0 AppleWebKit/537.36 (KHTML, like Gecko; compatible; bingbot/2.0; +http://www.bing.com/bingbot.htm) Chrome/116.0.1938.76 Safari/537.36"
209.97.147.5 - - [19/Jan/2025:04:54:33 +0530] "GET /admin/upload/svp-12.jpeg HTTP/1.1" 200 291175 "-" "Mozilla/5.0 (Macintosh; Intel Mac OS X 10_15_7) AppleWebKit/537.36 (KHTML, like Gecko) Chrome/124.0.0.0 Safari/537.36"
149.202.65.95 - - [19/Jan/2025:04:56:27 +0530] "GET / HTTP/1.1" 200 46969 "-" "python-requests/2.32.3"
149.202.65.95 - - [19/Jan/2025:04:56:42 +0530] "GET /assets/js/modernizr-2.8.3.min.js HTTP/1.1" 200 15518 "-" "python-requests/2.32.3"
149.202.65.95 - - [19/Jan/2025:04:56:42 +0530] "GET /assets/js/jquery.min.js HTTP/1.1" 200 84344 "-" "python-requests/2.32.3"
149.202.65.95 - - [19/Jan/2025:04:56:43 +0530] "GET /assets/js/bootstrap.min.js HTTP/1.1" 200 60016 "-" "python-requests/2.32.3"
149.202.65.95 - - [19/Jan/2025:04:56:43 +0530] "GET /assets/js/rsmenu-main.js HTTP/1.1" 200 4526 "-" "python-requests/2.32.3"
149.202.65.95 - - [19/Jan/2025:04:56:44 +0530] "GET /assets/js/jquery.nav.js HTTP/1.1" 200 6989 "-" "python-requests/2.32.3"
149.202.65.95 - - [19/Jan/2025:04:56:45 +0530] "GET /assets/js/owl.carousel.min.js HTTP/1.1" 200 42772 "-" "python-requests/2.32.3"
149.202.65.95 - - [19/Jan/2025:04:56:45 +0530] "GET /assets/js/slick.min.js HTTP/1.1" 200 41971 "-" "python-requests/2.32.3"
149.202.65.95 - - [19/Jan/2025:04:56:46 +0530] "GET /assets/js/isotope.pkgd.min.js HTTP/1.1" 200 35313 "-" "python-requests/2.32.3"
149.202.65.95 - - [19/Jan/2025:04:56:47 +0530] "GET /assets/js/imagesloaded.pkgd.min.js HTTP/1.1" 200 5559 "-" "python-requests/2.32.3"
149.202.65.95 - - [19/Jan/2025:04:56:48 +0530] "GET /assets/js/wow.min.js HTTP/1.1" 200 8441 "-" "python-requests/2.32.3"
149.202.65.95 - - [19/Jan/2025:04:56:48 +0530] "GET /assets/js/skill.bars.jquery.js HTTP/1.1" 200 2128 "-" "python-requests/2.32.3"
149.202.65.95 - - [19/Jan/2025:04:56:49 +0530] "GET /assets/js/jquery.counterup.min.js HTTP/1.1" 200 1067 "-" "python-requests/2.32.3"
149.202.65.95 - - [19/Jan/2025:04:56:50 +0530] "GET /assets/js/waypoints.min.js HTTP/1.1" 200 8044 "-" "python-requests/2.32.3"
149.202.65.95 - - [19/Jan/2025:04:56:50 +0530] "GET /assets/js/jquery.mb.YTPlayer.min.js HTTP/1.1" 200 53954 "-" "python-requests/2.32.3"
149.202.65.95 - - [19/Jan/2025:04:56:51 +0530] "GET /assets/js/jquery.magnific-popup.min.js HTTP/1.1" 200 20233 "-" "python-requests/2.32.3"
149.202.65.95 - - [19/Jan/2025:04:56:51 +0530] "GET /assets/js/tilt.jquery.min.js HTTP/1.1" 200 5640 "-" "python-requests/2.32.3"
149.202.65.95 - - [19/Jan/2025:04:56:52 +0530] "GET /assets/js/plugins.js HTTP/1.1" 200 2827 "-" "python-requests/2.32.3"
149.202.65.95 - - [19/Jan/2025:04:56:53 +0530] "GET /assets/js/contact.form.js HTTP/1.1" 200 1831 "-" "python-requests/2.32.3"
149.202.65.95 - - [19/Jan/2025:04:56:53 +0530] "GET /assets/js/main.js HTTP/1.1" 200 11704 "-" "python-requests/2.32.3"
109.236.93.77 - - [19/Jan/2025:05:12:51 +0530] "GET /id HTTP/1.0" 404 - "-" "Mozilla/5.0 (Windows NT 10.0; Win64; x64) AppleWebKit/537.36 (KHTML, like Gecko) Chrome/118.0.0.0 Safari/537.36"
52.167.144.195 - - [19/Jan/2025:05:13:37 +0530] "GET /products/christian32387237?id=731 HTTP/1.1" 404 - "-" "Mozilla/5.0 AppleWebKit/537.36 (KHTML, like Gecko; compatible; bingbot/2.0; +http://www.bing.com/bingbot.htm) Chrome/116.0.1938.76 Safari/537.36"
66.249.66.17 - - [19/Jan/2025:05:31:39 +0530] "GET /d70186.html HTTP/1.1" 404 - "-" "Mozilla/5.0 (Linux; Android 6.0.1; Nexus 5X Build/MMB29P) AppleWebKit/537.36 (KHTML, like Gecko) Chrome/132.0.6834.83 Mobile Safari/537.36 (compatible; Googlebot/2.1; +http://www.google.com/bot.html)"
110.249.201.166 - - [19/Jan/2025:05:33:39 +0530] "GET /category/jordanian-dating-sites/ HTTP/1.1" 404 - "-" "Mozilla/5.0 (Linux; Android 5.0) AppleWebKit/537.36 (KHTML, like Gecko) Mobile Safari/537.36 (compatible; Bytespider; https://zhanzhang.toutiao.com/)"
110.249.201.66 - - [19/Jan/2025:05:34:03 +0530] "GET /category/dating-for-you/ HTTP/1.1" 404 - "-" "Mozilla/5.0 (Linux; Android 5.0) AppleWebKit/537.36 (KHTML, like Gecko) Mobile Safari/537.36 (compatible; Bytespider; https://zhanzhang.toutiao.com/)"
111.225.149.134 - - [19/Jan/2025:05:34:27 +0530] "GET /2020/05/07/ HTTP/1.1" 404 - "-" "Mozilla/5.0 (Linux; Android 5.0) AppleWebKit/537.36 (KHTML, like Gecko) Mobile Safari/537.36 (compatible; Bytespider; https://zhanzhang.toutiao.com/)"
110.249.201.137 - - [19/Jan/2025:05:34:50 +0530] "GET /category/blog/page/3/ HTTP/1.1" 404 - "-" "Mozilla/5.0 (Linux; Android 5.0) AppleWebKit/537.36 (KHTML, like Gecko) Mobile Safari/537.36 (compatible; Bytespider; https://zhanzhang.toutiao.com/)"
111.225.149.150 - - [19/Jan/2025:05:35:15 +0530] "GET /category/hungarian-dating-sites/ HTTP/1.1" 404 - "-" "Mozilla/5.0 (Linux; Android 5.0) AppleWebKit/537.36 (KHTML, like Gecko) Mobile Safari/537.36 (compatible; Bytespider; https://zhanzhang.toutiao.com/)"
156.59.198.135 - - [19/Jan/2025:05:41:35 +0530] "GET /assets/fonts/assets/images/features/style2/4.png HTTP/1.1" 404 - "-" "Mozilla/5.0 (Linux; Android 5.0) AppleWebKit/537.36 (KHTML, like Gecko) Mobile Safari/537.36 (compatible; Bytespider; spider-feedback@bytedance.com)"
47.128.53.14 - - [19/Jan/2025:05:42:19 +0530] "GET /robots.txt HTTP/1.1" 200 70 "-" "Mozilla/5.0 (Linux; Android 5.0) AppleWebKit/537.36 (KHTML, like Gecko) Mobile Safari/537.36 (compatible; Bytespider; spider-feedback@bytedance.com)"
52.200.211.223 - - [19/Jan/2025:05:45:42 +0530] "HEAD / HTTP/1.1" 200 - "-" "Mozilla/5.0 (Windows NT 10.0; Win64; x64) AppleWebKit/537.36 (KHTML, like Gecko) Chrome/109.0.0.0 Safari/537.36"
66.249.66.15 - - [19/Jan/2025:05:46:01 +0530] "GET /2198d3d.html HTTP/1.1" 404 - "-" "Mozilla/5.0 (Linux; Android 6.0.1; Nexus 5X Build/MMB29P) AppleWebKit/537.36 (KHTML, like Gecko) Chrome/132.0.6834.83 Mobile Safari/537.36 (compatible; Googlebot/2.1; +http://www.google.com/bot.html)"
110.249.202.80 - - [19/Jan/2025:06:03:38 +0530] "GET /2020/05/05/ HTTP/1.1" 404 - "-" "Mozilla/5.0 (Linux; Android 5.0) AppleWebKit/537.36 (KHTML, like Gecko) Mobile Safari/537.36 (compatible; Bytespider; https://zhanzhang.toutiao.com/)"
110.249.202.236 - - [19/Jan/2025:06:04:02 +0530] "GET /category/payday-loans-over-the-phone/ HTTP/1.1" 404 - "-" "Mozilla/5.0 (Linux; Android 5.0) AppleWebKit/537.36 (KHTML, like Gecko) Mobile Safari/537.36 (compatible; Bytespider; https://zhanzhang.toutiao.com/)"
110.249.201.56 - - [19/Jan/2025:06:04:25 +0530] "GET /2020/03/05/ HTTP/1.1" 404 - "-" "Mozilla/5.0 (Linux; Android 5.0) AppleWebKit/537.36 (KHTML, like Gecko) Mobile Safari/537.36 (compatible; Bytespider; https://zhanzhang.toutiao.com/)"
111.225.148.161 - - [19/Jan/2025:06:04:50 +0530] "GET /category/popular-free-dating-sites/ HTTP/1.1" 404 - "-" "Mozilla/5.0 (Linux; Android 5.0) AppleWebKit/537.36 (KHTML, like Gecko) Mobile Safari/537.36 (compatible; Bytespider; https://zhanzhang.toutiao.com/)"
111.225.148.224 - - [19/Jan/2025:06:05:14 +0530] "GET /2020/04/16/ HTTP/1.1" 404 - "-" "Mozilla/5.0 (Linux; Android 5.0) AppleWebKit/537.36 (KHTML, like Gecko) Mobile Safari/537.36 (compatible; Bytespider; https://zhanzhang.toutiao.com/)"
52.167.144.141 - - [19/Jan/2025:06:08:29 +0530] "GET /0011028297485586.html HTTP/1.1" 404 - "-" "Mozilla/5.0 AppleWebKit/537.36 (KHTML, like Gecko; compatible; bingbot/2.0; +http://www.bing.com/bingbot.htm) Chrome/116.0.1938.76 Safari/537.36"
46.4.97.251 - - [19/Jan/2025:06:10:53 +0530] "GET /id/ HTTP/1.1" 404 - "http://svpimmigration.com/id/" "Mozilla/5.0 (Macintosh; Intel Mac OS X 10_15_7) AppleWebKit/605.1.15 (KHTML, like Gecko) Version/18.0 Safari/605.1.15"
49.13.95.119 - - [19/Jan/2025:06:13:56 +0530] "GET / HTTP/1.1" 200 46969 "-" "Mozilla/5.0 (Windows NT 10.0; Win64; x64) AppleWebKit/537.36 (KHTML, like Gecko) Chrome/131.0.0.0 Safari/537.36"
49.13.95.119 - - [19/Jan/2025:06:13:56 +0530] "GET /assets/css/bootstrap.min.css HTTP/1.1" 200 159521 "https://svpimmigration.com/" "Mozilla/5.0 (Windows NT 10.0; Win64; x64) AppleWebKit/537.36 (KHTML, like Gecko) Chrome/131.0.0.0 Safari/537.36"
49.13.95.119 - - [19/Jan/2025:06:13:56 +0530] "GET /assets/css/font-awesome.min.css HTTP/1.1" 200 31028 "https://svpimmigration.com/" "Mozilla/5.0 (Windows NT 10.0; Win64; x64) AppleWebKit/537.36 (KHTML, like Gecko) Chrome/131.0.0.0 Safari/537.36"
49.13.95.119 - - [19/Jan/2025:06:13:56 +0530] "GET /assets/css/animate.css HTTP/1.1" 200 74602 "https://svpimmigration.com/" "Mozilla/5.0 (Windows NT 10.0; Win64; x64) AppleWebKit/537.36 (KHTML, like Gecko) Chrome/131.0.0.0 Safari/537.36"
49.13.95.119 - - [19/Jan/2025:06:13:56 +0530] "GET /assets/css/owl.carousel.css HTTP/1.1" 200 4029 "https://svpimmigration.com/" "Mozilla/5.0 (Windows NT 10.0; Win64; x64) AppleWebKit/537.36 (KHTML, like Gecko) Chrome/131.0.0.0 Safari/537.36"
49.13.95.119 - - [19/Jan/2025:06:13:56 +0530] "GET /assets/css/slick.css HTTP/1.1" 200 1846 "https://svpimmigration.com/" "Mozilla/5.0 (Windows NT 10.0; Win64; x64) AppleWebKit/537.36 (KHTML, like Gecko) Chrome/131.0.0.0 Safari/537.36"
49.13.95.119 - - [19/Jan/2025:06:13:56 +0530] "GET /assets/css/off-canvas.css HTTP/1.1" 200 5949 "https://svpimmigration.com/" "Mozilla/5.0 (Windows NT 10.0; Win64; x64) AppleWebKit/537.36 (KHTML, like Gecko) Chrome/131.0.0.0 Safari/537.36"
49.13.95.119 - - [19/Jan/2025:06:13:56 +0530] "GET /assets/fonts/linea-fonts.css HTTP/1.1" 200 8239 "https://svpimmigration.com/" "Mozilla/5.0 (Windows NT 10.0; Win64; x64) AppleWebKit/537.36 (KHTML, like Gecko) Chrome/131.0.0.0 Safari/537.36"
49.13.95.119 - - [19/Jan/2025:06:13:56 +0530] "GET /assets/fonts/flaticon.css HTTP/1.1" 200 5433 "https://svpimmigration.com/" "Mozilla/5.0 (Windows NT 10.0; Win64; x64) AppleWebKit/537.36 (KHTML, like Gecko) Chrome/131.0.0.0 Safari/537.36"
49.13.95.119 - - [19/Jan/2025:06:13:56 +0530] "GET /assets/css/magnific-popup.css HTTP/1.1" 200 7306 "https://svpimmigration.com/" "Mozilla/5.0 (Windows NT 10.0; Win64; x64) AppleWebKit/537.36 (KHTML, like Gecko) Chrome/131.0.0.0 Safari/537.36"
49.13.95.119 - - [19/Jan/2025:06:13:56 +0530] "GET /assets/css/rsmenu-main.css HTTP/1.1" 200 16902 "https://svpimmigration.com/" "Mozilla/5.0 (Windows NT 10.0; Win64; x64) AppleWebKit/537.36 (KHTML, like Gecko) Chrome/131.0.0.0 Safari/537.36"
49.13.95.119 - - [19/Jan/2025:06:13:56 +0530] "GET /assets/css/rs-spacing.css HTTP/1.1" 200 443003 "https://svpimmigration.com/" "Mozilla/5.0 (Windows NT 10.0; Win64; x64) AppleWebKit/537.36 (KHTML, like Gecko) Chrome/131.0.0.0 Safari/537.36"
49.13.95.119 - - [19/Jan/2025:06:13:56 +0530] "GET /assets/css/custome.css HTTP/1.1" 200 1290 "https://svpimmigration.com/" "Mozilla/5.0 (Windows NT 10.0; Win64; x64) AppleWebKit/537.36 (KHTML, like Gecko) Chrome/131.0.0.0 Safari/537.36"
49.13.95.119 - - [19/Jan/2025:06:13:56 +0530] "GET /style.css HTTP/1.1" 200 405477 "https://svpimmigration.com/" "Mozilla/5.0 (Windows NT 10.0; Win64; x64) AppleWebKit/537.36 (KHTML, like Gecko) Chrome/131.0.0.0 Safari/537.36"
49.13.95.119 - - [19/Jan/2025:06:13:56 +0530] "GET /assets/images/logo-yellow2.png HTTP/1.1" 404 - "https://svpimmigration.com/" "Mozilla/5.0 (Windows NT 10.0; Win64; x64) AppleWebKit/537.36 (KHTML, like Gecko) Chrome/131.0.0.0 Safari/537.36"
49.13.95.119 - - [19/Jan/2025:06:13:56 +0530] "GET /assets/css/responsive.css HTTP/1.1" 200 118581 "https://svpimmigration.com/" "Mozilla/5.0 (Windows NT 10.0; Win64; x64) AppleWebKit/537.36 (KHTML, like Gecko) Chrome/131.0.0.0 Safari/537.36"
49.13.95.119 - - [19/Jan/2025:06:13:56 +0530] "GET /assets/images/logo-svp.png HTTP/1.1" 200 136025 "https://svpimmigration.com/" "Mozilla/5.0 (Windows NT 10.0; Win64; x64) AppleWebKit/537.36 (KHTML, like Gecko) Chrome/131.0.0.0 Safari/537.36"
49.13.95.119 - - [19/Jan/2025:06:13:56 +0530] "GET /assets/images/gallery/1.jpg HTTP/1.1" 404 - "https://svpimmigration.com/" "Mozilla/5.0 (Windows NT 10.0; Win64; x64) AppleWebKit/537.36 (KHTML, like Gecko) Chrome/131.0.0.0 Safari/537.36"
49.13.95.119 - - [19/Jan/2025:06:13:56 +0530] "GET /assets/images/gallery/2.jpg HTTP/1.1" 404 - "https://svpimmigration.com/" "Mozilla/5.0 (Windows NT 10.0; Win64; x64) AppleWebKit/537.36 (KHTML, like Gecko) Chrome/131.0.0.0 Safari/537.36"
49.13.95.119 - - [19/Jan/2025:06:13:56 +0530] "GET /assets/js/modernizr-2.8.3.min.js HTTP/1.1" 200 15518 "https://svpimmigration.com/" "Mozilla/5.0 (Windows NT 10.0; Win64; x64) AppleWebKit/537.36 (KHTML, like Gecko) Chrome/131.0.0.0 Safari/537.36"
49.13.95.119 - - [19/Jan/2025:06:13:56 +0530] "GET /assets/js/jquery.min.js HTTP/1.1" 200 84344 "https://svpimmigration.com/" "Mozilla/5.0 (Windows NT 10.0; Win64; x64) AppleWebKit/537.36 (KHTML, like Gecko) Chrome/131.0.0.0 Safari/537.36"
49.13.95.119 - - [19/Jan/2025:06:13:56 +0530] "GET /assets/js/bootstrap.min.js HTTP/1.1" 200 60016 "https://svpimmigration.com/" "Mozilla/5.0 (Windows NT 10.0; Win64; x64) AppleWebKit/537.36 (KHTML, like Gecko) Chrome/131.0.0.0 Safari/537.36"
49.13.95.119 - - [19/Jan/2025:06:13:56 +0530] "GET /assets/js/rsmenu-main.js HTTP/1.1" 200 4526 "https://svpimmigration.com/" "Mozilla/5.0 (Windows NT 10.0; Win64; x64) AppleWebKit/537.36 (KHTML, like Gecko) Chrome/131.0.0.0 Safari/537.36"
49.13.95.119 - - [19/Jan/2025:06:13:56 +0530] "GET /assets/js/jquery.nav.js HTTP/1.1" 200 6989 "https://svpimmigration.com/" "Mozilla/5.0 (Windows NT 10.0; Win64; x64) AppleWebKit/537.36 (KHTML, like Gecko) Chrome/131.0.0.0 Safari/537.36"
49.13.95.119 - - [19/Jan/2025:06:13:56 +0530] "GET /assets/js/owl.carousel.min.js HTTP/1.1" 200 42772 "https://svpimmigration.com/" "Mozilla/5.0 (Windows NT 10.0; Win64; x64) AppleWebKit/537.36 (KHTML, like Gecko) Chrome/131.0.0.0 Safari/537.36"
49.13.95.119 - - [19/Jan/2025:06:13:56 +0530] "GET /assets/js/slick.min.js HTTP/1.1" 200 41971 "https://svpimmigration.com/" "Mozilla/5.0 (Windows NT 10.0; Win64; x64) AppleWebKit/537.36 (KHTML, like Gecko) Chrome/131.0.0.0 Safari/537.36"
49.13.95.119 - - [19/Jan/2025:06:13:56 +0530] "GET /assets/js/isotope.pkgd.min.js HTTP/1.1" 200 35313 "https://svpimmigration.com/" "Mozilla/5.0 (Windows NT 10.0; Win64; x64) AppleWebKit/537.36 (KHTML, like Gecko) Chrome/131.0.0.0 Safari/537.36"
49.13.95.119 - - [19/Jan/2025:06:13:56 +0530] "GET /assets/js/imagesloaded.pkgd.min.js HTTP/1.1" 200 5559 "https://svpimmigration.com/" "Mozilla/5.0 (Windows NT 10.0; Win64; x64) AppleWebKit/537.36 (KHTML, like Gecko) Chrome/131.0.0.0 Safari/537.36"
49.13.95.119 - - [19/Jan/2025:06:13:56 +0530] "GET /assets/js/wow.min.js HTTP/1.1" 200 8441 "https://svpimmigration.com/" "Mozilla/5.0 (Windows NT 10.0; Win64; x64) AppleWebKit/537.36 (KHTML, like Gecko) Chrome/131.0.0.0 Safari/537.36"
49.13.95.119 - - [19/Jan/2025:06:13:56 +0530] "GET /assets/js/skill.bars.jquery.js HTTP/1.1" 200 2128 "https://svpimmigration.com/" "Mozilla/5.0 (Windows NT 10.0; Win64; x64) AppleWebKit/537.36 (KHTML, like Gecko) Chrome/131.0.0.0 Safari/537.36"
49.13.95.119 - - [19/Jan/2025:06:13:56 +0530] "GET /assets/js/jquery.counterup.min.js HTTP/1.1" 200 1067 "https://svpimmigration.com/" "Mozilla/5.0 (Windows NT 10.0; Win64; x64) AppleWebKit/537.36 (KHTML, like Gecko) Chrome/131.0.0.0 Safari/537.36"
49.13.95.119 - - [19/Jan/2025:06:13:56 +0530] "GET /assets/js/waypoints.min.js HTTP/1.1" 200 8044 "https://svpimmigration.com/" "Mozilla/5.0 (Windows NT 10.0; Win64; x64) AppleWebKit/537.36 (KHTML, like Gecko) Chrome/131.0.0.0 Safari/537.36"
49.13.95.119 - - [19/Jan/2025:06:13:56 +0530] "GET /assets/js/jquery.mb.YTPlayer.min.js HTTP/1.1" 200 53954 "https://svpimmigration.com/" "Mozilla/5.0 (Windows NT 10.0; Win64; x64) AppleWebKit/537.36 (KHTML, like Gecko) Chrome/131.0.0.0 Safari/537.36"
49.13.95.119 - - [19/Jan/2025:06:13:56 +0530] "GET /assets/js/jquery.magnific-popup.min.js HTTP/1.1" 200 20233 "https://svpimmigration.com/" "Mozilla/5.0 (Windows NT 10.0; Win64; x64) AppleWebKit/537.36 (KHTML, like Gecko) Chrome/131.0.0.0 Safari/537.36"
49.13.95.119 - - [19/Jan/2025:06:13:56 +0530] "GET /assets/js/tilt.jquery.min.js HTTP/1.1" 200 5640 "https://svpimmigration.com/" "Mozilla/5.0 (Windows NT 10.0; Win64; x64) AppleWebKit/537.36 (KHTML, like Gecko) Chrome/131.0.0.0 Safari/537.36"
49.13.95.119 - - [19/Jan/2025:06:13:56 +0530] "GET /assets/js/plugins.js HTTP/1.1" 200 2827 "https://svpimmigration.com/" "Mozilla/5.0 (Windows NT 10.0; Win64; x64) AppleWebKit/537.36 (KHTML, like Gecko) Chrome/131.0.0.0 Safari/537.36"
49.13.95.119 - - [19/Jan/2025:06:13:56 +0530] "GET /assets/js/contact.form.js HTTP/1.1" 200 1831 "https://svpimmigration.com/" "Mozilla/5.0 (Windows NT 10.0; Win64; x64) AppleWebKit/537.36 (KHTML, like Gecko) Chrome/131.0.0.0 Safari/537.36"
49.13.95.119 - - [19/Jan/2025:06:13:56 +0530] "GET /assets/js/main.js HTTP/1.1" 200 11704 "https://svpimmigration.com/" "Mozilla/5.0 (Windows NT 10.0; Win64; x64) AppleWebKit/537.36 (KHTML, like Gecko) Chrome/131.0.0.0 Safari/537.36"
49.13.95.119 - - [19/Jan/2025:06:13:56 +0530] "GET /assets/images/gallery/3.jpg HTTP/1.1" 404 - "https://svpimmigration.com/" "Mozilla/5.0 (Windows NT 10.0; Win64; x64) AppleWebKit/537.36 (KHTML, like Gecko) Chrome/131.0.0.0 Safari/537.36"
49.13.95.119 - - [19/Jan/2025:06:13:56 +0530] "GET /assets/images/gallery/4.jpg HTTP/1.1" 404 - "https://svpimmigration.com/" "Mozilla/5.0 (Windows NT 10.0; Win64; x64) AppleWebKit/537.36 (KHTML, like Gecko) Chrome/131.0.0.0 Safari/537.36"
49.13.95.119 - - [19/Jan/2025:06:13:56 +0530] "GET /assets/images/gallery/5.jpg HTTP/1.1" 404 - "https://svpimmigration.com/" "Mozilla/5.0 (Windows NT 10.0; Win64; x64) AppleWebKit/537.36 (KHTML, like Gecko) Chrome/131.0.0.0 Safari/537.36"
49.13.95.119 - - [19/Jan/2025:06:13:56 +0530] "GET /assets/images/gallery/6.jpg HTTP/1.1" 404 - "https://svpimmigration.com/" "Mozilla/5.0 (Windows NT 10.0; Win64; x64) AppleWebKit/537.36 (KHTML, like Gecko) Chrome/131.0.0.0 Safari/537.36"
49.13.95.119 - - [19/Jan/2025:06:13:56 +0530] "GET /assets/images/map.jpg HTTP/1.1" 200 21155 "https://svpimmigration.com/" "Mozilla/5.0 (Windows NT 10.0; Win64; x64) AppleWebKit/537.36 (KHTML, like Gecko) Chrome/131.0.0.0 Safari/537.36"
49.13.95.119 - - [19/Jan/2025:06:13:56 +0530] "GET /assets/images/call.gif HTTP/1.1" 200 31721 "https://svpimmigration.com/" "Mozilla/5.0 (Windows NT 10.0; Win64; x64) AppleWebKit/537.36 (KHTML, like Gecko) Chrome/131.0.0.0 Safari/537.36"
49.13.95.119 - - [19/Jan/2025:06:13:56 +0530] "GET /assets/images/whatsapp.png HTTP/1.1" 200 152291 "https://svpimmigration.com/" "Mozilla/5.0 (Windows NT 10.0; Win64; x64) AppleWebKit/537.36 (KHTML, like Gecko) Chrome/131.0.0.0 Safari/537.36"
49.13.95.119 - - [19/Jan/2025:06:13:56 +0530] "GET /assets/images/features/style2/1.png HTTP/1.1" 200 15541 "https://svpimmigration.com/" "Mozilla/5.0 (Windows NT 10.0; Win64; x64) AppleWebKit/537.36 (KHTML, like Gecko) Chrome/131.0.0.0 Safari/537.36"
49.13.95.119 - - [19/Jan/2025:06:13:56 +0530] "GET /assets/images/banner/banner-1.jpg HTTP/1.1" 200 1008343 "https://svpimmigration.com/" "Mozilla/5.0 (Windows NT 10.0; Win64; x64) AppleWebKit/537.36 (KHTML, like Gecko) Chrome/131.0.0.0 Safari/537.36"
49.13.95.119 - - [19/Jan/2025:06:13:56 +0530] "GET /assets/images/features/style2/2.png HTTP/1.1" 200 10455 "https://svpimmigration.com/" "Mozilla/5.0 (Windows NT 10.0; Win64; x64) AppleWebKit/537.36 (KHTML, like Gecko) Chrome/131.0.0.0 Safari/537.36"
49.13.95.119 - - [19/Jan/2025:06:13:56 +0530] "GET /assets/images/features/style2/3.png HTTP/1.1" 200 12723 "https://svpimmigration.com/" "Mozilla/5.0 (Windows NT 10.0; Win64; x64) AppleWebKit/537.36 (KHTML, like Gecko) Chrome/131.0.0.0 Safari/537.36"
49.13.95.119 - - [19/Jan/2025:06:13:56 +0530] "GET /assets/images/features/style2/4.png HTTP/1.1" 200 15448 "https://svpimmigration.com/" "Mozilla/5.0 (Windows NT 10.0; Win64; x64) AppleWebKit/537.36 (KHTML, like Gecko) Chrome/131.0.0.0 Safari/537.36"
49.13.95.119 - - [19/Jan/2025:06:13:56 +0530] "GET /assets/images/banner/banner-2.jpg HTTP/1.1" 200 1510464 "https://svpimmigration.com/" "Mozilla/5.0 (Windows NT 10.0; Win64; x64) AppleWebKit/537.36 (KHTML, like Gecko) Chrome/131.0.0.0 Safari/537.36"
49.13.95.119 - - [19/Jan/2025:06:13:56 +0530] "GET /assets/images/about/home9/about.png HTTP/1.1" 200 784827 "https://svpimmigration.com/" "Mozilla/5.0 (Windows NT 10.0; Win64; x64) AppleWebKit/537.36 (KHTML, like Gecko) Chrome/131.0.0.0 Safari/537.36"
49.13.95.119 - - [19/Jan/2025:06:13:56 +0530] "GET /assets/images/categories/home9/1.jpg HTTP/1.1" 200 116249 "https://svpimmigration.com/" "Mozilla/5.0 (Windows NT 10.0; Win64; x64) AppleWebKit/537.36 (KHTML, like Gecko) Chrome/131.0.0.0 Safari/537.36"
49.13.95.119 - - [19/Jan/2025:06:13:56 +0530] "GET /assets/images/categories/home9/3.jpg HTTP/1.1" 200 62099 "https://svpimmigration.com/" "Mozilla/5.0 (Windows NT 10.0; Win64; x64) AppleWebKit/537.36 (KHTML, like Gecko) Chrome/131.0.0.0 Safari/537.36"
49.13.95.119 - - [19/Jan/2025:06:13:56 +0530] "GET /assets/images/categories/home9/2.jpg HTTP/1.1" 200 114612 "https://svpimmigration.com/" "Mozilla/5.0 (Windows NT 10.0; Win64; x64) AppleWebKit/537.36 (KHTML, like Gecko) Chrome/131.0.0.0 Safari/537.36"
49.13.95.119 - - [19/Jan/2025:06:13:56 +0530] "GET /assets/images/testimonial/style3/1.png HTTP/1.1" 200 7359 "https://svpimmigration.com/" "Mozilla/5.0 (Windows NT 10.0; Win64; x64) AppleWebKit/537.36 (KHTML, like Gecko) Chrome/131.0.0.0 Safari/537.36"
49.13.95.119 - - [19/Jan/2025:06:13:56 +0530] "GET /assets/images/testimonial/style3/2.png HTTP/1.1" 200 7359 "https://svpimmigration.com/" "Mozilla/5.0 (Windows NT 10.0; Win64; x64) AppleWebKit/537.36 (KHTML, like Gecko) Chrome/131.0.0.0 Safari/537.36"
49.13.95.119 - - [19/Jan/2025:06:13:56 +0530] "GET /assets/images/testimonial/style3/3.png HTTP/1.1" 200 7359 "https://svpimmigration.com/" "Mozilla/5.0 (Windows NT 10.0; Win64; x64) AppleWebKit/537.36 (KHTML, like Gecko) Chrome/131.0.0.0 Safari/537.36"
49.13.95.119 - - [19/Jan/2025:06:13:56 +0530] "GET /assets/images/testimonial/style3/4.png HTTP/1.1" 200 7359 "https://svpimmigration.com/" "Mozilla/5.0 (Windows NT 10.0; Win64; x64) AppleWebKit/537.36 (KHTML, like Gecko) Chrome/131.0.0.0 Safari/537.36"
49.13.95.119 - - [19/Jan/2025:06:13:56 +0530] "GET /assets/images/testimonial/style3/5.png HTTP/1.1" 200 7359 "https://svpimmigration.com/" "Mozilla/5.0 (Windows NT 10.0; Win64; x64) AppleWebKit/537.36 (KHTML, like Gecko) Chrome/131.0.0.0 Safari/537.36"
49.13.95.119 - - [19/Jan/2025:06:13:56 +0530] "GET /assets/images/logo-yellow.png HTTP/1.1" 200 138844 "https://svpimmigration.com/" "Mozilla/5.0 (Windows NT 10.0; Win64; x64) AppleWebKit/537.36 (KHTML, like Gecko) Chrome/131.0.0.0 Safari/537.36"
49.13.95.119 - - [19/Jan/2025:06:13:56 +0530] "GET /assets/images/bg/footer-bg.png HTTP/1.1" 200 16012 "https://svpimmigration.com/style.css" "Mozilla/5.0 (Windows NT 10.0; Win64; x64) AppleWebKit/537.36 (KHTML, like Gecko) Chrome/131.0.0.0 Safari/537.36"
49.13.95.119 - - [19/Jan/2025:06:13:56 +0530] "GET /assets/images/cta/covid-19.jpg HTTP/1.1" 200 138344 "https://svpimmigration.com/style.css" "Mozilla/5.0 (Windows NT 10.0; Win64; x64) AppleWebKit/537.36 (KHTML, like Gecko) Chrome/131.0.0.0 Safari/537.36"
49.13.95.119 - - [19/Jan/2025:06:13:57 +0530] "GET /assets/fonts/Flaticon.woff2 HTTP/1.1" 200 18900 "https://svpimmigration.com/assets/fonts/flaticon.css" "Mozilla/5.0 (Windows NT 10.0; Win64; x64) AppleWebKit/537.36 (KHTML, like Gecko) Chrome/131.0.0.0 Safari/537.36"
49.13.95.119 - - [19/Jan/2025:06:13:57 +0530] "GET /assets/fonts/fontawesome-webfont3e6e.woff2?v=4.7.0 HTTP/1.1" 200 77160 "https://svpimmigration.com/assets/css/font-awesome.min.css" "Mozilla/5.0 (Windows NT 10.0; Win64; x64) AppleWebKit/537.36 (KHTML, like Gecko) Chrome/131.0.0.0 Safari/537.36"
49.13.95.119 - - [19/Jan/2025:06:13:57 +0530] "GET /assets/images/testimonial/cloud-pattern.png HTTP/1.1" 200 12241 "https://svpimmigration.com/style.css" "Mozilla/5.0 (Windows NT 10.0; Win64; x64) AppleWebKit/537.36 (KHTML, like Gecko) Chrome/131.0.0.0 Safari/537.36"
49.13.95.119 - - [19/Jan/2025:06:13:57 +0530] "GET /assets/images/fav.png HTTP/1.1" 200 238795 "https://svpimmigration.com/" "Mozilla/5.0 (Windows NT 10.0; Win64; x64) AppleWebKit/537.36 (KHTML, like Gecko) Chrome/131.0.0.0 Safari/537.36"
52.167.144.223 - - [19/Jan/2025:06:14:39 +0530] "GET /products/imbibed320521064?id=973 HTTP/1.1" 404 - "-" "Mozilla/5.0 AppleWebKit/537.36 (KHTML, like Gecko; compatible; bingbot/2.0; +http://www.bing.com/bingbot.htm) Chrome/116.0.1938.76 Safari/537.36"
49.51.183.75 - - [19/Jan/2025:06:21:48 +0530] "GET / HTTP/1.1" 200 46969 "http://svpimmigration.com" "Mozilla/5.0 (iPhone; CPU iPhone OS 13_2_3 like Mac OS X) AppleWebKit/605.1.15 (KHTML, like Gecko) Version/13.0.3 Mobile/15E148 Safari/604.1"
181.210.15.69 - - [19/Jan/2025:06:24:28 +0530] "GET / HTTP/1.1" 200 46969 "https://www.google.com/" "Mozilla/5.0 (Linux; Android 10; K) AppleWebKit/537.36 (KHTML, like Gecko) SamsungBrowser/27.0 Chrome/125.0.0.0 Mobile Safari/537.36"
170.244.240.165 - - [19/Jan/2025:06:24:28 +0530] "GET / HTTP/1.1" 200 46969 "https://www.google.com/" "Mozilla/5.0 (Windows NT 10.0; Win64; x64) AppleWebKit/537.36 (KHTML, like Gecko) Chrome/131.0.0.0 Safari/537.36"
181.210.15.69 - - [19/Jan/2025:06:24:29 +0530] "GET /assets/css/bootstrap.min.css HTTP/1.1" 200 159521 "https://www.svpimmigration.com/" "Mozilla/5.0 (Linux; Android 10; K) AppleWebKit/537.36 (KHTML, like Gecko) SamsungBrowser/27.0 Chrome/125.0.0.0 Mobile Safari/537.36"
181.210.15.69 - - [19/Jan/2025:06:24:29 +0530] "GET /assets/css/font-awesome.min.css HTTP/1.1" 200 31028 "https://www.svpimmigration.com/" "Mozilla/5.0 (Linux; Android 10; K) AppleWebKit/537.36 (KHTML, like Gecko) SamsungBrowser/27.0 Chrome/125.0.0.0 Mobile Safari/537.36"
181.210.15.69 - - [19/Jan/2025:06:24:29 +0530] "GET /assets/css/animate.css HTTP/1.1" 200 74602 "https://www.svpimmigration.com/" "Mozilla/5.0 (Linux; Android 10; K) AppleWebKit/537.36 (KHTML, like Gecko) SamsungBrowser/27.0 Chrome/125.0.0.0 Mobile Safari/537.36"
181.210.15.69 - - [19/Jan/2025:06:24:29 +0530] "GET /assets/fonts/flaticon.css HTTP/1.1" 200 5433 "https://www.svpimmigration.com/" "Mozilla/5.0 (Linux; Android 10; K) AppleWebKit/537.36 (KHTML, like Gecko) SamsungBrowser/27.0 Chrome/125.0.0.0 Mobile Safari/537.36"
181.210.15.69 - - [19/Jan/2025:06:24:29 +0530] "GET /assets/css/owl.carousel.css HTTP/1.1" 200 4029 "https://www.svpimmigration.com/" "Mozilla/5.0 (Linux; Android 10; K) AppleWebKit/537.36 (KHTML, like Gecko) SamsungBrowser/27.0 Chrome/125.0.0.0 Mobile Safari/537.36"
181.210.15.69 - - [19/Jan/2025:06:24:29 +0530] "GET /assets/css/slick.css HTTP/1.1" 200 1846 "https://www.svpimmigration.com/" "Mozilla/5.0 (Linux; Android 10; K) AppleWebKit/537.36 (KHTML, like Gecko) SamsungBrowser/27.0 Chrome/125.0.0.0 Mobile Safari/537.36"
181.210.15.69 - - [19/Jan/2025:06:24:29 +0530] "GET /assets/css/off-canvas.css HTTP/1.1" 200 5949 "https://www.svpimmigration.com/" "Mozilla/5.0 (Linux; Android 10; K) AppleWebKit/537.36 (KHTML, like Gecko) SamsungBrowser/27.0 Chrome/125.0.0.0 Mobile Safari/537.36"
170.244.240.165 - - [19/Jan/2025:06:24:29 +0530] "GET /assets/css/bootstrap.min.css HTTP/1.1" 200 159521 "https://www.svpimmigration.com/" "Mozilla/5.0 (Windows NT 10.0; Win64; x64) AppleWebKit/537.36 (KHTML, like Gecko) Chrome/131.0.0.0 Safari/537.36"
181.210.15.69 - - [19/Jan/2025:06:24:29 +0530] "GET /assets/fonts/linea-fonts.css HTTP/1.1" 200 8239 "https://www.svpimmigration.com/" "Mozilla/5.0 (Linux; Android 10; K) AppleWebKit/537.36 (KHTML, like Gecko) SamsungBrowser/27.0 Chrome/125.0.0.0 Mobile Safari/537.36"
181.210.15.69 - - [19/Jan/2025:06:24:29 +0530] "GET /assets/css/magnific-popup.css HTTP/1.1" 200 7306 "https://www.svpimmigration.com/" "Mozilla/5.0 (Linux; Android 10; K) AppleWebKit/537.36 (KHTML, like Gecko) SamsungBrowser/27.0 Chrome/125.0.0.0 Mobile Safari/537.36"
181.210.15.69 - - [19/Jan/2025:06:24:29 +0530] "GET /assets/css/rsmenu-main.css HTTP/1.1" 200 16902 "https://www.svpimmigration.com/" "Mozilla/5.0 (Linux; Android 10; K) AppleWebKit/537.36 (KHTML, like Gecko) SamsungBrowser/27.0 Chrome/125.0.0.0 Mobile Safari/537.36"
170.244.240.165 - - [19/Jan/2025:06:24:30 +0530] "GET /assets/css/font-awesome.min.css HTTP/1.1" 200 31028 "https://www.svpimmigration.com/" "Mozilla/5.0 (Windows NT 10.0; Win64; x64) AppleWebKit/537.36 (KHTML, like Gecko) Chrome/131.0.0.0 Safari/537.36"
181.210.15.69 - - [19/Jan/2025:06:24:30 +0530] "GET /assets/css/custome.css HTTP/1.1" 200 1290 "https://www.svpimmigration.com/" "Mozilla/5.0 (Linux; Android 10; K) AppleWebKit/537.36 (KHTML, like Gecko) SamsungBrowser/27.0 Chrome/125.0.0.0 Mobile Safari/537.36"
181.210.15.69 - - [19/Jan/2025:06:24:29 +0530] "GET /assets/css/responsive.css HTTP/1.1" 200 118581 "https://www.svpimmigration.com/" "Mozilla/5.0 (Linux; Android 10; K) AppleWebKit/537.36 (KHTML, like Gecko) SamsungBrowser/27.0 Chrome/125.0.0.0 Mobile Safari/537.36"
181.210.15.69 - - [19/Jan/2025:06:24:30 +0530] "GET /assets/images/logo-svp.png HTTP/1.1" 200 136025 "https://www.svpimmigration.com/" "Mozilla/5.0 (Linux; Android 10; K) AppleWebKit/537.36 (KHTML, like Gecko) SamsungBrowser/27.0 Chrome/125.0.0.0 Mobile Safari/537.36"
181.210.15.69 - - [19/Jan/2025:06:24:30 +0530] "GET /assets/images/logo-yellow2.png HTTP/1.1" 404 - "https://www.svpimmigration.com/" "Mozilla/5.0 (Linux; Android 10; K) AppleWebKit/537.36 (KHTML, like Gecko) SamsungBrowser/27.0 Chrome/125.0.0.0 Mobile Safari/537.36"
170.244.240.165 - - [19/Jan/2025:06:24:30 +0530] "GET /assets/css/slick.css HTTP/1.1" 200 1846 "https://www.svpimmigration.com/" "Mozilla/5.0 (Windows NT 10.0; Win64; x64) AppleWebKit/537.36 (KHTML, like Gecko) Chrome/131.0.0.0 Safari/537.36"
181.210.15.69 - - [19/Jan/2025:06:24:30 +0530] "GET /assets/images/gallery/1.jpg HTTP/1.1" 404 - "https://www.svpimmigration.com/" "Mozilla/5.0 (Linux; Android 10; K) AppleWebKit/537.36 (KHTML, like Gecko) SamsungBrowser/27.0 Chrome/125.0.0.0 Mobile Safari/537.36"
170.244.240.165 - - [19/Jan/2025:06:24:30 +0530] "GET /assets/css/animate.css HTTP/1.1" 200 74602 "https://www.svpimmigration.com/" "Mozilla/5.0 (Windows NT 10.0; Win64; x64) AppleWebKit/537.36 (KHTML, like Gecko) Chrome/131.0.0.0 Safari/537.36"
181.210.15.69 - - [19/Jan/2025:06:24:30 +0530] "GET /assets/images/gallery/2.jpg HTTP/1.1" 404 - "https://www.svpimmigration.com/" "Mozilla/5.0 (Linux; Android 10; K) AppleWebKit/537.36 (KHTML, like Gecko) SamsungBrowser/27.0 Chrome/125.0.0.0 Mobile Safari/537.36"
170.244.240.165 - - [19/Jan/2025:06:24:30 +0530] "GET /assets/css/owl.carousel.css HTTP/1.1" 200 4029 "https://www.svpimmigration.com/" "Mozilla/5.0 (Windows NT 10.0; Win64; x64) AppleWebKit/537.36 (KHTML, like Gecko) Chrome/131.0.0.0 Safari/537.36"
181.210.15.69 - - [19/Jan/2025:06:24:30 +0530] "GET /assets/js/modernizr-2.8.3.min.js HTTP/1.1" 200 15518 "https://www.svpimmigration.com/" "Mozilla/5.0 (Linux; Android 10; K) AppleWebKit/537.36 (KHTML, like Gecko) SamsungBrowser/27.0 Chrome/125.0.0.0 Mobile Safari/537.36"
181.210.15.69 - - [19/Jan/2025:06:24:29 +0530] "GET /assets/css/rs-spacing.css HTTP/1.1" 200 443003 "https://www.svpimmigration.com/" "Mozilla/5.0 (Linux; Android 10; K) AppleWebKit/537.36 (KHTML, like Gecko) SamsungBrowser/27.0 Chrome/125.0.0.0 Mobile Safari/537.36"
181.210.15.69 - - [19/Jan/2025:06:24:30 +0530] "GET /assets/js/jquery.min.js HTTP/1.1" 200 84344 "https://www.svpimmigration.com/" "Mozilla/5.0 (Linux; Android 10; K) AppleWebKit/537.36 (KHTML, like Gecko) SamsungBrowser/27.0 Chrome/125.0.0.0 Mobile Safari/537.36"
181.210.15.69 - - [19/Jan/2025:06:24:29 +0530] "GET /style.css HTTP/1.1" 200 405477 "https://www.svpimmigration.com/" "Mozilla/5.0 (Linux; Android 10; K) AppleWebKit/537.36 (KHTML, like Gecko) SamsungBrowser/27.0 Chrome/125.0.0.0 Mobile Safari/537.36"
170.244.240.165 - - [19/Jan/2025:06:24:30 +0530] "GET /assets/fonts/linea-fonts.css HTTP/1.1" 200 8239 "https://www.svpimmigration.com/" "Mozilla/5.0 (Windows NT 10.0; Win64; x64) AppleWebKit/537.36 (KHTML, like Gecko) Chrome/131.0.0.0 Safari/537.36"
181.210.15.69 - - [19/Jan/2025:06:24:30 +0530] "GET /assets/js/bootstrap.min.js HTTP/1.1" 200 60016 "https://www.svpimmigration.com/" "Mozilla/5.0 (Linux; Android 10; K) AppleWebKit/537.36 (KHTML, like Gecko) SamsungBrowser/27.0 Chrome/125.0.0.0 Mobile Safari/537.36"
170.244.240.165 - - [19/Jan/2025:06:24:30 +0530] "GET /assets/css/off-canvas.css HTTP/1.1" 200 5949 "https://www.svpimmigration.com/" "Mozilla/5.0 (Windows NT 10.0; Win64; x64) AppleWebKit/537.36 (KHTML, like Gecko) Chrome/131.0.0.0 Safari/537.36"
181.210.15.69 - - [19/Jan/2025:06:24:30 +0530] "GET /assets/js/rsmenu-main.js HTTP/1.1" 200 4526 "https://www.svpimmigration.com/" "Mozilla/5.0 (Linux; Android 10; K) AppleWebKit/537.36 (KHTML, like Gecko) SamsungBrowser/27.0 Chrome/125.0.0.0 Mobile Safari/537.36"
181.210.15.69 - - [19/Jan/2025:06:24:30 +0530] "GET /assets/js/jquery.nav.js HTTP/1.1" 200 6989 "https://www.svpimmigration.com/" "Mozilla/5.0 (Linux; Android 10; K) AppleWebKit/537.36 (KHTML, like Gecko) SamsungBrowser/27.0 Chrome/125.0.0.0 Mobile Safari/537.36"
170.244.240.165 - - [19/Jan/2025:06:24:30 +0530] "GET /assets/fonts/flaticon.css HTTP/1.1" 200 5433 "https://www.svpimmigration.com/" "Mozilla/5.0 (Windows NT 10.0; Win64; x64) AppleWebKit/537.36 (KHTML, like Gecko) Chrome/131.0.0.0 Safari/537.36"
181.210.15.69 - - [19/Jan/2025:06:24:30 +0530] "GET /assets/js/owl.carousel.min.js HTTP/1.1" 200 42772 "https://www.svpimmigration.com/" "Mozilla/5.0 (Linux; Android 10; K) AppleWebKit/537.36 (KHTML, like Gecko) SamsungBrowser/27.0 Chrome/125.0.0.0 Mobile Safari/537.36"
170.244.240.165 - - [19/Jan/2025:06:24:30 +0530] "GET /assets/css/magnific-popup.css HTTP/1.1" 200 7306 "https://www.svpimmigration.com/" "Mozilla/5.0 (Windows NT 10.0; Win64; x64) AppleWebKit/537.36 (KHTML, like Gecko) Chrome/131.0.0.0 Safari/537.36"
181.210.15.69 - - [19/Jan/2025:06:24:30 +0530] "GET /assets/js/slick.min.js HTTP/1.1" 200 41971 "https://www.svpimmigration.com/" "Mozilla/5.0 (Linux; Android 10; K) AppleWebKit/537.36 (KHTML, like Gecko) SamsungBrowser/27.0 Chrome/125.0.0.0 Mobile Safari/537.36"
181.210.15.69 - - [19/Jan/2025:06:24:30 +0530] "GET /assets/js/imagesloaded.pkgd.min.js HTTP/1.1" 200 5559 "https://www.svpimmigration.com/" "Mozilla/5.0 (Linux; Android 10; K) AppleWebKit/537.36 (KHTML, like Gecko) SamsungBrowser/27.0 Chrome/125.0.0.0 Mobile Safari/537.36"
181.210.15.69 - - [19/Jan/2025:06:24:30 +0530] "GET /assets/js/isotope.pkgd.min.js HTTP/1.1" 200 35313 "https://www.svpimmigration.com/" "Mozilla/5.0 (Linux; Android 10; K) AppleWebKit/537.36 (KHTML, like Gecko) SamsungBrowser/27.0 Chrome/125.0.0.0 Mobile Safari/537.36"
170.244.240.165 - - [19/Jan/2025:06:24:30 +0530] "GET /assets/css/rsmenu-main.css HTTP/1.1" 200 16902 "https://www.svpimmigration.com/" "Mozilla/5.0 (Windows NT 10.0; Win64; x64) AppleWebKit/537.36 (KHTML, like Gecko) Chrome/131.0.0.0 Safari/537.36"
170.244.240.165 - - [19/Jan/2025:06:24:30 +0530] "GET /assets/css/responsive.css HTTP/1.1" 200 118581 "https://www.svpimmigration.com/" "Mozilla/5.0 (Windows NT 10.0; Win64; x64) AppleWebKit/537.36 (KHTML, like Gecko) Chrome/131.0.0.0 Safari/537.36"
181.210.15.69 - - [19/Jan/2025:06:24:30 +0530] "GET /assets/js/wow.min.js HTTP/1.1" 200 8441 "https://www.svpimmigration.com/" "Mozilla/5.0 (Linux; Android 10; K) AppleWebKit/537.36 (KHTML, like Gecko) SamsungBrowser/27.0 Chrome/125.0.0.0 Mobile Safari/537.36"
181.210.15.69 - - [19/Jan/2025:06:24:31 +0530] "GET /assets/js/jquery.counterup.min.js HTTP/1.1" 200 1067 "https://www.svpimmigration.com/" "Mozilla/5.0 (Linux; Android 10; K) AppleWebKit/537.36 (KHTML, like Gecko) SamsungBrowser/27.0 Chrome/125.0.0.0 Mobile Safari/537.36"
181.210.15.69 - - [19/Jan/2025:06:24:31 +0530] "GET /assets/js/waypoints.min.js HTTP/1.1" 200 8044 "https://www.svpimmigration.com/" "Mozilla/5.0 (Linux; Android 10; K) AppleWebKit/537.36 (KHTML, like Gecko) SamsungBrowser/27.0 Chrome/125.0.0.0 Mobile Safari/537.36"
181.210.15.69 - - [19/Jan/2025:06:24:31 +0530] "GET /assets/js/jquery.mb.YTPlayer.min.js HTTP/1.1" 200 53954 "https://www.svpimmigration.com/" "Mozilla/5.0 (Linux; Android 10; K) AppleWebKit/537.36 (KHTML, like Gecko) SamsungBrowser/27.0 Chrome/125.0.0.0 Mobile Safari/537.36"
170.244.240.165 - - [19/Jan/2025:06:24:31 +0530] "GET /assets/css/custome.css HTTP/1.1" 200 1290 "https://www.svpimmigration.com/" "Mozilla/5.0 (Windows NT 10.0; Win64; x64) AppleWebKit/537.36 (KHTML, like Gecko) Chrome/131.0.0.0 Safari/537.36"
181.210.15.69 - - [19/Jan/2025:06:24:31 +0530] "GET /assets/js/jquery.magnific-popup.min.js HTTP/1.1" 200 20233 "https://www.svpimmigration.com/" "Mozilla/5.0 (Linux; Android 10; K) AppleWebKit/537.36 (KHTML, like Gecko) SamsungBrowser/27.0 Chrome/125.0.0.0 Mobile Safari/537.36"
181.210.15.69 - - [19/Jan/2025:06:24:31 +0530] "GET /assets/js/tilt.jquery.min.js HTTP/1.1" 200 5640 "https://www.svpimmigration.com/" "Mozilla/5.0 (Linux; Android 10; K) AppleWebKit/537.36 (KHTML, like Gecko) SamsungBrowser/27.0 Chrome/125.0.0.0 Mobile Safari/537.36"
181.210.15.69 - - [19/Jan/2025:06:24:31 +0530] "GET /assets/js/plugins.js HTTP/1.1" 200 2827 "https://www.svpimmigration.com/" "Mozilla/5.0 (Linux; Android 10; K) AppleWebKit/537.36 (KHTML, like Gecko) SamsungBrowser/27.0 Chrome/125.0.0.0 Mobile Safari/537.36"
181.210.15.69 - - [19/Jan/2025:06:24:31 +0530] "GET /assets/js/contact.form.js HTTP/1.1" 200 1831 "https://www.svpimmigration.com/" "Mozilla/5.0 (Linux; Android 10; K) AppleWebKit/537.36 (KHTML, like Gecko) SamsungBrowser/27.0 Chrome/125.0.0.0 Mobile Safari/537.36"
181.210.15.69 - - [19/Jan/2025:06:24:31 +0530] "GET /assets/js/skill.bars.jquery.js HTTP/1.1" 200 2128 "https://www.svpimmigration.com/" "Mozilla/5.0 (Linux; Android 10; K) AppleWebKit/537.36 (KHTML, like Gecko) SamsungBrowser/27.0 Chrome/125.0.0.0 Mobile Safari/537.36"
181.210.15.69 - - [19/Jan/2025:06:24:31 +0530] "GET /assets/js/main.js HTTP/1.1" 200 11704 "https://www.svpimmigration.com/" "Mozilla/5.0 (Linux; Android 10; K) AppleWebKit/537.36 (KHTML, like Gecko) SamsungBrowser/27.0 Chrome/125.0.0.0 Mobile Safari/537.36"
181.210.15.69 - - [19/Jan/2025:06:24:31 +0530] "GET /assets/images/gallery/3.jpg HTTP/1.1" 404 - "https://www.svpimmigration.com/" "Mozilla/5.0 (Linux; Android 10; K) AppleWebKit/537.36 (KHTML, like Gecko) SamsungBrowser/27.0 Chrome/125.0.0.0 Mobile Safari/537.36"
181.210.15.69 - - [19/Jan/2025:06:24:31 +0530] "GET /assets/images/gallery/4.jpg HTTP/1.1" 404 - "https://www.svpimmigration.com/" "Mozilla/5.0 (Linux; Android 10; K) AppleWebKit/537.36 (KHTML, like Gecko) SamsungBrowser/27.0 Chrome/125.0.0.0 Mobile Safari/537.36"
181.210.15.69 - - [19/Jan/2025:06:24:31 +0530] "GET /assets/images/gallery/5.jpg HTTP/1.1" 404 - "https://www.svpimmigration.com/" "Mozilla/5.0 (Linux; Android 10; K) AppleWebKit/537.36 (KHTML, like Gecko) SamsungBrowser/27.0 Chrome/125.0.0.0 Mobile Safari/537.36"
181.210.15.69 - - [19/Jan/2025:06:24:31 +0530] "GET /assets/images/gallery/6.jpg HTTP/1.1" 404 - "https://www.svpimmigration.com/" "Mozilla/5.0 (Linux; Android 10; K) AppleWebKit/537.36 (KHTML, like Gecko) SamsungBrowser/27.0 Chrome/125.0.0.0 Mobile Safari/537.36"
181.210.15.69 - - [19/Jan/2025:06:24:31 +0530] "GET /assets/images/map.jpg HTTP/1.1" 200 21155 "https://www.svpimmigration.com/" "Mozilla/5.0 (Linux; Android 10; K) AppleWebKit/537.36 (KHTML, like Gecko) SamsungBrowser/27.0 Chrome/125.0.0.0 Mobile Safari/537.36"
170.244.240.165 - - [19/Jan/2025:06:24:30 +0530] "GET /style.css HTTP/1.1" 200 405477 "https://www.svpimmigration.com/" "Mozilla/5.0 (Windows NT 10.0; Win64; x64) AppleWebKit/537.36 (KHTML, like Gecko) Chrome/131.0.0.0 Safari/537.36"
181.210.15.69 - - [19/Jan/2025:06:24:31 +0530] "GET /assets/images/whatsapp.png HTTP/1.1" 200 152291 "https://www.svpimmigration.com/" "Mozilla/5.0 (Linux; Android 10; K) AppleWebKit/537.36 (KHTML, like Gecko) SamsungBrowser/27.0 Chrome/125.0.0.0 Mobile Safari/537.36"
181.210.15.69 - - [19/Jan/2025:06:24:31 +0530] "GET /assets/images/features/style2/1.png HTTP/1.1" 200 15541 "https://www.svpimmigration.com/" "Mozilla/5.0 (Linux; Android 10; K) AppleWebKit/537.36 (KHTML, like Gecko) SamsungBrowser/27.0 Chrome/125.0.0.0 Mobile Safari/537.36"
170.244.240.165 - - [19/Jan/2025:06:24:31 +0530] "GET /assets/css/rs-spacing.css HTTP/1.1" 200 443003 "https://www.svpimmigration.com/" "Mozilla/5.0 (Windows NT 10.0; Win64; x64) AppleWebKit/537.36 (KHTML, like Gecko) Chrome/131.0.0.0 Safari/537.36"
181.210.15.69 - - [19/Jan/2025:06:24:31 +0530] "GET /assets/fonts/Flaticon.woff2 HTTP/1.1" 200 18900 "https://www.svpimmigration.com/assets/fonts/flaticon.css" "Mozilla/5.0 (Linux; Android 10; K) AppleWebKit/537.36 (KHTML, like Gecko) SamsungBrowser/27.0 Chrome/125.0.0.0 Mobile Safari/537.36"
181.210.15.69 - - [19/Jan/2025:06:24:31 +0530] "GET /assets/images/features/style2/3.png HTTP/1.1" 200 12723 "https://www.svpimmigration.com/" "Mozilla/5.0 (Linux; Android 10; K) AppleWebKit/537.36 (KHTML, like Gecko) SamsungBrowser/27.0 Chrome/125.0.0.0 Mobile Safari/537.36"
181.210.15.69 - - [19/Jan/2025:06:24:31 +0530] "GET /assets/images/call.gif HTTP/1.1" 200 31721 "https://www.svpimmigration.com/" "Mozilla/5.0 (Linux; Android 10; K) AppleWebKit/537.36 (KHTML, like Gecko) SamsungBrowser/27.0 Chrome/125.0.0.0 Mobile Safari/537.36"
170.244.240.165 - - [19/Jan/2025:06:24:31 +0530] "GET /assets/images/logo-svp.png HTTP/1.1" 200 136025 "https://www.svpimmigration.com/" "Mozilla/5.0 (Windows NT 10.0; Win64; x64) AppleWebKit/537.36 (KHTML, like Gecko) Chrome/131.0.0.0 Safari/537.36"
170.244.240.165 - - [19/Jan/2025:06:24:31 +0530] "GET /assets/images/logo-yellow2.png HTTP/1.1" 404 - "https://www.svpimmigration.com/" "Mozilla/5.0 (Windows NT 10.0; Win64; x64) AppleWebKit/537.36 (KHTML, like Gecko) Chrome/131.0.0.0 Safari/537.36"
181.210.15.69 - - [19/Jan/2025:06:24:31 +0530] "GET /assets/fonts/fontawesome-webfont3e6e.woff2?v=4.7.0 HTTP/1.1" 200 77160 "https://www.svpimmigration.com/assets/css/font-awesome.min.css" "Mozilla/5.0 (Linux; Android 10; K) AppleWebKit/537.36 (KHTML, like Gecko) SamsungBrowser/27.0 Chrome/125.0.0.0 Mobile Safari/537.36"
181.210.15.69 - - [19/Jan/2025:06:24:31 +0530] "GET /assets/images/features/style2/2.png HTTP/1.1" 200 10455 "https://www.svpimmigration.com/" "Mozilla/5.0 (Linux; Android 10; K) AppleWebKit/537.36 (KHTML, like Gecko) SamsungBrowser/27.0 Chrome/125.0.0.0 Mobile Safari/537.36"
181.210.15.69 - - [19/Jan/2025:06:24:31 +0530] "GET /assets/images/features/style2/4.png HTTP/1.1" 200 15448 "https://www.svpimmigration.com/" "Mozilla/5.0 (Linux; Android 10; K) AppleWebKit/537.36 (KHTML, like Gecko) SamsungBrowser/27.0 Chrome/125.0.0.0 Mobile Safari/537.36"
181.210.15.69 - - [19/Jan/2025:06:24:31 +0530] "GET /assets/images/banner/banner-1.jpg HTTP/1.1" 200 1008343 "https://www.svpimmigration.com/" "Mozilla/5.0 (Linux; Android 10; K) AppleWebKit/537.36 (KHTML, like Gecko) SamsungBrowser/27.0 Chrome/125.0.0.0 Mobile Safari/537.36"
181.210.15.69 - - [19/Jan/2025:06:24:31 +0530] "GET /assets/images/banner/banner-2.jpg HTTP/1.1" 200 1510464 "https://www.svpimmigration.com/" "Mozilla/5.0 (Linux; Android 10; K) AppleWebKit/537.36 (KHTML, like Gecko) SamsungBrowser/27.0 Chrome/125.0.0.0 Mobile Safari/537.36"
181.210.15.69 - - [19/Jan/2025:06:24:32 +0530] "GET /assets/images/categories/home9/1.jpg HTTP/1.1" 200 116249 "https://www.svpimmigration.com/" "Mozilla/5.0 (Linux; Android 10; K) AppleWebKit/537.36 (KHTML, like Gecko) SamsungBrowser/27.0 Chrome/125.0.0.0 Mobile Safari/537.36"
170.244.240.165 - - [19/Jan/2025:06:24:32 +0530] "GET /assets/images/gallery/1.jpg HTTP/1.1" 404 - "https://www.svpimmigration.com/" "Mozilla/5.0 (Windows NT 10.0; Win64; x64) AppleWebKit/537.36 (KHTML, like Gecko) Chrome/131.0.0.0 Safari/537.36"
170.244.240.165 - - [19/Jan/2025:06:24:32 +0530] "GET /assets/images/gallery/2.jpg HTTP/1.1" 404 - "https://www.svpimmigration.com/" "Mozilla/5.0 (Windows NT 10.0; Win64; x64) AppleWebKit/537.36 (KHTML, like Gecko) Chrome/131.0.0.0 Safari/537.36"
181.210.15.69 - - [19/Jan/2025:06:24:32 +0530] "GET /assets/images/categories/home9/2.jpg HTTP/1.1" 200 114612 "https://www.svpimmigration.com/" "Mozilla/5.0 (Linux; Android 10; K) AppleWebKit/537.36 (KHTML, like Gecko) SamsungBrowser/27.0 Chrome/125.0.0.0 Mobile Safari/537.36"
181.210.15.69 - - [19/Jan/2025:06:24:32 +0530] "GET /assets/images/about/home9/about.png HTTP/1.1" 200 784827 "https://www.svpimmigration.com/" "Mozilla/5.0 (Linux; Android 10; K) AppleWebKit/537.36 (KHTML, like Gecko) SamsungBrowser/27.0 Chrome/125.0.0.0 Mobile Safari/537.36"
181.210.15.69 - - [19/Jan/2025:06:24:32 +0530] "GET /assets/images/categories/home9/3.jpg HTTP/1.1" 200 62099 "https://www.svpimmigration.com/" "Mozilla/5.0 (Linux; Android 10; K) AppleWebKit/537.36 (KHTML, like Gecko) SamsungBrowser/27.0 Chrome/125.0.0.0 Mobile Safari/537.36"
181.210.15.69 - - [19/Jan/2025:06:24:32 +0530] "GET /assets/images/testimonial/style3/1.png HTTP/1.1" 200 7359 "https://www.svpimmigration.com/" "Mozilla/5.0 (Linux; Android 10; K) AppleWebKit/537.36 (KHTML, like Gecko) SamsungBrowser/27.0 Chrome/125.0.0.0 Mobile Safari/537.36"
170.244.240.165 - - [19/Jan/2025:06:24:32 +0530] "GET /assets/js/modernizr-2.8.3.min.js HTTP/1.1" 200 15518 "https://www.svpimmigration.com/" "Mozilla/5.0 (Windows NT 10.0; Win64; x64) AppleWebKit/537.36 (KHTML, like Gecko) Chrome/131.0.0.0 Safari/537.36"
170.244.240.165 - - [19/Jan/2025:06:24:32 +0530] "GET /assets/js/jquery.min.js HTTP/1.1" 200 84344 "https://www.svpimmigration.com/" "Mozilla/5.0 (Windows NT 10.0; Win64; x64) AppleWebKit/537.36 (KHTML, like Gecko) Chrome/131.0.0.0 Safari/537.36"
181.210.15.69 - - [19/Jan/2025:06:24:32 +0530] "GET /assets/images/testimonial/style3/2.png HTTP/1.1" 200 7359 "https://www.svpimmigration.com/" "Mozilla/5.0 (Linux; Android 10; K) AppleWebKit/537.36 (KHTML, like Gecko) SamsungBrowser/27.0 Chrome/125.0.0.0 Mobile Safari/537.36"
181.210.15.69 - - [19/Jan/2025:06:24:32 +0530] "GET /assets/images/testimonial/style3/3.png HTTP/1.1" 200 7359 "https://www.svpimmigration.com/" "Mozilla/5.0 (Linux; Android 10; K) AppleWebKit/537.36 (KHTML, like Gecko) SamsungBrowser/27.0 Chrome/125.0.0.0 Mobile Safari/537.36"
181.210.15.69 - - [19/Jan/2025:06:24:32 +0530] "GET /assets/images/testimonial/style3/4.png HTTP/1.1" 200 7359 "https://www.svpimmigration.com/" "Mozilla/5.0 (Linux; Android 10; K) AppleWebKit/537.36 (KHTML, like Gecko) SamsungBrowser/27.0 Chrome/125.0.0.0 Mobile Safari/537.36"
181.210.15.69 - - [19/Jan/2025:06:24:32 +0530] "GET /assets/images/testimonial/style3/5.png HTTP/1.1" 200 7359 "https://www.svpimmigration.com/" "Mozilla/5.0 (Linux; Android 10; K) AppleWebKit/537.36 (KHTML, like Gecko) SamsungBrowser/27.0 Chrome/125.0.0.0 Mobile Safari/537.36"
181.210.15.69 - - [19/Jan/2025:06:24:32 +0530] "GET /assets/images/logo-yellow.png HTTP/1.1" 200 138844 "https://www.svpimmigration.com/" "Mozilla/5.0 (Linux; Android 10; K) AppleWebKit/537.36 (KHTML, like Gecko) SamsungBrowser/27.0 Chrome/125.0.0.0 Mobile Safari/537.36"
181.210.15.69 - - [19/Jan/2025:06:24:32 +0530] "GET /assets/images/bg/footer-bg.png HTTP/1.1" 200 16012 "https://www.svpimmigration.com/style.css" "Mozilla/5.0 (Linux; Android 10; K) AppleWebKit/537.36 (KHTML, like Gecko) SamsungBrowser/27.0 Chrome/125.0.0.0 Mobile Safari/537.36"
170.244.240.165 - - [19/Jan/2025:06:24:32 +0530] "GET /assets/js/rsmenu-main.js HTTP/1.1" 200 4526 "https://www.svpimmigration.com/" "Mozilla/5.0 (Windows NT 10.0; Win64; x64) AppleWebKit/537.36 (KHTML, like Gecko) Chrome/131.0.0.0 Safari/537.36"
170.244.240.165 - - [19/Jan/2025:06:24:32 +0530] "GET /assets/js/bootstrap.min.js HTTP/1.1" 200 60016 "https://www.svpimmigration.com/" "Mozilla/5.0 (Windows NT 10.0; Win64; x64) AppleWebKit/537.36 (KHTML, like Gecko) Chrome/131.0.0.0 Safari/537.36"
170.244.240.165 - - [19/Jan/2025:06:24:32 +0530] "GET /assets/js/owl.carousel.min.js HTTP/1.1" 200 42772 "https://www.svpimmigration.com/" "Mozilla/5.0 (Windows NT 10.0; Win64; x64) AppleWebKit/537.36 (KHTML, like Gecko) Chrome/131.0.0.0 Safari/537.36"
170.244.240.165 - - [19/Jan/2025:06:24:32 +0530] "GET /assets/js/slick.min.js HTTP/1.1" 200 41971 "https://www.svpimmigration.com/" "Mozilla/5.0 (Windows NT 10.0; Win64; x64) AppleWebKit/537.36 (KHTML, like Gecko) Chrome/131.0.0.0 Safari/537.36"
170.244.240.165 - - [19/Jan/2025:06:24:32 +0530] "GET /assets/js/jquery.nav.js HTTP/1.1" 200 6989 "https://www.svpimmigration.com/" "Mozilla/5.0 (Windows NT 10.0; Win64; x64) AppleWebKit/537.36 (KHTML, like Gecko) Chrome/131.0.0.0 Safari/537.36"
170.244.240.165 - - [19/Jan/2025:06:24:32 +0530] "GET /assets/js/isotope.pkgd.min.js HTTP/1.1" 200 35313 "https://www.svpimmigration.com/" "Mozilla/5.0 (Windows NT 10.0; Win64; x64) AppleWebKit/537.36 (KHTML, like Gecko) Chrome/131.0.0.0 Safari/537.36"
181.210.15.69 - - [19/Jan/2025:06:24:32 +0530] "GET /assets/images/testimonial/cloud-pattern.png HTTP/1.1" 200 12241 "https://www.svpimmigration.com/style.css" "Mozilla/5.0 (Linux; Android 10; K) AppleWebKit/537.36 (KHTML, like Gecko) SamsungBrowser/27.0 Chrome/125.0.0.0 Mobile Safari/537.36"
170.244.240.165 - - [19/Jan/2025:06:24:32 +0530] "GET /assets/fonts/fontawesome-webfont3e6e.woff2?v=4.7.0 HTTP/1.1" 200 77160 "https://www.svpimmigration.com/assets/css/font-awesome.min.css" "Mozilla/5.0 (Windows NT 10.0; Win64; x64) AppleWebKit/537.36 (KHTML, like Gecko) Chrome/131.0.0.0 Safari/537.36"
170.244.240.165 - - [19/Jan/2025:06:24:32 +0530] "GET /assets/fonts/Flaticon.woff2 HTTP/1.1" 200 18900 "https://www.svpimmigration.com/assets/fonts/flaticon.css" "Mozilla/5.0 (Windows NT 10.0; Win64; x64) AppleWebKit/537.36 (KHTML, like Gecko) Chrome/131.0.0.0 Safari/537.36"
170.244.240.165 - - [19/Jan/2025:06:24:33 +0530] "GET /assets/images/call.gif HTTP/1.1" 200 31721 "https://www.svpimmigration.com/" "Mozilla/5.0 (Windows NT 10.0; Win64; x64) AppleWebKit/537.36 (KHTML, like Gecko) Chrome/131.0.0.0 Safari/537.36"
