ok

Mini Shell

Direktori : /home/importfo/access-logs/
Upload File :
Current File : /home/importfo/access-logs/toothstudio.in.importfolio.digital

103.175.163.186 - - [18/Jan/2025:14:28:54 +0530] "GET / HTTP/1.1" 302 207 "-" "Python/3.11 aiohttp/3.9.2"
103.175.163.186 - - [18/Jan/2025:14:59:03 +0530] "GET / HTTP/1.1" 302 207 "-" "Python/3.11 aiohttp/3.9.2"
103.175.163.186 - - [18/Jan/2025:15:28:49 +0530] "GET / HTTP/1.1" 302 207 "-" "Python/3.11 aiohttp/3.9.2"
146.190.109.113 - - [18/Jan/2025:15:50:48 +0530] "GET / HTTP/1.1" 302 227 "-" "Mozilla/5.0 (Windows NT 10.0; Win64; x64) AppleWebKit/537.36 (KHTML, like Gecko) Chrome/78.0.3904.108 Safari/537.36"
146.190.109.113 - - [18/Jan/2025:15:50:50 +0530] "GET / HTTP/1.1" 302 227 "-" "Mozilla/5.0 (Windows NT 10.0; Win64; x64) AppleWebKit/537.36 (KHTML, like Gecko) Chrome/78.0.3904.108 Safari/537.36"
146.190.109.113 - - [18/Jan/2025:15:50:50 +0530] "GET / HTTP/1.1" 302 227 "-" "Mozilla/5.0 (Windows NT 10.0; Win64; x64) AppleWebKit/537.36 (KHTML, like Gecko) Chrome/78.0.3904.108 Safari/537.36"
146.190.109.113 - - [18/Jan/2025:15:50:52 +0530] "GET / HTTP/1.1" 302 227 "-" "Mozilla/5.0 (Windows NT 10.0; Win64; x64) AppleWebKit/537.36 (KHTML, like Gecko) Chrome/78.0.3904.108 Safari/537.36"
146.190.109.113 - - [18/Jan/2025:15:50:52 +0530] "GET / HTTP/1.1" 302 227 "-" "Mozilla/5.0 (Windows NT 10.0; Win64; x64) AppleWebKit/537.36 (KHTML, like Gecko) Chrome/78.0.3904.108 Safari/537.36"
146.190.109.113 - - [18/Jan/2025:15:50:53 +0530] "GET / HTTP/1.1" 302 227 "-" "Mozilla/5.0 (Windows NT 10.0; Win64; x64) AppleWebKit/537.36 (KHTML, like Gecko) Chrome/78.0.3904.108 Safari/537.36"
103.175.163.186 - - [18/Jan/2025:15:58:53 +0530] "GET / HTTP/1.1" 302 207 "-" "Python/3.11 aiohttp/3.9.2"
103.175.163.186 - - [18/Jan/2025:16:29:01 +0530] "GET / HTTP/1.1" 302 207 "-" "Python/3.11 aiohttp/3.9.2"
103.175.163.186 - - [18/Jan/2025:16:58:52 +0530] "GET / HTTP/1.1" 302 207 "-" "Python/3.11 aiohttp/3.9.2"
103.175.163.186 - - [18/Jan/2025:17:01:49 +0530] "GET /.well-known/acme-challenge/DSM6WMA57CLZC-I2OZYOB0-WD8561GXO HTTP/1.1" 404 - "-" "Cpanel-HTTP-Client/1.0"
103.175.163.186 - - [18/Jan/2025:17:01:49 +0530] "GET /.well-known/acme-challenge/ZZ_9J4A_-GIQCZF0XMF4_GWO5KX_ZEQP HTTP/1.1" 404 - "-" "Cpanel-HTTP-Client/1.0"
103.175.163.186 - - [18/Jan/2025:17:01:50 +0530] "GET /.well-known/acme-challenge/92LH-E84C421TENA2HPF3G-60M-D06JM HTTP/1.1" 404 - "-" "Cpanel-HTTP-Client/1.0"
65.21.197.85 - - [18/Jan/2025:17:01:50 +0530] "GET /.well-known/acme-challenge/88CMW6S_Z6WQMIHUO_CFHNBYHHQFFYOF HTTP/1.1" 404 - "-" "Cpanel-HTTP-Client/1.0"
65.21.197.85 - - [18/Jan/2025:17:01:50 +0530] "GET /.well-known/acme-challenge/R0OX4QM5PVR42IB6XW-A__3ASDNDSLK7 HTTP/1.1" 404 - "-" "Cpanel-HTTP-Client/1.0"
65.21.197.85 - - [18/Jan/2025:17:01:51 +0530] "GET /.well-known/acme-challenge/KKD78OK3ZH3_F9AM4ZNTDM9Q0UF7XBK6 HTTP/1.1" 404 - "-" "Cpanel-HTTP-Client/1.0"
65.21.197.85 - - [18/Jan/2025:17:01:51 +0530] "GET /.well-known/acme-challenge/JO9KLF70HTYUOTB_1760F157K-600HY- HTTP/1.1" 404 - "-" "Cpanel-HTTP-Client/1.0"
65.21.197.85 - - [18/Jan/2025:17:01:51 +0530] "GET /.well-known/acme-challenge/WWGLLCB75ZOVQWJ383D2RBF-4SWYSOU4 HTTP/1.1" 404 - "-" "Cpanel-HTTP-Client/1.0"
103.175.163.186 - - [18/Jan/2025:17:28:57 +0530] "GET / HTTP/1.1" 302 207 "-" "Python/3.11 aiohttp/3.9.2"
103.175.163.186 - - [18/Jan/2025:17:58:27 +0530] "GET / HTTP/1.1" 302 207 "-" "Python/3.11 aiohttp/3.9.2"
103.175.163.186 - - [18/Jan/2025:18:28:33 +0530] "GET / HTTP/1.1" 302 207 "-" "Python/3.11 aiohttp/3.9.2"
66.249.66.204 - - [18/Jan/2025:18:28:54 +0530] "GET /robots.txt HTTP/1.1" 302 221 "-" "Mozilla/5.0 (compatible; Googlebot/2.1; +http://www.google.com/bot.html)"
66.249.66.205 - - [18/Jan/2025:18:28:55 +0530] "GET / HTTP/1.1" 302 211 "-" "Mozilla/5.0 (Linux; Android 6.0.1; Nexus 5X Build/MMB29P) AppleWebKit/537.36 (KHTML, like Gecko) Chrome/132.0.6834.83 Mobile Safari/537.36 (compatible; Googlebot/2.1; +http://www.google.com/bot.html)"
66.249.66.203 - - [18/Jan/2025:18:32:20 +0530] "GET / HTTP/1.1" 302 211 "-" "Mozilla/5.0 (Linux; Android 6.0.1; Nexus 5X Build/MMB29P) AppleWebKit/537.36 (KHTML, like Gecko) Chrome/99.0.4844.84 Mobile Safari/537.36 (compatible; Googlebot/2.1; +http://www.google.com/bot.html)"
66.249.66.204 - - [18/Jan/2025:18:32:20 +0530] "GET / HTTP/1.1" 302 211 "-" "Mozilla/5.0 (compatible; Googlebot/2.1; +http://www.google.com/bot.html)"
103.175.163.186 - - [18/Jan/2025:18:58:40 +0530] "GET / HTTP/1.1" 302 207 "-" "Python/3.11 aiohttp/3.9.2"
195.191.219.131 - - [18/Jan/2025:19:13:55 +0530] "GET /robots.txt HTTP/1.1" 302 217 "-" "Mozilla/5.0 (compatible; MJ12bot/v1.4.8; http://mj12bot.com/)"
195.191.219.131 - - [18/Jan/2025:19:13:57 +0530] "GET / HTTP/1.1" 302 207 "-" "Mozilla/5.0 (compatible; MJ12bot/v1.4.8; http://mj12bot.com/)"
103.175.163.186 - - [18/Jan/2025:19:28:27 +0530] "GET / HTTP/1.1" 302 207 "-" "Python/3.11 aiohttp/3.9.2"
167.86.112.245 - - [18/Jan/2025:19:29:14 +0530] "GET /walamachiana.php HTTP/1.1" 302 223 "-" "Mozilla/5.0 (iPhone; CPU iPhone OS 18_1_1 like Mac OS X) AppleWebKit/605.1.15 (KHTML, like Gecko) Version/18.1.1 Mobile/15E148 Safari/604.1"
167.86.112.245 - - [18/Jan/2025:19:29:15 +0530] "GET /wp-head.php HTTP/1.1" 302 218 "-" "Mozilla/5.0 (iPhone; CPU iPhone OS 18_1_1 like Mac OS X) AppleWebKit/605.1.15 (KHTML, like Gecko) Version/18.1.1 Mobile/15E148 Safari/604.1"
103.175.163.186 - - [18/Jan/2025:19:58:22 +0530] "GET / HTTP/1.1" 302 207 "-" "Python/3.11 aiohttp/3.9.2"
103.175.163.186 - - [18/Jan/2025:19:59:18 +0530] "GET /.well-known/acme-challenge/4YW3L4LV452XJVLM_T_ZSC1C4AM3GCB5 HTTP/1.1" 404 - "-" "Cpanel-HTTP-Client/1.0"
103.175.163.186 - - [18/Jan/2025:19:59:18 +0530] "GET /.well-known/acme-challenge/5SSFMA4D4KYSDVKWAICAXQBZUI29GLZX HTTP/1.1" 404 - "-" "Cpanel-HTTP-Client/1.0"
103.175.163.186 - - [18/Jan/2025:19:59:18 +0530] "GET /.well-known/acme-challenge/QR1J-G4ARENW43EDAJSH4_5DHGJ3_H6T HTTP/1.1" 404 - "-" "Cpanel-HTTP-Client/1.0"
65.21.197.85 - - [18/Jan/2025:19:59:19 +0530] "GET /.well-known/acme-challenge/QWCXBBYTYE_UOUPEFZJN3HS8I2C0FVF5 HTTP/1.1" 404 - "-" "Cpanel-HTTP-Client/1.0"
65.21.197.85 - - [18/Jan/2025:19:59:19 +0530] "GET /.well-known/acme-challenge/7OFYZ66JU42YB53EEJD7CU_7IOM9QB3M HTTP/1.1" 404 - "-" "Cpanel-HTTP-Client/1.0"
65.21.197.85 - - [18/Jan/2025:19:59:20 +0530] "GET /.well-known/acme-challenge/0A42CT77LI_QS-754F2XF1MHB4560N8_ HTTP/1.1" 404 - "-" "Cpanel-HTTP-Client/1.0"
65.21.197.85 - - [18/Jan/2025:19:59:20 +0530] "GET /.well-known/acme-challenge/Y0Y-SMXAHQ68S9_UVXSVNJ6NY--3S9_L HTTP/1.1" 404 - "-" "Cpanel-HTTP-Client/1.0"
65.21.197.85 - - [18/Jan/2025:19:59:20 +0530] "GET /.well-known/acme-challenge/DH3LRY09Z1YY9Q4-FDVD35YVHQ5-A_K0 HTTP/1.1" 404 - "-" "Cpanel-HTTP-Client/1.0"
167.86.112.245 - - [18/Jan/2025:20:16:49 +0530] "GET /walamachiana.php HTTP/1.1" 302 223 "-" "Mozilla/5.0 (iPhone; CPU iPhone OS 17_6_1 like Mac OS X) AppleWebKit/605.1.15 (KHTML, like Gecko) Version/17.6 Mobile/15E148 Safari/604.1"
167.86.112.245 - - [18/Jan/2025:20:16:51 +0530] "GET /wp-head.php HTTP/1.1" 302 218 "-" "Mozilla/5.0 (iPhone; CPU iPhone OS 17_6_1 like Mac OS X) AppleWebKit/605.1.15 (KHTML, like Gecko) Version/17.6 Mobile/15E148 Safari/604.1"
103.175.163.186 - - [18/Jan/2025:20:28:35 +0530] "GET / HTTP/1.1" 302 207 "-" "Python/3.11 aiohttp/3.9.2"
87.236.176.227 - - [18/Jan/2025:20:38:09 +0530] "GET / HTTP/1.1" 302 207 "-" "Mozilla/5.0 (compatible; InternetMeasurement/1.0; +https://internet-measurement.com/)"
103.175.163.186 - - [18/Jan/2025:20:58:35 +0530] "GET / HTTP/1.1" 302 207 "-" "Python/3.11 aiohttp/3.9.2"
103.175.163.186 - - [18/Jan/2025:21:28:37 +0530] "GET / HTTP/1.1" 302 207 "-" "Python/3.11 aiohttp/3.9.2"
205.210.31.20 - - [18/Jan/2025:21:31:39 +0530] "GET / HTTP/1.1" 302 207 "-" "-"
103.175.163.186 - - [18/Jan/2025:21:58:27 +0530] "GET / HTTP/1.1" 302 207 "-" "Python/3.11 aiohttp/3.9.2"
147.182.248.81 - - [18/Jan/2025:22:22:21 +0530] "GET / HTTP/1.1" 302 207 "-" "Mozilla/5.0 (Windows NT 10.0; Win64; x64) AppleWebKit/537.36 (KHTML, like Gecko) Chrome/80.0.3987.149 Safari/537.36"
103.175.163.186 - - [18/Jan/2025:22:28:32 +0530] "GET / HTTP/1.1" 302 207 "-" "Python/3.11 aiohttp/3.9.2"
103.175.163.186 - - [18/Jan/2025:22:56:34 +0530] "GET /.well-known/acme-challenge/G647CIT8HH2G6D-M0KVX82JU8ZXIBQGH HTTP/1.1" 404 - "-" "Cpanel-HTTP-Client/1.0"
103.175.163.186 - - [18/Jan/2025:22:56:34 +0530] "GET /.well-known/acme-challenge/TZDUTI39G1CWNE163ZBFXX8GJMLLMMKH HTTP/1.1" 404 - "-" "Cpanel-HTTP-Client/1.0"
103.175.163.186 - - [18/Jan/2025:22:56:35 +0530] "GET /.well-known/acme-challenge/X7V0CGTWH2IY3WEIAL3JPCPPY_IOEBVS HTTP/1.1" 404 - "-" "Cpanel-HTTP-Client/1.0"
65.21.197.85 - - [18/Jan/2025:22:56:35 +0530] "GET /.well-known/acme-challenge/Y2M0QCZCG3WW4STBG76O31A1ABJJC754 HTTP/1.1" 404 - "-" "Cpanel-HTTP-Client/1.0"
65.21.197.85 - - [18/Jan/2025:22:56:36 +0530] "GET /.well-known/acme-challenge/JTLQ5B9D9V65880KF1A2GTT5KPN-RWY3 HTTP/1.1" 404 - "-" "Cpanel-HTTP-Client/1.0"
65.21.197.85 - - [18/Jan/2025:22:56:36 +0530] "GET /.well-known/acme-challenge/36GI0UZ1HY16ZLYJBTH3D2Z_G4BZ0MU8 HTTP/1.1" 404 - "-" "Cpanel-HTTP-Client/1.0"
65.21.197.85 - - [18/Jan/2025:22:56:36 +0530] "GET /.well-known/acme-challenge/0MTLJDPBLTD407DOYIYTWBQIAAVLSQHE HTTP/1.1" 404 - "-" "Cpanel-HTTP-Client/1.0"
65.21.197.85 - - [18/Jan/2025:22:56:37 +0530] "GET /.well-known/acme-challenge/ZNNZFGHC091F2GABT5ULPUXVELA9GHME HTTP/1.1" 404 - "-" "Cpanel-HTTP-Client/1.0"
103.175.163.186 - - [18/Jan/2025:22:58:46 +0530] "GET / HTTP/1.1" 302 207 "-" "Python/3.11 aiohttp/3.9.2"
103.175.163.186 - - [18/Jan/2025:23:28:28 +0530] "GET / HTTP/1.1" 302 207 "-" "Python/3.11 aiohttp/3.9.2"
103.175.163.186 - - [18/Jan/2025:23:58:29 +0530] "GET / HTTP/1.1" 302 207 "-" "Python/3.11 aiohttp/3.9.2"
103.175.163.186 - - [19/Jan/2025:00:28:38 +0530] "GET / HTTP/1.1" 302 207 "-" "Python/3.11 aiohttp/3.9.2"
66.249.66.205 - - [19/Jan/2025:00:53:49 +0530] "GET / HTTP/1.1" 302 211 "-" "Mozilla/5.0 (Linux; Android 6.0.1; Nexus 5X Build/MMB29P) AppleWebKit/537.36 (KHTML, like Gecko) Chrome/132.0.6834.83 Mobile Safari/537.36 (compatible; Googlebot/2.1; +http://www.google.com/bot.html)"
103.175.163.186 - - [19/Jan/2025:00:58:33 +0530] "GET / HTTP/1.1" 302 207 "-" "Python/3.11 aiohttp/3.9.2"
54.216.165.145 - - [19/Jan/2025:01:06:09 +0530] "GET /robots.txt HTTP/1.1" 302 217 "-" "Pandalytics/2.0 (https://domainsbot.com/pandalytics/)"
54.216.165.145 - - [19/Jan/2025:01:06:10 +0530] "GET / HTTP/1.1" 302 207 "-" "Pandalytics/2.0 (https://domainsbot.com/pandalytics/)"
103.175.163.186 - - [19/Jan/2025:01:28:35 +0530] "GET / HTTP/1.1" 302 207 "-" "Python/3.11 aiohttp/3.9.2"
103.175.163.186 - - [19/Jan/2025:01:57:31 +0530] "GET /.well-known/acme-challenge/YKXHSN9131N06H9O68D-K2-_C-O--K_P HTTP/1.1" 404 - "-" "Cpanel-HTTP-Client/1.0"
103.175.163.186 - - [19/Jan/2025:01:57:31 +0530] "GET /.well-known/acme-challenge/I0OBZU9UQINO0TS69LZ9NCF2XSV6KJ-N HTTP/1.1" 404 - "-" "Cpanel-HTTP-Client/1.0"
103.175.163.186 - - [19/Jan/2025:01:57:32 +0530] "GET /.well-known/acme-challenge/E4RQY78DD4PKS8PYSZQPR_KZ__-K-_K3 HTTP/1.1" 404 - "-" "Cpanel-HTTP-Client/1.0"
65.21.197.85 - - [19/Jan/2025:01:57:32 +0530] "GET /.well-known/acme-challenge/71Z3BP7JRU208SLD5X83OAD4_JY326PO HTTP/1.1" 404 - "-" "Cpanel-HTTP-Client/1.0"
65.21.197.85 - - [19/Jan/2025:01:57:33 +0530] "GET /.well-known/acme-challenge/_CA_N5YXJ0_8Z2CPHSQMTFLRBX_ICBE4 HTTP/1.1" 404 - "-" "Cpanel-HTTP-Client/1.0"
65.21.197.85 - - [19/Jan/2025:01:57:33 +0530] "GET /.well-known/acme-challenge/WH-626RC8RC9-V-PF2KCK-SYKF2C_YK5 HTTP/1.1" 404 - "-" "Cpanel-HTTP-Client/1.0"
65.21.197.85 - - [19/Jan/2025:01:57:33 +0530] "GET /.well-known/acme-challenge/92BOX6CWHX4YQH4URQNJ266JCXGA462_ HTTP/1.1" 404 - "-" "Cpanel-HTTP-Client/1.0"
65.21.197.85 - - [19/Jan/2025:01:57:34 +0530] "GET /.well-known/acme-challenge/59T_A02REAZ7KKKR3F-GIY9_FM3ABQHX HTTP/1.1" 404 - "-" "Cpanel-HTTP-Client/1.0"
103.175.163.186 - - [19/Jan/2025:01:58:35 +0530] "GET / HTTP/1.1" 302 207 "-" "Python/3.11 aiohttp/3.9.2"
103.175.163.186 - - [19/Jan/2025:02:28:30 +0530] "GET / HTTP/1.1" 302 207 "-" "Python/3.11 aiohttp/3.9.2"
103.175.163.186 - - [19/Jan/2025:02:58:36 +0530] "GET / HTTP/1.1" 302 207 "-" "Python/3.11 aiohttp/3.9.2"
51.8.102.4 - - [19/Jan/2025:03:07:43 +0530] "GET /robots.txt HTTP/1.1" 302 217 "-" "Mozilla/5.0 AppleWebKit/537.36 (KHTML, like Gecko); compatible; OAI-SearchBot/1.0; +https://openai.com/searchbot"
103.175.163.186 - - [19/Jan/2025:03:28:45 +0530] "GET / HTTP/1.1" 302 207 "-" "Python/3.11 aiohttp/3.9.2"
103.175.163.186 - - [19/Jan/2025:03:58:29 +0530] "GET / HTTP/1.1" 302 207 "-" "Python/3.11 aiohttp/3.9.2"
64.181.221.136 - - [19/Jan/2025:04:22:35 +0530] "GET /.env HTTP/1.1" 302 231 "-" "-"
103.175.163.186 - - [19/Jan/2025:04:28:37 +0530] "GET / HTTP/1.1" 302 207 "-" "Python/3.11 aiohttp/3.9.2"
103.175.163.186 - - [19/Jan/2025:04:58:33 +0530] "GET / HTTP/1.1" 302 207 "-" "Python/3.11 aiohttp/3.9.2"
103.175.163.186 - - [19/Jan/2025:04:58:57 +0530] "GET /.well-known/acme-challenge/GUX51OSJAWBRN85SWVHS0W4F-V24333H HTTP/1.1" 404 - "-" "Cpanel-HTTP-Client/1.0"
103.175.163.186 - - [19/Jan/2025:04:58:57 +0530] "GET /.well-known/acme-challenge/4IUG4ZT73_Y7NKZQ744TWDN65ITH5X60 HTTP/1.1" 404 - "-" "Cpanel-HTTP-Client/1.0"
103.175.163.186 - - [19/Jan/2025:04:58:58 +0530] "GET /.well-known/acme-challenge/B05AOHJ36B_37EZZJK0KVDUQD_D8E43M HTTP/1.1" 404 - "-" "Cpanel-HTTP-Client/1.0"
65.21.197.85 - - [19/Jan/2025:04:58:58 +0530] "GET /.well-known/acme-challenge/FS-8J-6QQNR5XHOG6_U306NORSWAKZXF HTTP/1.1" 404 - "-" "Cpanel-HTTP-Client/1.0"
65.21.197.85 - - [19/Jan/2025:04:58:58 +0530] "GET /.well-known/acme-challenge/45VWOKCU6RUGBPACD7JZBLHC60U6QE7F HTTP/1.1" 404 - "-" "Cpanel-HTTP-Client/1.0"
65.21.197.85 - - [19/Jan/2025:04:58:59 +0530] "GET /.well-known/acme-challenge/6U1MVFQPPC7D3-ANNGY2CPYYQKJ2YK7G HTTP/1.1" 404 - "-" "Cpanel-HTTP-Client/1.0"
65.21.197.85 - - [19/Jan/2025:04:58:59 +0530] "GET /.well-known/acme-challenge/5TNGUCA-LNP0-AJQOCXRJUBEDACH_R26 HTTP/1.1" 404 - "-" "Cpanel-HTTP-Client/1.0"
65.21.197.85 - - [19/Jan/2025:04:59:00 +0530] "GET /.well-known/acme-challenge/V-DM_2HWNQE9V94VHKFG5MO3W16CY50E HTTP/1.1" 404 - "-" "Cpanel-HTTP-Client/1.0"
167.86.112.245 - - [19/Jan/2025:05:13:57 +0530] "GET /walamachiana.php HTTP/1.1" 302 223 "-" "Mozilla/5.0 (iPhone; CPU iPhone OS 18_1_1 like Mac OS X) AppleWebKit/605.1.15 (KHTML, like Gecko) Version/18.1.1 Mobile/15E148 Safari/604.1"
167.86.112.245 - - [19/Jan/2025:05:13:58 +0530] "GET /wp-admin/css/colors/coffee/index.php HTTP/1.1" 302 243 "-" "Mozilla/5.0 (iPhone; CPU iPhone OS 18_1_1 like Mac OS X) AppleWebKit/605.1.15 (KHTML, like Gecko) Version/18.1.1 Mobile/15E148 Safari/604.1"
103.175.163.186 - - [19/Jan/2025:05:28:38 +0530] "GET / HTTP/1.1" 302 207 "-" "Python/3.11 aiohttp/3.9.2"
103.175.163.186 - - [19/Jan/2025:05:58:31 +0530] "GET / HTTP/1.1" 302 207 "-" "Python/3.11 aiohttp/3.9.2"
103.175.163.186 - - [19/Jan/2025:06:28:32 +0530] "GET / HTTP/1.1" 302 207 "-" "Python/3.11 aiohttp/3.9.2"
18.143.133.223 - - [19/Jan/2025:06:30:28 +0530] "GET / HTTP/1.1" 302 207 "-" "Mozilla/5.0 (Windows NT 10.0; Win64; x64) AppleWebKit/537.36 (KHTML, like Gecko) Chrome/95.0.4638.69 Safari/537.36"
54.88.179.33 - - [19/Jan/2025:06:39:47 +0530] "GET / HTTP/1.1" 302 207 "-" "Mozilla/5.0 (Windows NT 10.0; Win64; x64) AppleWebKit/537.36 (KHTML, like Gecko) Chrome/100.0.4896.75 Safari/537.36"
54.88.179.33 - - [19/Jan/2025:06:39:47 +0530] "GET / HTTP/1.1" 302 211 "-" "Mozilla/5.0 (Windows NT 10.0; Win64; x64) AppleWebKit/537.36 (KHTML, like Gecko) Chrome/100.0.4896.75 Safari/537.36"
18.143.133.223 - - [19/Jan/2025:06:46:00 +0530] "GET / HTTP/1.1" 302 207 "-" "Mozilla/5.0 (Windows NT 10.0; Win64; x64) AppleWebKit/537.36 (KHTML, like Gecko) Chrome/95.0.4638.69 Safari/537.36"
103.175.163.186 - - [19/Jan/2025:06:58:37 +0530] "GET / HTTP/1.1" 302 207 "-" "Python/3.11 aiohttp/3.9.2"
103.175.163.186 - - [19/Jan/2025:07:28:53 +0530] "GET / HTTP/1.1" 302 207 "-" "Python/3.11 aiohttp/3.9.2"
87.251.78.131 - - [19/Jan/2025:07:33:40 +0530] "GET /phpinfo.php HTTP/1.1" 302 218 "-" "Mozilla/5.0 (Windows NT 10.0; Win64; x64) AppleWebKit/537.36 (KHTML, like Gecko) Chrome/88.0.4324.150 Safari/537.36"
87.251.78.131 - - [19/Jan/2025:07:33:40 +0530] "GET /phpinfo HTTP/1.1" 302 214 "-" "Mozilla/5.0 (Windows NT 10.0; Win64; x64) AppleWebKit/537.36 (KHTML, like Gecko) Chrome/88.0.4324.150 Safari/537.36"
49.51.73.183 - - [19/Jan/2025:07:50:25 +0530] "GET / HTTP/1.1" 302 207 "-" "Mozilla/5.0 (iPhone; CPU iPhone OS 13_2_3 like Mac OS X) AppleWebKit/605.1.15 (KHTML, like Gecko) Version/13.0.3 Mobile/15E148 Safari/604.1"

Zerion Mini Shell 1.0