ok
Direktori : /home/importfo/access-logs/ |
Current File : /home/importfo/access-logs/anantamultispecialityhospital.in.importfolio.digital-ssl_log |
197.244.232.188 - - [18/Jan/2025:14:47:47 +0530] "GET /heh.php HTTP/1.1" 404 - "www.google.com" "Mozlila/5.0 (Linux; Android 7.0; SM-G892A Bulid/NRD90M; wv) AppleWebKit/537.36 (KHTML, like Gecko) Version/4.0 Chrome/60.0.3112.107 Moblie Safari/537.36"
197.244.232.188 - - [18/Jan/2025:14:48:22 +0530] "GET /NewFile.php HTTP/1.1" 404 - "www.google.com" "Mozlila/5.0 (Linux; Android 7.0; SM-G892A Bulid/NRD90M; wv) AppleWebKit/537.36 (KHTML, like Gecko) Version/4.0 Chrome/60.0.3112.107 Moblie Safari/537.36"
197.244.232.188 - - [18/Jan/2025:14:48:37 +0530] "GET /wp-admin/css/colors/blue/blue.php?wall=ZWNobyAnQmxhY2sgQm90Jztmd3JpdGUoZm9wZW4oJ2Jsa3Vzb2dnLnBocCcsJ3crJyksJzw/cGhwIGVjaG8gIkJsYWNrIEJvdCI7Pz4nKTs= HTTP/1.1" 404 - "www.google.com" "Mozlila/5.0 (Linux; Android 7.0; SM-G892A Build/NRD90M; wv) AppleWebKit/537.36 (KHTML, like Gecko) Version/4.0 Chrome/60.0.3112.107 Mobile Safari/537.36"
197.244.232.188 - - [18/Jan/2025:14:48:48 +0530] "GET /simple.php HTTP/1.1" 404 - "www.google.com" "Mozlila/5.0 (Linux; Android 7.0; SM-G892A Build/NRD90M; wv) AppleWebKit/537.36 (KHTML, like Gecko) Version/4.0 Chrome/60.0.3112.107 Mobile Safari/537.36"
197.244.232.188 - - [18/Jan/2025:14:48:52 +0530] "GET /shell20211028.php HTTP/1.1" 404 - "www.google.com" "Mozlila/5.0 (Linux; Android 7.0; SM-G892A Build/NRD90M; wv) AppleWebKit/537.36 (KHTML, like Gecko) Version/4.0 Chrome/60.0.3112.107 Mobile Safari/537.36"
197.244.232.188 - - [18/Jan/2025:14:48:55 +0530] "GET /wp-content/plugins/yyobang/mar.php HTTP/1.1" 404 - "www.google.com" "Mozlila/5.0 (Linux; Android 7.0; SM-G892A Build/NRD90M; wv) AppleWebKit/537.36 (KHTML, like Gecko) Version/4.0 Chrome/60.0.3112.107 Mobile Safari/537.36"
197.244.232.188 - - [18/Jan/2025:14:48:58 +0530] "GET /wp-content/plugins/view-more/ioxi.php HTTP/1.1" 404 - "www.google.com" "Mozlila/5.0 (Linux; Android 7.0; SM-G892A Bulid/NRD90M; wv) AppleWebKit/537.36 (KHTML, like Gecko) Version/4.0 Chrome/60.0.3112.107 Moblie Safari/537.36"
197.244.232.188 - - [18/Jan/2025:14:48:59 +0530] "GET /sites/all/libraries/elfinder/connectors/php/connector.php HTTP/1.1" 404 - "www.google.com" "Mozlila/5.0 (Linux; Android 7.0; SM-G892A Bulid/NRD90M; wv) AppleWebKit/537.36 (KHTML, like Gecko) Version/4.0 Chrome/60.0.3112.107 Moblie Safari/537.36"
197.244.232.188 - - [18/Jan/2025:14:49:01 +0530] "GET /wp-content/plugins/press/wp-class.php HTTP/1.1" 404 - "www.google.com" "Mozlila/5.0 (Linux; Android 7.0; SM-G892A Build/NRD90M; wv) AppleWebKit/537.36 (KHTML, like Gecko) Version/4.0 Chrome/60.0.3112.107 Mobile Safari/537.36"
197.244.232.188 - - [18/Jan/2025:14:49:09 +0530] "GET /xxl.php HTTP/1.1" 404 - "www.google.com" "Mozlila/5.0 (Linux; Android 7.0; SM-G892A Build/NRD90M; wv) AppleWebKit/537.36 (KHTML, like Gecko) Version/4.0 Chrome/60.0.3112.107 Mobile Safari/537.36"
197.244.232.188 - - [18/Jan/2025:14:49:26 +0530] "GET /wp-content/plugins/erinyani/baxa1.php7 HTTP/1.1" 404 - "www.google.com" "Mozlila/5.0 (Linux; Android 7.0; SM-G892A Bulid/NRD90M; wv) AppleWebKit/537.36 (KHTML, like Gecko) Version/4.0 Chrome/60.0.3112.107 Moblie Safari/537.36"
197.244.232.188 - - [18/Jan/2025:14:49:40 +0530] "GET /fm1.php HTTP/1.1" 404 - "www.google.com" "Mozlila/5.0 (Linux; Android 7.0; SM-G892A Build/NRD90M; wv) AppleWebKit/537.36 (KHTML, like Gecko) Version/4.0 Chrome/60.0.3112.107 Mobile Safari/537.36"
197.244.232.188 - - [18/Jan/2025:14:49:47 +0530] "GET /wp-content/themes/finley/min.php HTTP/1.1" 404 - "www.google.com" "Mozlila/5.0 (Linux; Android 7.0; SM-G892A Build/NRD90M; wv) AppleWebKit/537.36 (KHTML, like Gecko) Version/4.0 Chrome/60.0.3112.107 Mobile Safari/537.36"
197.244.232.188 - - [18/Jan/2025:14:49:48 +0530] "GET /M1.php HTTP/1.1" 404 - "www.google.com" "Mozlila/5.0 (Linux; Android 7.0; SM-G892A Build/NRD90M; wv) AppleWebKit/537.36 (KHTML, like Gecko) Version/4.0 Chrome/60.0.3112.107 Mobile Safari/537.36"
197.244.232.188 - - [18/Jan/2025:14:49:49 +0530] "GET /baxa1.php7 HTTP/1.1" 404 - "www.google.com" "Mozlila/5.0 (Linux; Android 7.0; SM-G892A Bulid/NRD90M; wv) AppleWebKit/537.36 (KHTML, like Gecko) Version/4.0 Chrome/60.0.3112.107 Moblie Safari/537.36"
197.244.232.188 - - [18/Jan/2025:14:49:50 +0530] "GET /wp-content/plugins/core/include.php HTTP/1.1" 404 - "-" "Mozlila/5.0 (Linux; Android 7.0; SM-G892A Bulid/NRD90M; wv) AppleWebKit/537.36 (KHTML, like Gecko) Version/4.0 Chrome/60.0.3112.107 Moblie Safari/537.36"
197.244.232.188 - - [18/Jan/2025:14:49:50 +0530] "GET /wp-head.php HTTP/1.1" 404 - "www.google.com" "Mozlila/5.0 (Linux; Android 7.0; SM-G892A Build/NRD90M; wv) AppleWebKit/537.36 (KHTML, like Gecko) Version/4.0 Chrome/60.0.3112.107 Mobile Safari/537.36"
197.244.232.188 - - [18/Jan/2025:14:50:01 +0530] "GET /ws.php HTTP/1.1" 404 - "-" "Mozlila/5.0 (Linux; Android 7.0; SM-G892A Bulid/NRD90M; wv) AppleWebKit/537.36 (KHTML, like Gecko) Version/4.0 Chrome/60.0.3112.107 Moblie Safari/537.36"
197.244.232.188 - - [18/Jan/2025:14:50:02 +0530] "GET /class.api.php HTTP/1.1" 404 - "www.google.com" "Mozlila/5.0 (Linux; Android 7.0; SM-G892A Build/NRD90M; wv) AppleWebKit/537.36 (KHTML, like Gecko) Version/4.0 Chrome/60.0.3112.107 Mobile Safari/537.36"
197.244.232.188 - - [18/Jan/2025:14:50:04 +0530] "GET /404.php HTTP/1.1" 404 - "-" "Mozlila/5.0 (Linux; Android 7.0; SM-G892A Bulid/NRD90M; wv) AppleWebKit/537.36 (KHTML, like Gecko) Version/4.0 Chrome/60.0.3112.107 Moblie Safari/537.36"
197.244.232.188 - - [18/Jan/2025:14:50:06 +0530] "GET /wp.php HTTP/1.1" 404 - "-" "Mozlila/5.0 (Linux; Android 7.0; SM-G892A Bulid/NRD90M; wv) AppleWebKit/537.36 (KHTML, like Gecko) Version/4.0 Chrome/60.0.3112.107 Moblie Safari/537.36"
197.244.232.188 - - [18/Jan/2025:14:50:12 +0530] "GET /wp-content/plugins/erinyani/baxa1.php HTTP/1.1" 404 - "www.google.com" "Mozlila/5.0 (Linux; Android 7.0; SM-G892A Bulid/NRD90M; wv) AppleWebKit/537.36 (KHTML, like Gecko) Version/4.0 Chrome/60.0.3112.107 Moblie Safari/537.36"
197.244.232.188 - - [18/Jan/2025:14:50:12 +0530] "GET /wp-head.php HTTP/1.1" 404 - "-" "Mozlila/5.0 (Linux; Android 7.0; SM-G892A Bulid/NRD90M; wv) AppleWebKit/537.36 (KHTML, like Gecko) Version/4.0 Chrome/60.0.3112.107 Moblie Safari/537.36"
197.244.232.188 - - [18/Jan/2025:14:50:35 +0530] "GET /baxa1.php HTTP/1.1" 404 - "www.google.com" "Mozlila/5.0 (Linux; Android 7.0; SM-G892A Bulid/NRD90M; wv) AppleWebKit/537.36 (KHTML, like Gecko) Version/4.0 Chrome/60.0.3112.107 Moblie Safari/537.36"
197.244.232.188 - - [18/Jan/2025:14:50:37 +0530] "GET /wp-includes/wp-class.php HTTP/1.1" 404 - "-" "Mozlila/5.0 (Linux; Android 7.0; SM-G892A Bulid/NRD90M; wv) AppleWebKit/537.36 (KHTML, like Gecko) Version/4.0 Chrome/60.0.3112.107 Moblie Safari/537.36"
197.244.232.188 - - [18/Jan/2025:14:50:52 +0530] "GET /wp-content/themes/twenty/twenty.php HTTP/1.1" 404 - "-" "Mozlila/5.0 (Linux; Android 7.0; SM-G892A Bulid/NRD90M; wv) AppleWebKit/537.36 (KHTML, like Gecko) Version/4.0 Chrome/60.0.3112.107 Moblie Safari/537.36"
197.244.232.188 - - [18/Jan/2025:14:51:06 +0530] "GET /wp-content/plugins/press/wp-class.php HTTP/1.1" 404 - "-" "Mozlila/5.0 (Linux; Android 7.0; SM-G892A Bulid/NRD90M; wv) AppleWebKit/537.36 (KHTML, like Gecko) Version/4.0 Chrome/60.0.3112.107 Moblie Safari/537.36"
197.244.232.188 - - [18/Jan/2025:14:51:10 +0530] "GET /fm1.php HTTP/1.1" 404 - "-" "Mozlila/5.0 (Linux; Android 7.0; SM-G892A Bulid/NRD90M; wv) AppleWebKit/537.36 (KHTML, like Gecko) Version/4.0 Chrome/60.0.3112.107 Moblie Safari/537.36"
197.244.232.188 - - [18/Jan/2025:14:51:13 +0530] "GET /wp-content/plugins/seoxx/randkeyword.php HTTP/1.1" 404 - "www.google.com" "Mozlila/5.0 (Linux; Android 7.0; SM-G892A Bulid/NRD90M; wv) AppleWebKit/537.36 (KHTML, like Gecko) Version/4.0 Chrome/60.0.3112.107 Moblie Safari/537.36"
197.244.232.188 - - [18/Jan/2025:14:51:21 +0530] "GET /alfadheat.php HTTP/1.1" 404 - "-" "Mozlila/5.0 (Linux; Android 7.0; SM-G892A Bulid/NRD90M; wv) AppleWebKit/537.36 (KHTML, like Gecko) Version/4.0 Chrome/60.0.3112.107 Moblie Safari/537.36"
197.244.232.188 - - [18/Jan/2025:14:51:35 +0530] "GET /M1.php HTTP/1.1" 404 - "-" "Mozlila/5.0 (Linux; Android 7.0; SM-G892A Bulid/NRD90M; wv) AppleWebKit/537.36 (KHTML, like Gecko) Version/4.0 Chrome/60.0.3112.107 Moblie Safari/537.36"
197.244.232.188 - - [18/Jan/2025:14:51:38 +0530] "GET /admin.php HTTP/1.1" 404 - "-" "Mozlila/5.0 (Linux; Android 7.0; SM-G892A Bulid/NRD90M; wv) AppleWebKit/537.36 (KHTML, like Gecko) Version/4.0 Chrome/60.0.3112.107 Moblie Safari/537.36"
197.244.232.188 - - [18/Jan/2025:14:51:45 +0530] "GET /wp-admin/images/admin.php HTTP/1.1" 404 - "-" "Mozlila/5.0 (Linux; Android 7.0; SM-G892A Bulid/NRD90M; wv) AppleWebKit/537.36 (KHTML, like Gecko) Version/4.0 Chrome/60.0.3112.107 Moblie Safari/537.36"
197.244.232.188 - - [18/Jan/2025:14:51:56 +0530] "GET /alfanew.php7 HTTP/1.1" 404 - "-" "Mozlila/5.0 (Linux; Android 7.0; SM-G892A Bulid/NRD90M; wv) AppleWebKit/537.36 (KHTML, like Gecko) Version/4.0 Chrome/60.0.3112.107 Moblie Safari/537.36"
197.244.232.188 - - [18/Jan/2025:14:51:59 +0530] "GET /.well-known/wso112233.php HTTP/1.1" 404 - "-" "Mozlila/5.0 (Linux; Android 7.0; SM-G892A Bulid/NRD90M; wv) AppleWebKit/537.36 (KHTML, like Gecko) Version/4.0 Chrome/60.0.3112.107 Moblie Safari/537.36"
197.244.232.188 - - [18/Jan/2025:14:52:08 +0530] "GET /about.php HTTP/1.1" 404 - "-" "Mozlila/5.0 (Linux; Android 7.0; SM-G892A Bulid/NRD90M; wv) AppleWebKit/537.36 (KHTML, like Gecko) Version/4.0 Chrome/60.0.3112.107 Moblie Safari/537.36"
197.244.232.188 - - [18/Jan/2025:14:52:15 +0530] "GET /wp-content/shell20211028.php HTTP/1.1" 404 - "-" "Mozlila/5.0 (Linux; Android 7.0; SM-G892A Bulid/NRD90M; wv) AppleWebKit/537.36 (KHTML, like Gecko) Version/4.0 Chrome/60.0.3112.107 Moblie Safari/537.36"
197.244.232.188 - - [18/Jan/2025:14:52:18 +0530] "GET /repeater.php HTTP/1.1" 404 - "-" "Mozlila/5.0 (Linux; Android 7.0; SM-G892A Bulid/NRD90M; wv) AppleWebKit/537.36 (KHTML, like Gecko) Version/4.0 Chrome/60.0.3112.107 Moblie Safari/537.36"
197.244.232.188 - - [18/Jan/2025:14:52:25 +0530] "GET /wp-content/themes/finley/min.php HTTP/1.1" 404 - "-" "Mozlila/5.0 (Linux; Android 7.0; SM-G892A Bulid/NRD90M; wv) AppleWebKit/537.36 (KHTML, like Gecko) Version/4.0 Chrome/60.0.3112.107 Moblie Safari/537.36"
197.244.232.188 - - [18/Jan/2025:14:52:29 +0530] "GET /wso112233.php HTTP/1.1" 404 - "-" "Mozlila/5.0 (Linux; Android 7.0; SM-G892A Bulid/NRD90M; wv) AppleWebKit/537.36 (KHTML, like Gecko) Version/4.0 Chrome/60.0.3112.107 Moblie Safari/537.36"
20.51.105.198 - - [18/Jan/2025:14:57:23 +0530] "GET /wp-content/plugins/revslider/includes/external/page/index.php HTTP/1.1" 404 - "-" "Mozilla/5.0 (X11; Ubuntu; Linux i686; rv:28.0) Gecko/20100101 Firefox/72.0"
20.51.105.198 - - [18/Jan/2025:14:57:24 +0530] "GET /wp-content/themes/fitnessbase/dev.php HTTP/1.1" 404 - "-" "Mozilla/5.0 (X11; Ubuntu; Linux i686; rv:28.0) Gecko/20100101 Firefox/72.0"
20.51.105.198 - - [18/Jan/2025:14:57:26 +0530] "GET /wp-content/themes/fitnessbase/send.php HTTP/1.1" 404 - "-" "Mozilla/5.0 (X11; Ubuntu; Linux i686; rv:28.0) Gecko/20100101 Firefox/72.0"
20.51.105.198 - - [18/Jan/2025:14:57:27 +0530] "GET /wp-content/themes/fitnessbase/upup.php HTTP/1.1" 404 - "-" "Mozilla/5.0 (X11; Ubuntu; Linux i686; rv:28.0) Gecko/20100101 Firefox/72.0"
20.51.105.198 - - [18/Jan/2025:14:57:29 +0530] "GET /themes/seotheme/mar.php HTTP/1.1" 404 - "-" "Mozilla/5.0 (X11; Ubuntu; Linux i686; rv:28.0) Gecko/20100101 Firefox/72.0"
20.51.105.198 - - [18/Jan/2025:14:57:31 +0530] "GET /wp-content/plugins/ango/cong.php HTTP/1.1" 404 - "-" "Mozilla/5.0 (X11; Ubuntu; Linux i686; rv:28.0) Gecko/20100101 Firefox/72.0"
20.51.105.198 - - [18/Jan/2025:14:57:33 +0530] "GET /wp-content/plugins/ango/sett.php HTTP/1.1" 404 - "-" "Mozilla/5.0 (X11; Ubuntu; Linux i686; rv:28.0) Gecko/20100101 Firefox/72.0"
20.51.105.198 - - [18/Jan/2025:14:57:34 +0530] "GET /wp-content/wso.php HTTP/1.1" 404 - "-" "Mozilla/5.0 (X11; Ubuntu; Linux i686; rv:28.0) Gecko/20100101 Firefox/72.0"
20.51.105.198 - - [18/Jan/2025:14:57:35 +0530] "GET /wp-content/alfa.php HTTP/1.1" 404 - "-" "Mozilla/5.0 (X11; Ubuntu; Linux i686; rv:28.0) Gecko/20100101 Firefox/72.0"
20.51.105.198 - - [18/Jan/2025:14:57:37 +0530] "GET /wp-content/shell.php HTTP/1.1" 404 - "-" "Mozilla/5.0 (X11; Ubuntu; Linux i686; rv:28.0) Gecko/20100101 Firefox/72.0"
20.51.105.198 - - [18/Jan/2025:14:57:39 +0530] "GET /wp-content/wso2.php HTTP/1.1" 404 - "-" "Mozilla/5.0 (X11; Ubuntu; Linux i686; rv:28.0) Gecko/20100101 Firefox/72.0"
20.51.105.198 - - [18/Jan/2025:14:57:40 +0530] "GET /wp-content/wso1.php HTTP/1.1" 404 - "-" "Mozilla/5.0 (X11; Ubuntu; Linux i686; rv:28.0) Gecko/20100101 Firefox/72.0"
20.51.105.198 - - [18/Jan/2025:14:57:42 +0530] "GET /wp-content/uploads/wso.php HTTP/1.1" 404 - "-" "Mozilla/5.0 (X11; Ubuntu; Linux i686; rv:28.0) Gecko/20100101 Firefox/72.0"
20.51.105.198 - - [18/Jan/2025:14:57:43 +0530] "GET /wp-content/uploads/alfa.php HTTP/1.1" 404 - "-" "Mozilla/5.0 (X11; Ubuntu; Linux i686; rv:28.0) Gecko/20100101 Firefox/72.0"
20.51.105.198 - - [18/Jan/2025:14:57:44 +0530] "GET /wp-content/uploads/shell.php HTTP/1.1" 404 - "-" "Mozilla/5.0 (X11; Ubuntu; Linux i686; rv:28.0) Gecko/20100101 Firefox/72.0"
20.51.105.198 - - [18/Jan/2025:14:57:46 +0530] "GET /wp-content/uploads/wso2.php HTTP/1.1" 404 - "-" "Mozilla/5.0 (X11; Ubuntu; Linux i686; rv:28.0) Gecko/20100101 Firefox/72.0"
20.51.105.198 - - [18/Jan/2025:14:57:48 +0530] "GET /wp-content/uploads/wso1.php HTTP/1.1" 404 - "-" "Mozilla/5.0 (X11; Ubuntu; Linux i686; rv:28.0) Gecko/20100101 Firefox/72.0"
20.51.105.198 - - [18/Jan/2025:14:57:50 +0530] "GET /wp-content/uploads/up.php HTTP/1.1" 404 - "-" "Mozilla/5.0 (X11; Ubuntu; Linux i686; rv:28.0) Gecko/20100101 Firefox/72.0"
20.51.105.198 - - [18/Jan/2025:14:57:51 +0530] "GET /wp-content/uploads/uploader.php HTTP/1.1" 404 - "-" "Mozilla/5.0 (X11; Ubuntu; Linux i686; rv:28.0) Gecko/20100101 Firefox/72.0"
20.51.105.198 - - [18/Jan/2025:14:57:52 +0530] "GET /wp-content/vuln.php HTTP/1.1" 404 - "-" "Mozilla/5.0 (X11; Ubuntu; Linux i686; rv:28.0) Gecko/20100101 Firefox/72.0"
20.51.105.198 - - [18/Jan/2025:14:57:54 +0530] "GET /wp-content/uploads/index.php HTTP/1.1" 404 - "-" "Mozilla/5.0 (X11; Ubuntu; Linux i686; rv:28.0) Gecko/20100101 Firefox/72.0"
20.51.105.198 - - [18/Jan/2025:14:57:55 +0530] "GET /1index.php HTTP/1.1" 404 - "-" "Mozilla/5.0 (X11; Ubuntu; Linux i686; rv:28.0) Gecko/20100101 Firefox/72.0"
20.51.105.198 - - [18/Jan/2025:14:57:56 +0530] "GET /wso.php HTTP/1.1" 404 - "-" "Mozilla/5.0 (X11; Ubuntu; Linux i686; rv:28.0) Gecko/20100101 Firefox/72.0"
20.51.105.198 - - [18/Jan/2025:14:57:58 +0530] "GET /ws.php HTTP/1.1" 404 - "-" "Mozilla/5.0 (X11; Ubuntu; Linux i686; rv:28.0) Gecko/20100101 Firefox/72.0"
20.51.105.198 - - [18/Jan/2025:14:57:59 +0530] "GET /wso2.php HTTP/1.1" 404 - "-" "Mozilla/5.0 (X11; Ubuntu; Linux i686; rv:28.0) Gecko/20100101 Firefox/72.0"
20.51.105.198 - - [18/Jan/2025:14:58:01 +0530] "GET /2022.php HTTP/1.1" 404 - "-" "Mozilla/5.0 (X11; Ubuntu; Linux i686; rv:28.0) Gecko/20100101 Firefox/72.0"
20.51.105.198 - - [18/Jan/2025:14:58:02 +0530] "GET /2021.php HTTP/1.1" 404 - "-" "Mozilla/5.0 (X11; Ubuntu; Linux i686; rv:28.0) Gecko/20100101 Firefox/72.0"
20.51.105.198 - - [18/Jan/2025:14:58:05 +0530] "GET /alfashell.php HTTP/1.1" 404 - "-" "Mozilla/5.0 (X11; Ubuntu; Linux i686; rv:28.0) Gecko/20100101 Firefox/72.0"
20.51.105.198 - - [18/Jan/2025:14:58:06 +0530] "GET /shellalfa.php HTTP/1.1" 404 - "-" "Mozilla/5.0 (X11; Ubuntu; Linux i686; rv:28.0) Gecko/20100101 Firefox/72.0"
20.51.105.198 - - [18/Jan/2025:14:58:08 +0530] "GET /xxx.php HTTP/1.1" 404 - "-" "Mozilla/5.0 (X11; Ubuntu; Linux i686; rv:28.0) Gecko/20100101 Firefox/72.0"
20.51.105.198 - - [18/Jan/2025:14:58:09 +0530] "GET /x.php HTTP/1.1" 404 - "-" "Mozilla/5.0 (X11; Ubuntu; Linux i686; rv:28.0) Gecko/20100101 Firefox/72.0"
20.51.105.198 - - [18/Jan/2025:14:58:11 +0530] "GET /file.php HTTP/1.1" 404 - "-" "Mozilla/5.0 (X11; Ubuntu; Linux i686; rv:28.0) Gecko/20100101 Firefox/72.0"
20.51.105.198 - - [18/Jan/2025:14:58:13 +0530] "GET /files.php HTTP/1.1" 404 - "-" "Mozilla/5.0 (X11; Ubuntu; Linux i686; rv:28.0) Gecko/20100101 Firefox/72.0"
20.51.105.198 - - [18/Jan/2025:14:58:15 +0530] "GET /shell4.php HTTP/1.1" 404 - "-" "Mozilla/5.0 (X11; Ubuntu; Linux i686; rv:28.0) Gecko/20100101 Firefox/72.0"
20.51.105.198 - - [18/Jan/2025:14:58:16 +0530] "GET /ups.php HTTP/1.1" 404 - "-" "Mozilla/5.0 (X11; Ubuntu; Linux i686; rv:28.0) Gecko/20100101 Firefox/72.0"
20.51.105.198 - - [18/Jan/2025:14:58:18 +0530] "GET /ru.php HTTP/1.1" 404 - "-" "Mozilla/5.0 (X11; Ubuntu; Linux i686; rv:28.0) Gecko/20100101 Firefox/72.0"
20.51.105.198 - - [18/Jan/2025:14:58:20 +0530] "GET /if.php HTTP/1.1" 404 - "-" "Mozilla/5.0 (X11; Ubuntu; Linux i686; rv:28.0) Gecko/20100101 Firefox/72.0"
20.51.105.198 - - [18/Jan/2025:14:58:21 +0530] "GET /vuln.php HTTP/1.1" 404 - "-" "Mozilla/5.0 (X11; Ubuntu; Linux i686; rv:28.0) Gecko/20100101 Firefox/72.0"
20.51.105.198 - - [18/Jan/2025:14:58:22 +0530] "GET /fw.php HTTP/1.1" 404 - "-" "Mozilla/5.0 (X11; Ubuntu; Linux i686; rv:28.0) Gecko/20100101 Firefox/72.0"
20.51.105.198 - - [18/Jan/2025:14:58:24 +0530] "GET /skipper.php HTTP/1.1" 404 - "-" "Mozilla/5.0 (X11; Ubuntu; Linux i686; rv:28.0) Gecko/20100101 Firefox/72.0"
20.51.105.198 - - [18/Jan/2025:14:58:25 +0530] "GET /skippershell.php HTTP/1.1" 404 - "-" "Mozilla/5.0 (X11; Ubuntu; Linux i686; rv:28.0) Gecko/20100101 Firefox/72.0"
20.51.105.198 - - [18/Jan/2025:14:58:27 +0530] "GET /tttt.php HTTP/1.1" 404 - "-" "Mozilla/5.0 (X11; Ubuntu; Linux i686; rv:28.0) Gecko/20100101 Firefox/72.0"
20.51.105.198 - - [18/Jan/2025:14:58:28 +0530] "GET /tshop.php HTTP/1.1" 404 - "-" "Mozilla/5.0 (X11; Ubuntu; Linux i686; rv:28.0) Gecko/20100101 Firefox/72.0"
20.51.105.198 - - [18/Jan/2025:14:58:30 +0530] "GET /alfa.php HTTP/1.1" 404 - "-" "Mozilla/5.0 (X11; Ubuntu; Linux i686; rv:28.0) Gecko/20100101 Firefox/72.0"
20.51.105.198 - - [18/Jan/2025:14:58:31 +0530] "GET /shell.php HTTP/1.1" 404 - "-" "Mozilla/5.0 (X11; Ubuntu; Linux i686; rv:28.0) Gecko/20100101 Firefox/72.0"
20.51.105.198 - - [18/Jan/2025:14:58:32 +0530] "GET /inje3ctor.php HTTP/1.1" 404 - "-" "Mozilla/5.0 (X11; Ubuntu; Linux i686; rv:28.0) Gecko/20100101 Firefox/72.0"
20.51.105.198 - - [18/Jan/2025:14:58:34 +0530] "GET /saudi.php HTTP/1.1" 404 - "-" "Mozilla/5.0 (X11; Ubuntu; Linux i686; rv:28.0) Gecko/20100101 Firefox/72.0"
20.51.105.198 - - [18/Jan/2025:14:58:35 +0530] "GET /wso.php HTTP/1.1" 404 - "-" "Mozilla/5.0 (X11; Ubuntu; Linux i686; rv:28.0) Gecko/20100101 Firefox/72.0"
20.51.105.198 - - [18/Jan/2025:14:58:36 +0530] "GET /alfashell.php HTTP/1.1" 404 - "-" "Mozilla/5.0 (X11; Ubuntu; Linux i686; rv:28.0) Gecko/20100101 Firefox/72.0"
20.51.105.198 - - [18/Jan/2025:14:58:38 +0530] "GET /my_alfa.php HTTP/1.1" 404 - "-" "Mozilla/5.0 (X11; Ubuntu; Linux i686; rv:28.0) Gecko/20100101 Firefox/72.0"
20.51.105.198 - - [18/Jan/2025:14:58:40 +0530] "GET /uploader.php HTTP/1.1" 404 - "-" "Mozilla/5.0 (X11; Ubuntu; Linux i686; rv:28.0) Gecko/20100101 Firefox/72.0"
20.51.105.198 - - [18/Jan/2025:14:58:41 +0530] "GET /up.php HTTP/1.1" 404 - "-" "Mozilla/5.0 (X11; Ubuntu; Linux i686; rv:28.0) Gecko/20100101 Firefox/72.0"
20.51.105.198 - - [18/Jan/2025:14:58:42 +0530] "GET /hacked.php HTTP/1.1" 404 - "-" "Mozilla/5.0 (X11; Ubuntu; Linux i686; rv:28.0) Gecko/20100101 Firefox/72.0"
20.51.105.198 - - [18/Jan/2025:14:58:44 +0530] "GET /c99.php HTTP/1.1" 404 - "-" "Mozilla/5.0 (X11; Ubuntu; Linux i686; rv:28.0) Gecko/20100101 Firefox/72.0"
20.51.105.198 - - [18/Jan/2025:14:58:45 +0530] "GET /priv8.php HTTP/1.1" 404 - "-" "Mozilla/5.0 (X11; Ubuntu; Linux i686; rv:28.0) Gecko/20100101 Firefox/72.0"
20.51.105.198 - - [18/Jan/2025:14:58:47 +0530] "GET /Navir.php HTTP/1.1" 404 - "-" "Mozilla/5.0 (X11; Ubuntu; Linux i686; rv:28.0) Gecko/20100101 Firefox/72.0"
20.51.105.198 - - [18/Jan/2025:14:58:48 +0530] "GET /cmd13.php HTTP/1.1" 404 - "-" "Mozilla/5.0 (X11; Ubuntu; Linux i686; rv:28.0) Gecko/20100101 Firefox/72.0"
20.51.105.198 - - [18/Jan/2025:14:58:49 +0530] "GET /inc20k1.php HTTP/1.1" 404 - "-" "Mozilla/5.0 (X11; Ubuntu; Linux i686; rv:28.0) Gecko/20100101 Firefox/72.0"
20.51.105.198 - - [18/Jan/2025:14:58:51 +0530] "GET /1index.php HTTP/1.1" 404 - "-" "Mozilla/5.0 (X11; Ubuntu; Linux i686; rv:28.0) Gecko/20100101 Firefox/72.0"
20.51.105.198 - - [18/Jan/2025:14:58:52 +0530] "GET /404.php HTTP/1.1" 404 - "-" "Mozilla/5.0 (X11; Ubuntu; Linux i686; rv:28.0) Gecko/20100101 Firefox/72.0"
20.51.105.198 - - [18/Jan/2025:14:58:53 +0530] "GET /swm.php HTTP/1.1" 404 - "-" "Mozilla/5.0 (X11; Ubuntu; Linux i686; rv:28.0) Gecko/20100101 Firefox/72.0"
20.51.105.198 - - [18/Jan/2025:14:58:55 +0530] "GET /wp.php HTTP/1.1" 404 - "-" "Mozilla/5.0 (X11; Ubuntu; Linux i686; rv:28.0) Gecko/20100101 Firefox/72.0"
20.51.105.198 - - [18/Jan/2025:14:58:57 +0530] "GET /doc.php HTTP/1.1" 404 - "-" "Mozilla/5.0 (X11; Ubuntu; Linux i686; rv:28.0) Gecko/20100101 Firefox/72.0"
20.51.105.198 - - [18/Jan/2025:14:58:58 +0530] "GET /shx.php HTTP/1.1" 404 - "-" "Mozilla/5.0 (X11; Ubuntu; Linux i686; rv:28.0) Gecko/20100101 Firefox/72.0"
20.51.105.198 - - [18/Jan/2025:14:59:00 +0530] "GET /ws.php HTTP/1.1" 404 - "-" "Mozilla/5.0 (X11; Ubuntu; Linux i686; rv:28.0) Gecko/20100101 Firefox/72.0"
20.51.105.198 - - [18/Jan/2025:14:59:01 +0530] "GET /m.php HTTP/1.1" 404 - "-" "Mozilla/5.0 (X11; Ubuntu; Linux i686; rv:28.0) Gecko/20100101 Firefox/72.0"
20.51.105.198 - - [18/Jan/2025:14:59:03 +0530] "GET /edit-form.php HTTP/1.1" 404 - "-" "Mozilla/5.0 (X11; Ubuntu; Linux i686; rv:28.0) Gecko/20100101 Firefox/72.0"
20.51.105.198 - - [18/Jan/2025:14:59:04 +0530] "GET /LEAF.php HTTP/1.1" 404 - "-" "Mozilla/5.0 (X11; Ubuntu; Linux i686; rv:28.0) Gecko/20100101 Firefox/72.0"
20.51.105.198 - - [18/Jan/2025:14:59:06 +0530] "GET /leafmailer.php HTTP/1.1" 404 - "-" "Mozilla/5.0 (X11; Ubuntu; Linux i686; rv:28.0) Gecko/20100101 Firefox/72.0"
20.51.105.198 - - [18/Jan/2025:14:59:07 +0530] "GET /mailer.php HTTP/1.1" 404 - "-" "Mozilla/5.0 (X11; Ubuntu; Linux i686; rv:28.0) Gecko/20100101 Firefox/72.0"
20.51.105.198 - - [18/Jan/2025:14:59:08 +0530] "GET /leafmailer2.8.php HTTP/1.1" 404 - "-" "Mozilla/5.0 (X11; Ubuntu; Linux i686; rv:28.0) Gecko/20100101 Firefox/72.0"
20.51.105.198 - - [18/Jan/2025:14:59:10 +0530] "GET /Leaf.php HTTP/1.1" 404 - "-" "Mozilla/5.0 (X11; Ubuntu; Linux i686; rv:28.0) Gecko/20100101 Firefox/72.0"
20.51.105.198 - - [18/Jan/2025:14:59:12 +0530] "GET /leaf.php HTTP/1.1" 404 - "-" "Mozilla/5.0 (X11; Ubuntu; Linux i686; rv:28.0) Gecko/20100101 Firefox/72.0"
20.51.105.198 - - [18/Jan/2025:14:59:13 +0530] "GET /x.php HTTP/1.1" 404 - "-" "Mozilla/5.0 (X11; Ubuntu; Linux i686; rv:28.0) Gecko/20100101 Firefox/72.0"
20.51.105.198 - - [18/Jan/2025:14:59:15 +0530] "GET /srx.php HTTP/1.1" 404 - "-" "Mozilla/5.0 (X11; Ubuntu; Linux i686; rv:28.0) Gecko/20100101 Firefox/72.0"
20.51.105.198 - - [18/Jan/2025:14:59:17 +0530] "GET /1337.php HTTP/1.1" 404 - "-" "Mozilla/5.0 (X11; Ubuntu; Linux i686; rv:28.0) Gecko/20100101 Firefox/72.0"
20.51.105.198 - - [18/Jan/2025:14:59:18 +0530] "GET /xx.php HTTP/1.1" 404 - "-" "Mozilla/5.0 (X11; Ubuntu; Linux i686; rv:28.0) Gecko/20100101 Firefox/72.0"
20.51.105.198 - - [18/Jan/2025:14:59:20 +0530] "GET /XxX.php HTTP/1.1" 404 - "-" "Mozilla/5.0 (X11; Ubuntu; Linux i686; rv:28.0) Gecko/20100101 Firefox/72.0"
20.51.105.198 - - [18/Jan/2025:14:59:22 +0530] "GET /lf.php HTTP/1.1" 404 - "-" "Mozilla/5.0 (X11; Ubuntu; Linux i686; rv:28.0) Gecko/20100101 Firefox/72.0"
20.51.105.198 - - [18/Jan/2025:14:59:23 +0530] "GET /alex.php HTTP/1.1" 404 - "-" "Mozilla/5.0 (X11; Ubuntu; Linux i686; rv:28.0) Gecko/20100101 Firefox/72.0"
20.51.105.198 - - [18/Jan/2025:14:59:24 +0530] "GET /new.php HTTP/1.1" 404 - "-" "Mozilla/5.0 (X11; Ubuntu; Linux i686; rv:28.0) Gecko/20100101 Firefox/72.0"
20.51.105.198 - - [18/Jan/2025:14:59:26 +0530] "GET /marijuana.php HTTP/1.1" 404 - "-" "Mozilla/5.0 (X11; Ubuntu; Linux i686; rv:28.0) Gecko/20100101 Firefox/72.0"
20.51.105.198 - - [18/Jan/2025:14:59:27 +0530] "GET /gaza.php HTTP/1.1" 404 - "-" "Mozilla/5.0 (X11; Ubuntu; Linux i686; rv:28.0) Gecko/20100101 Firefox/72.0"
20.51.105.198 - - [18/Jan/2025:14:59:28 +0530] "GET /wp-admin.php HTTP/1.1" 404 - "-" "Mozilla/5.0 (X11; Ubuntu; Linux i686; rv:28.0) Gecko/20100101 Firefox/72.0"
20.51.105.198 - - [18/Jan/2025:14:59:30 +0530] "GET /3index.php HTTP/1.1" 404 - "-" "Mozilla/5.0 (X11; Ubuntu; Linux i686; rv:28.0) Gecko/20100101 Firefox/72.0"
20.51.105.198 - - [18/Jan/2025:14:59:31 +0530] "GET /wikindex.php HTTP/1.1" 404 - "-" "Mozilla/5.0 (X11; Ubuntu; Linux i686; rv:28.0) Gecko/20100101 Firefox/72.0"
20.51.105.198 - - [18/Jan/2025:14:59:33 +0530] "GET /wso1.php HTTP/1.1" 404 - "-" "Mozilla/5.0 (X11; Ubuntu; Linux i686; rv:28.0) Gecko/20100101 Firefox/72.0"
20.51.105.198 - - [18/Jan/2025:14:59:34 +0530] "GET /bb.php HTTP/1.1" 404 - "-" "Mozilla/5.0 (X11; Ubuntu; Linux i686; rv:28.0) Gecko/20100101 Firefox/72.0"
20.51.105.198 - - [18/Jan/2025:14:59:36 +0530] "GET /Lux.php HTTP/1.1" 404 - "-" "Mozilla/5.0 (X11; Ubuntu; Linux i686; rv:28.0) Gecko/20100101 Firefox/72.0"
20.51.105.198 - - [18/Jan/2025:14:59:38 +0530] "GET /haxor.php HTTP/1.1" 404 - "-" "Mozilla/5.0 (X11; Ubuntu; Linux i686; rv:28.0) Gecko/20100101 Firefox/72.0"
20.51.105.198 - - [18/Jan/2025:14:59:39 +0530] "GET /shell4.php HTTP/1.1" 404 - "-" "Mozilla/5.0 (X11; Ubuntu; Linux i686; rv:28.0) Gecko/20100101 Firefox/72.0"
20.51.105.198 - - [18/Jan/2025:14:59:41 +0530] "GET /ups.php HTTP/1.1" 404 - "-" "Mozilla/5.0 (X11; Ubuntu; Linux i686; rv:28.0) Gecko/20100101 Firefox/72.0"
20.51.105.198 - - [18/Jan/2025:14:59:43 +0530] "GET /ru.php HTTP/1.1" 404 - "-" "Mozilla/5.0 (X11; Ubuntu; Linux i686; rv:28.0) Gecko/20100101 Firefox/72.0"
20.51.105.198 - - [18/Jan/2025:14:59:44 +0530] "GET /if.php HTTP/1.1" 404 - "-" "Mozilla/5.0 (X11; Ubuntu; Linux i686; rv:28.0) Gecko/20100101 Firefox/72.0"
20.51.105.198 - - [18/Jan/2025:14:59:46 +0530] "GET /vuln.php HTTP/1.1" 404 - "-" "Mozilla/5.0 (X11; Ubuntu; Linux i686; rv:28.0) Gecko/20100101 Firefox/72.0"
20.51.105.198 - - [18/Jan/2025:14:59:47 +0530] "GET /fw.php HTTP/1.1" 404 - "-" "Mozilla/5.0 (X11; Ubuntu; Linux i686; rv:28.0) Gecko/20100101 Firefox/72.0"
66.249.66.166 - - [18/Jan/2025:14:59:48 +0530] "GET /services_detail.php?slug=149 HTTP/1.1" 200 22152 "-" "Mozilla/5.0 (Linux; Android 6.0.1; Nexus 5X Build/MMB29P) AppleWebKit/537.36 (KHTML, like Gecko) Chrome/132.0.6834.83 Mobile Safari/537.36 (compatible; Googlebot/2.1; +http://www.google.com/bot.html)"
20.51.105.198 - - [18/Jan/2025:14:59:49 +0530] "GET /skipper.php HTTP/1.1" 404 - "-" "Mozilla/5.0 (X11; Ubuntu; Linux i686; rv:28.0) Gecko/20100101 Firefox/72.0"
20.51.105.198 - - [18/Jan/2025:14:59:51 +0530] "GET /skippershell.php HTTP/1.1" 404 - "-" "Mozilla/5.0 (X11; Ubuntu; Linux i686; rv:28.0) Gecko/20100101 Firefox/72.0"
66.249.66.166 - - [18/Jan/2025:14:59:52 +0530] "GET /css/jquery.datetimepicker.min.css HTTP/1.1" 200 16503 "https://www.anantamultispecialityhospital.in/services_detail.php?slug=149" "Mozilla/5.0 (Linux; Android 6.0.1; Nexus 5X Build/MMB29P) AppleWebKit/537.36 (KHTML, like Gecko) Chrome/131.0.6778.264 Mobile Safari/537.36 (compatible; Googlebot/2.1; +http://www.google.com/bot.html)"
66.249.66.166 - - [18/Jan/2025:14:59:52 +0530] "GET /js/jquery.scrollto.js HTTP/1.1" 200 1034 "https://www.anantamultispecialityhospital.in/services_detail.php?slug=149" "Mozilla/5.0 (Linux; Android 6.0.1; Nexus 5X Build/MMB29P) AppleWebKit/537.36 (KHTML, like Gecko) Chrome/131.0.6778.264 Mobile Safari/537.36 (compatible; Googlebot/2.1; +http://www.google.com/bot.html)"
66.249.66.166 - - [18/Jan/2025:14:59:52 +0530] "GET /styles.css HTTP/1.1" 404 - "https://www.anantamultispecialityhospital.in/services_detail.php?slug=149" "Mozilla/5.0 (Linux; Android 6.0.1; Nexus 5X Build/MMB29P) AppleWebKit/537.36 (KHTML, like Gecko) Chrome/131.0.6778.264 Mobile Safari/537.36 (compatible; Googlebot/2.1; +http://www.google.com/bot.html)"
66.249.66.167 - - [18/Jan/2025:14:59:52 +0530] "GET /css/menu.css HTTP/1.1" 200 33171 "https://www.anantamultispecialityhospital.in/services_detail.php?slug=149" "Mozilla/5.0 (Linux; Android 6.0.1; Nexus 5X Build/MMB29P) AppleWebKit/537.36 (KHTML, like Gecko) Chrome/131.0.6778.264 Mobile Safari/537.36 (compatible; Googlebot/2.1; +http://www.google.com/bot.html)"
20.51.105.198 - - [18/Jan/2025:14:59:53 +0530] "GET /tttt.php HTTP/1.1" 404 - "-" "Mozilla/5.0 (X11; Ubuntu; Linux i686; rv:28.0) Gecko/20100101 Firefox/72.0"
66.249.66.166 - - [18/Jan/2025:14:59:53 +0530] "GET /js/jquery.magnific-popup.min.js HTTP/1.1" 200 20216 "https://www.anantamultispecialityhospital.in/services_detail.php?slug=149" "Mozilla/5.0 (Linux; Android 6.0.1; Nexus 5X Build/MMB29P) AppleWebKit/537.36 (KHTML, like Gecko) Chrome/131.0.6778.264 Mobile Safari/537.36 (compatible; Googlebot/2.1; +http://www.google.com/bot.html)"
66.249.66.166 - - [18/Jan/2025:14:59:53 +0530] "GET /js/appointment-form.js HTTP/1.1" 200 3976 "https://www.anantamultispecialityhospital.in/services_detail.php?slug=149" "Mozilla/5.0 (Linux; Android 6.0.1; Nexus 5X Build/MMB29P) AppleWebKit/537.36 (KHTML, like Gecko) Chrome/131.0.6778.264 Mobile Safari/537.36 (compatible; Googlebot/2.1; +http://www.google.com/bot.html)"
66.249.66.167 - - [18/Jan/2025:14:59:53 +0530] "GET /js/materialize.js HTTP/1.1" 200 370982 "https://www.anantamultispecialityhospital.in/services_detail.php?slug=149" "Mozilla/5.0 (Linux; Android 6.0.1; Nexus 5X Build/MMB29P) AppleWebKit/537.36 (KHTML, like Gecko) Chrome/131.0.6778.264 Mobile Safari/537.36 (compatible; Googlebot/2.1; +http://www.google.com/bot.html)"
66.249.66.166 - - [18/Jan/2025:14:59:53 +0530] "GET /js/isotope.pkgd.min.js HTTP/1.1" 200 35445 "https://www.anantamultispecialityhospital.in/services_detail.php?slug=149" "Mozilla/5.0 (Linux; Android 6.0.1; Nexus 5X Build/MMB29P) AppleWebKit/537.36 (KHTML, like Gecko) Chrome/131.0.6778.264 Mobile Safari/537.36 (compatible; Googlebot/2.1; +http://www.google.com/bot.html)"
66.249.66.167 - - [18/Jan/2025:14:59:54 +0530] "GET /js/jquery.ajaxchimp.min.js HTTP/1.1" 200 2381 "https://www.anantamultispecialityhospital.in/services_detail.php?slug=149" "Mozilla/5.0 (Linux; Android 6.0.1; Nexus 5X Build/MMB29P) AppleWebKit/537.36 (KHTML, like Gecko) Chrome/131.0.6778.264 Mobile Safari/537.36 (compatible; Googlebot/2.1; +http://www.google.com/bot.html)"
66.249.66.167 - - [18/Jan/2025:14:59:54 +0530] "GET /js/owl.carousel.min.js HTTP/1.1" 200 42766 "https://www.anantamultispecialityhospital.in/services_detail.php?slug=149" "Mozilla/5.0 (Linux; Android 6.0.1; Nexus 5X Build/MMB29P) AppleWebKit/537.36 (KHTML, like Gecko) Chrome/131.0.6778.264 Mobile Safari/537.36 (compatible; Googlebot/2.1; +http://www.google.com/bot.html)"
66.249.66.167 - - [18/Jan/2025:14:59:54 +0530] "GET /js/changer.js HTTP/1.1" 200 134 "https://www.anantamultispecialityhospital.in/services_detail.php?slug=149" "Mozilla/5.0 (Linux; Android 6.0.1; Nexus 5X Build/MMB29P) AppleWebKit/537.36 (KHTML, like Gecko) Chrome/131.0.6778.264 Mobile Safari/537.36 (compatible; Googlebot/2.1; +http://www.google.com/bot.html)"
20.51.105.198 - - [18/Jan/2025:14:59:54 +0530] "GET /tshop.php HTTP/1.1" 404 - "-" "Mozilla/5.0 (X11; Ubuntu; Linux i686; rv:28.0) Gecko/20100101 Firefox/72.0"
197.244.232.188 - - [18/Jan/2025:14:59:55 +0530] "GET /wp-includes/css/modules.php HTTP/1.1" 404 - "-" "python-requests/2.27.1"
20.51.105.198 - - [18/Jan/2025:14:59:56 +0530] "GET /alfa.php HTTP/1.1" 404 - "-" "Mozilla/5.0 (X11; Ubuntu; Linux i686; rv:28.0) Gecko/20100101 Firefox/72.0"
197.244.232.188 - - [18/Jan/2025:14:59:56 +0530] "GET /wso.php HTTP/1.1" 404 - "-" "python-requests/2.27.1"
197.244.232.188 - - [18/Jan/2025:14:59:57 +0530] "GET /wp-content/plugins/upspy/index.php HTTP/1.1" 404 - "-" "python-requests/2.27.1"
20.51.105.198 - - [18/Jan/2025:14:59:57 +0530] "GET /shell.php HTTP/1.1" 404 - "-" "Mozilla/5.0 (X11; Ubuntu; Linux i686; rv:28.0) Gecko/20100101 Firefox/72.0"
197.244.232.188 - - [18/Jan/2025:14:59:58 +0530] "GET /wp-content/plugins/ubh/index.php HTTP/1.1" 404 - "-" "python-requests/2.27.1"
20.51.105.198 - - [18/Jan/2025:14:59:59 +0530] "GET /inje3ctor.php HTTP/1.1" 404 - "-" "Mozilla/5.0 (X11; Ubuntu; Linux i686; rv:28.0) Gecko/20100101 Firefox/72.0"
197.244.232.188 - - [18/Jan/2025:15:00:00 +0530] "GET /wp-content/plugins/vwcleanerplugin/bump.php?cache HTTP/1.1" 404 - "-" "python-requests/2.27.1"
20.51.105.198 - - [18/Jan/2025:15:00:01 +0530] "GET /saudi.php HTTP/1.1" 404 - "-" "Mozilla/5.0 (X11; Ubuntu; Linux i686; rv:28.0) Gecko/20100101 Firefox/72.0"
197.244.232.188 - - [18/Jan/2025:15:00:01 +0530] "GET /wp-content/plugins/xichang/x.php?xi HTTP/1.1" 404 - "-" "python-requests/2.27.1"
197.244.232.188 - - [18/Jan/2025:15:00:02 +0530] "GET /wp-content/plugins/html404/index.html HTTP/1.1" 404 - "-" "python-requests/2.27.1"
20.51.105.198 - - [18/Jan/2025:15:00:03 +0530] "GET /wso.php HTTP/1.1" 404 - "-" "Mozilla/5.0 (X11; Ubuntu; Linux i686; rv:28.0) Gecko/20100101 Firefox/72.0"
197.244.232.188 - - [18/Jan/2025:15:00:03 +0530] "GET /wp-admin/shapes.php HTTP/1.1" 404 - "-" "python-requests/2.27.1"
20.51.105.198 - - [18/Jan/2025:15:00:04 +0530] "GET /alfashell.php HTTP/1.1" 404 - "-" "Mozilla/5.0 (X11; Ubuntu; Linux i686; rv:28.0) Gecko/20100101 Firefox/72.0"
197.244.232.188 - - [18/Jan/2025:15:00:05 +0530] "GET /olux.php HTTP/1.1" 404 - "-" "python-requests/2.27.1"
197.244.232.188 - - [18/Jan/2025:15:00:06 +0530] "GET /indoxploit.php HTTP/1.1" 404 - "-" "python-requests/2.27.1"
20.51.105.198 - - [18/Jan/2025:15:00:06 +0530] "GET /my_alfa.php HTTP/1.1" 404 - "-" "Mozilla/5.0 (X11; Ubuntu; Linux i686; rv:28.0) Gecko/20100101 Firefox/72.0"
197.244.232.188 - - [18/Jan/2025:15:00:07 +0530] "GET / HTTP/1.1" 200 65098 "-" "python-requests/2.27.1"
20.51.105.198 - - [18/Jan/2025:15:00:08 +0530] "GET /uploader.php HTTP/1.1" 404 - "-" "Mozilla/5.0 (X11; Ubuntu; Linux i686; rv:28.0) Gecko/20100101 Firefox/72.0"
197.244.232.188 - - [18/Jan/2025:15:00:08 +0530] "GET /up.php HTTP/1.1" 404 - "-" "python-requests/2.27.1"
20.51.105.198 - - [18/Jan/2025:15:00:09 +0530] "GET /up.php HTTP/1.1" 404 - "-" "Mozilla/5.0 (X11; Ubuntu; Linux i686; rv:28.0) Gecko/20100101 Firefox/72.0"
197.244.232.188 - - [18/Jan/2025:15:00:09 +0530] "GET /upload.php HTTP/1.1" 404 - "-" "python-requests/2.27.1"
197.244.232.188 - - [18/Jan/2025:15:00:10 +0530] "GET /wp-content/uploads/ HTTP/1.1" 404 - "-" "python-requests/2.27.1"
20.51.105.198 - - [18/Jan/2025:15:00:11 +0530] "GET /hacked.php HTTP/1.1" 404 - "-" "Mozilla/5.0 (X11; Ubuntu; Linux i686; rv:28.0) Gecko/20100101 Firefox/72.0"
197.244.232.188 - - [18/Jan/2025:15:00:12 +0530] "GET /wp-content/uploads/2025/01/ HTTP/1.1" 404 - "-" "python-requests/2.27.1"
20.51.105.198 - - [18/Jan/2025:15:00:12 +0530] "GET /c99.php HTTP/1.1" 404 - "-" "Mozilla/5.0 (X11; Ubuntu; Linux i686; rv:28.0) Gecko/20100101 Firefox/72.0"
197.244.232.188 - - [18/Jan/2025:15:00:13 +0530] "GET /shell.php HTTP/1.1" 404 - "-" "python-requests/2.27.1"
197.244.232.188 - - [18/Jan/2025:15:00:14 +0530] "GET /wp-admin/network/wp-footer.php HTTP/1.1" 404 - "-" "python-requests/2.27.1"
20.51.105.198 - - [18/Jan/2025:15:00:14 +0530] "GET /priv8.php HTTP/1.1" 404 - "-" "Mozilla/5.0 (X11; Ubuntu; Linux i686; rv:28.0) Gecko/20100101 Firefox/72.0"
197.244.232.188 - - [18/Jan/2025:15:00:14 +0530] "GET /wp-info.php HTTP/1.1" 404 - "-" "python-requests/2.27.1"
20.51.105.198 - - [18/Jan/2025:15:00:15 +0530] "GET /Navir.php HTTP/1.1" 404 - "-" "Mozilla/5.0 (X11; Ubuntu; Linux i686; rv:28.0) Gecko/20100101 Firefox/72.0"
197.244.232.188 - - [18/Jan/2025:15:00:15 +0530] "GET /wp-content/vuln.php HTTP/1.1" 404 - "-" "python-requests/2.27.1"
197.244.232.188 - - [18/Jan/2025:15:00:16 +0530] "GET /upel.php HTTP/1.1" 404 - "-" "python-requests/2.27.1"
20.51.105.198 - - [18/Jan/2025:15:00:17 +0530] "GET /cmd13.php HTTP/1.1" 404 - "-" "Mozilla/5.0 (X11; Ubuntu; Linux i686; rv:28.0) Gecko/20100101 Firefox/72.0"
197.244.232.188 - - [18/Jan/2025:15:00:18 +0530] "GET /wp-content/plugins/ppus/up.php HTTP/1.1" 404 - "-" "python-requests/2.27.1"
20.51.105.198 - - [18/Jan/2025:15:00:18 +0530] "GET /inc20k1.php HTTP/1.1" 404 - "-" "Mozilla/5.0 (X11; Ubuntu; Linux i686; rv:28.0) Gecko/20100101 Firefox/72.0"
197.244.232.188 - - [18/Jan/2025:15:00:18 +0530] "GET /098.php HTTP/1.1" 404 - "-" "python-requests/2.27.1"
20.51.105.198 - - [18/Jan/2025:15:00:20 +0530] "GET /1index.php HTTP/1.1" 404 - "-" "Mozilla/5.0 (X11; Ubuntu; Linux i686; rv:28.0) Gecko/20100101 Firefox/72.0"
197.244.232.188 - - [18/Jan/2025:15:00:20 +0530] "GET /V5.php HTTP/1.1" 404 - "-" "python-requests/2.27.1"
197.244.232.188 - - [18/Jan/2025:15:00:21 +0530] "GET /new_license.php HTTP/1.1" 404 - "-" "python-requests/2.27.1"
20.51.105.198 - - [18/Jan/2025:15:00:21 +0530] "GET /404.php HTTP/1.1" 404 - "-" "Mozilla/5.0 (X11; Ubuntu; Linux i686; rv:28.0) Gecko/20100101 Firefox/72.0"
197.244.232.188 - - [18/Jan/2025:15:00:22 +0530] "GET /wp-content/plugins/theme-configurator/mini.php HTTP/1.1" 404 - "-" "python-requests/2.27.1"
20.51.105.198 - - [18/Jan/2025:15:00:23 +0530] "GET /swm.php HTTP/1.1" 404 - "-" "Mozilla/5.0 (X11; Ubuntu; Linux i686; rv:28.0) Gecko/20100101 Firefox/72.0"
197.244.232.188 - - [18/Jan/2025:15:00:23 +0530] "GET /wp-content/plugins/widget-logic/mini.php HTTP/1.1" 404 - "-" "python-requests/2.27.1"
197.244.232.188 - - [18/Jan/2025:15:00:24 +0530] "GET /wso.php HTTP/1.1" 404 - "-" "python-requests/2.27.1"
20.51.105.198 - - [18/Jan/2025:15:00:24 +0530] "GET /wp.php HTTP/1.1" 404 - "-" "Mozilla/5.0 (X11; Ubuntu; Linux i686; rv:28.0) Gecko/20100101 Firefox/72.0"
197.244.232.188 - - [18/Jan/2025:15:00:25 +0530] "GET /modules/modules/modules.php HTTP/1.1" 404 - "-" "python-requests/2.27.1"
20.51.105.198 - - [18/Jan/2025:15:00:26 +0530] "GET /mini.php HTTP/1.1" 404 - "-" "Mozilla/5.0 (X11; Ubuntu; Linux i686; rv:28.0) Gecko/20100101 Firefox/72.0"
197.244.232.188 - - [18/Jan/2025:15:00:26 +0530] "GET /modules/mod_simplefileuploadv1.3/elements/Clean.php HTTP/1.1" 404 - "-" "python-requests/2.27.1"
20.51.105.198 - - [18/Jan/2025:15:00:27 +0530] "GET /php.php HTTP/1.1" 404 - "-" "Mozilla/5.0 (X11; Ubuntu; Linux i686; rv:28.0) Gecko/20100101 Firefox/72.0"
197.244.232.188 - - [18/Jan/2025:15:00:28 +0530] "GET /modules/mod_simplefileuploadv1.3/elements/udd.php HTTP/1.1" 404 - "-" "python-requests/2.27.1"
20.51.105.198 - - [18/Jan/2025:15:00:29 +0530] "GET /gif.php HTTP/1.1" 404 - "-" "Mozilla/5.0 (X11; Ubuntu; Linux i686; rv:28.0) Gecko/20100101 Firefox/72.0"
197.244.232.188 - - [18/Jan/2025:15:00:29 +0530] "GET /libraries/joomla/css.php HTTP/1.1" 404 - "-" "python-requests/2.27.1"
20.51.105.198 - - [18/Jan/2025:15:00:30 +0530] "GET /simple.php HTTP/1.1" 404 - "-" "Mozilla/5.0 (X11; Ubuntu; Linux i686; rv:28.0) Gecko/20100101 Firefox/72.0"
197.244.232.188 - - [18/Jan/2025:15:00:31 +0530] "GET /libraries/joomla/jmails.php?u HTTP/1.1" 404 - "-" "python-requests/2.27.1"
197.244.232.188 - - [18/Jan/2025:15:00:32 +0530] "GET /libraries/joomla/jmail.php?u HTTP/1.1" 404 - "-" "python-requests/2.27.1"
20.51.105.198 - - [18/Jan/2025:15:00:32 +0530] "GET /root.php HTTP/1.1" 404 - "-" "Mozilla/5.0 (X11; Ubuntu; Linux i686; rv:28.0) Gecko/20100101 Firefox/72.0"
20.51.105.198 - - [18/Jan/2025:15:00:33 +0530] "GET /toor.pho HTTP/1.1" 404 - "-" "Mozilla/5.0 (X11; Ubuntu; Linux i686; rv:28.0) Gecko/20100101 Firefox/72.0"
197.244.232.188 - - [18/Jan/2025:15:00:33 +0530] "GET /images/vuln.php HTTP/1.1" 404 - "-" "python-requests/2.27.1"
197.244.232.188 - - [18/Jan/2025:15:00:34 +0530] "GET /tmp/vuln.php HTTP/1.1" 404 - "-" "python-requests/2.27.1"
20.51.105.198 - - [18/Jan/2025:15:00:35 +0530] "GET /bot.php HTTP/1.1" 404 - "-" "Mozilla/5.0 (X11; Ubuntu; Linux i686; rv:28.0) Gecko/20100101 Firefox/72.0"
20.51.105.198 - - [18/Jan/2025:15:00:37 +0530] "GET /doc.php HTTP/1.1" 404 - "-" "Mozilla/5.0 (X11; Ubuntu; Linux i686; rv:28.0) Gecko/20100101 Firefox/72.0"
197.244.232.188 - - [18/Jan/2025:15:00:37 +0530] "GET /XxX.php HTTP/1.1" 404 - "-" "python-requests/2.27.1"
20.51.105.198 - - [18/Jan/2025:15:00:38 +0530] "GET /shx.php HTTP/1.1" 404 - "-" "Mozilla/5.0 (X11; Ubuntu; Linux i686; rv:28.0) Gecko/20100101 Firefox/72.0"
197.244.232.188 - - [18/Jan/2025:15:00:39 +0530] "GET /Marvins.php HTTP/1.1" 404 - "-" "python-requests/2.27.1"
20.51.105.198 - - [18/Jan/2025:15:00:39 +0530] "GET /ws.php HTTP/1.1" 404 - "-" "Mozilla/5.0 (X11; Ubuntu; Linux i686; rv:28.0) Gecko/20100101 Firefox/72.0"
20.51.105.198 - - [18/Jan/2025:15:00:41 +0530] "GET /m.php HTTP/1.1" 404 - "-" "Mozilla/5.0 (X11; Ubuntu; Linux i686; rv:28.0) Gecko/20100101 Firefox/72.0"
197.244.232.188 - - [18/Jan/2025:15:00:41 +0530] "GET /rxr.php?rxr HTTP/1.1" 404 - "-" "python-requests/2.27.1"
20.51.105.198 - - [18/Jan/2025:15:00:42 +0530] "GET /edit-form.php HTTP/1.1" 404 - "-" "Mozilla/5.0 (X11; Ubuntu; Linux i686; rv:28.0) Gecko/20100101 Firefox/72.0"
20.51.105.198 - - [18/Jan/2025:15:00:44 +0530] "GET /LEAF.php HTTP/1.1" 404 - "-" "Mozilla/5.0 (X11; Ubuntu; Linux i686; rv:28.0) Gecko/20100101 Firefox/72.0"
197.244.232.188 - - [18/Jan/2025:15:00:45 +0530] "GET /olux.php HTTP/1.1" 404 - "-" "python-requests/2.27.1"
20.51.105.198 - - [18/Jan/2025:15:00:45 +0530] "GET /leafmailer.php HTTP/1.1" 404 - "-" "Mozilla/5.0 (X11; Ubuntu; Linux i686; rv:28.0) Gecko/20100101 Firefox/72.0"
197.244.232.188 - - [18/Jan/2025:15:00:46 +0530] "GET /indoxploit.php HTTP/1.1" 404 - "-" "python-requests/2.27.1"
20.51.105.198 - - [18/Jan/2025:15:00:46 +0530] "GET /mailer.php HTTP/1.1" 404 - "-" "Mozilla/5.0 (X11; Ubuntu; Linux i686; rv:28.0) Gecko/20100101 Firefox/72.0"
197.244.232.188 - - [18/Jan/2025:15:00:47 +0530] "GET /error.php HTTP/1.1" 404 - "-" "python-requests/2.27.1"
20.51.105.198 - - [18/Jan/2025:15:00:48 +0530] "GET /leafmailer2.8.php HTTP/1.1" 404 - "-" "Mozilla/5.0 (X11; Ubuntu; Linux i686; rv:28.0) Gecko/20100101 Firefox/72.0"
197.244.232.188 - - [18/Jan/2025:15:00:48 +0530] "GET /RxR.php HTTP/1.1" 404 - "-" "python-requests/2.27.1"
197.244.232.188 - - [18/Jan/2025:15:00:49 +0530] "GET /components/com_b2jcontact/izoc.php HTTP/1.1" 404 - "-" "python-requests/2.27.1"
20.51.105.198 - - [18/Jan/2025:15:00:49 +0530] "GET /php_sender.php HTTP/1.1" 404 - "-" "Mozilla/5.0 (X11; Ubuntu; Linux i686; rv:28.0) Gecko/20100101 Firefox/72.0"
20.51.105.198 - - [18/Jan/2025:15:00:51 +0530] "GET /phpsender.php HTTP/1.1" 404 - "-" "Mozilla/5.0 (X11; Ubuntu; Linux i686; rv:28.0) Gecko/20100101 Firefox/72.0"
197.244.232.188 - - [18/Jan/2025:15:00:51 +0530] "GET /V3.php HTTP/1.1" 404 - "-" "python-requests/2.27.1"
197.244.232.188 - - [18/Jan/2025:15:00:52 +0530] "GET /V5.php HTTP/1.1" 404 - "-" "python-requests/2.27.1"
20.51.105.198 - - [18/Jan/2025:15:00:52 +0530] "GET /smtp.php HTTP/1.1" 404 - "-" "Mozilla/5.0 (X11; Ubuntu; Linux i686; rv:28.0) Gecko/20100101 Firefox/72.0"
197.244.232.188 - - [18/Jan/2025:15:00:53 +0530] "GET / HTTP/1.1" 200 65098 "-" "python-requests/2.27.1"
20.51.105.198 - - [18/Jan/2025:15:00:53 +0530] "GET /leaf_php.php HTTP/1.1" 404 - "-" "Mozilla/5.0 (X11; Ubuntu; Linux i686; rv:28.0) Gecko/20100101 Firefox/72.0"
197.244.232.188 - - [18/Jan/2025:15:00:54 +0530] "GET /up.php HTTP/1.1" 404 - "-" "python-requests/2.27.1"
20.51.105.198 - - [18/Jan/2025:15:00:55 +0530] "GET /php.php HTTP/1.1" 404 - "-" "Mozilla/5.0 (X11; Ubuntu; Linux i686; rv:28.0) Gecko/20100101 Firefox/72.0"
197.244.232.188 - - [18/Jan/2025:15:00:55 +0530] "GET /upload.php HTTP/1.1" 404 - "-" "python-requests/2.27.1"
197.244.232.188 - - [18/Jan/2025:15:00:56 +0530] "GET /shell.php HTTP/1.1" 404 - "-" "python-requests/2.27.1"
20.51.105.198 - - [18/Jan/2025:15:00:56 +0530] "GET /leaf_mailer.php HTTP/1.1" 404 - "-" "Mozilla/5.0 (X11; Ubuntu; Linux i686; rv:28.0) Gecko/20100101 Firefox/72.0"
197.244.232.188 - - [18/Jan/2025:15:00:57 +0530] "GET /administrator/templates/bluestork/index.php HTTP/1.1" 404 - "-" "python-requests/2.27.1"
20.51.105.198 - - [18/Jan/2025:15:00:58 +0530] "GET /Leaf.php HTTP/1.1" 404 - "-" "Mozilla/5.0 (X11; Ubuntu; Linux i686; rv:28.0) Gecko/20100101 Firefox/72.0"
197.244.232.188 - - [18/Jan/2025:15:00:58 +0530] "GET /administrator/templates/bluestork/error.php HTTP/1.1" 404 - "-" "python-requests/2.27.1"
197.244.232.188 - - [18/Jan/2025:15:00:59 +0530] "GET /administrator/templates/hathor/index.php HTTP/1.1" 404 - "-" "python-requests/2.27.1"
20.51.105.198 - - [18/Jan/2025:15:00:59 +0530] "GET /leaf.php HTTP/1.1" 404 - "-" "Mozilla/5.0 (X11; Ubuntu; Linux i686; rv:28.0) Gecko/20100101 Firefox/72.0"
197.244.232.188 - - [18/Jan/2025:15:01:00 +0530] "GET /administrator/templates/hathor/error.php HTTP/1.1" 404 - "-" "python-requests/2.27.1"
20.51.105.198 - - [18/Jan/2025:15:01:00 +0530] "GET /x.php HTTP/1.1" 404 - "-" "Mozilla/5.0 (X11; Ubuntu; Linux i686; rv:28.0) Gecko/20100101 Firefox/72.0"
197.244.232.188 - - [18/Jan/2025:15:01:00 +0530] "GET /administrator/templates/isis/index.php HTTP/1.1" 404 - "-" "python-requests/2.27.1"
197.244.232.188 - - [18/Jan/2025:15:01:01 +0530] "GET /administrator/templates/isis/error.php HTTP/1.1" 404 - "-" "python-requests/2.27.1"
20.51.105.198 - - [18/Jan/2025:15:01:02 +0530] "GET /srx.php HTTP/1.1" 404 - "-" "Mozilla/5.0 (X11; Ubuntu; Linux i686; rv:28.0) Gecko/20100101 Firefox/72.0"
197.244.232.188 - - [18/Jan/2025:15:01:02 +0530] "GET /templates/beez/index.php HTTP/1.1" 404 - "-" "python-requests/2.27.1"
20.51.105.198 - - [18/Jan/2025:15:01:03 +0530] "GET /1337.php HTTP/1.1" 404 - "-" "Mozilla/5.0 (X11; Ubuntu; Linux i686; rv:28.0) Gecko/20100101 Firefox/72.0"
197.244.232.188 - - [18/Jan/2025:15:01:03 +0530] "GET /templates/ja_purity/index.php HTTP/1.1" 404 - "-" "python-requests/2.27.1"
197.244.232.188 - - [18/Jan/2025:15:01:04 +0530] "GET /templates/rhuk_milkyway/index.php HTTP/1.1" 404 - "-" "python-requests/2.27.1"
20.51.105.198 - - [18/Jan/2025:15:01:05 +0530] "GET /xx.php HTTP/1.1" 404 - "-" "Mozilla/5.0 (X11; Ubuntu; Linux i686; rv:28.0) Gecko/20100101 Firefox/72.0"
197.244.232.188 - - [18/Jan/2025:15:01:05 +0530] "GET /templates/system/index.php HTTP/1.1" 404 - "-" "python-requests/2.27.1"
197.244.232.188 - - [18/Jan/2025:15:01:06 +0530] "GET /templates/system/error.php HTTP/1.1" 404 - "-" "python-requests/2.27.1"
20.51.105.198 - - [18/Jan/2025:15:01:06 +0530] "GET /XxX.php HTTP/1.1" 404 - "-" "Mozilla/5.0 (X11; Ubuntu; Linux i686; rv:28.0) Gecko/20100101 Firefox/72.0"
197.244.232.188 - - [18/Jan/2025:15:01:07 +0530] "GET /templates/beez3/index.php HTTP/1.1" 404 - "-" "python-requests/2.27.1"
20.51.105.198 - - [18/Jan/2025:15:01:08 +0530] "GET /lf.php HTTP/1.1" 404 - "-" "Mozilla/5.0 (X11; Ubuntu; Linux i686; rv:28.0) Gecko/20100101 Firefox/72.0"
197.244.232.188 - - [18/Jan/2025:15:01:08 +0530] "GET /templates/beez3/error.php HTTP/1.1" 404 - "-" "python-requests/2.27.1"
20.51.105.198 - - [18/Jan/2025:15:01:09 +0530] "GET /alex.php HTTP/1.1" 404 - "-" "Mozilla/5.0 (X11; Ubuntu; Linux i686; rv:28.0) Gecko/20100101 Firefox/72.0"
197.244.232.188 - - [18/Jan/2025:15:01:09 +0530] "GET /templates/beez5/index.php HTTP/1.1" 404 - "-" "python-requests/2.27.1"
197.244.232.188 - - [18/Jan/2025:15:01:10 +0530] "GET /templates/beez5/error.php HTTP/1.1" 404 - "-" "python-requests/2.27.1"
20.51.105.198 - - [18/Jan/2025:15:01:11 +0530] "GET /new.php HTTP/1.1" 404 - "-" "Mozilla/5.0 (X11; Ubuntu; Linux i686; rv:28.0) Gecko/20100101 Firefox/72.0"
197.244.232.188 - - [18/Jan/2025:15:01:11 +0530] "GET /templates/beez_20/index.php HTTP/1.1" 404 - "-" "python-requests/2.27.1"
20.51.105.198 - - [18/Jan/2025:15:01:12 +0530] "GET /marijuana.php HTTP/1.1" 404 - "-" "Mozilla/5.0 (X11; Ubuntu; Linux i686; rv:28.0) Gecko/20100101 Firefox/72.0"
197.244.232.188 - - [18/Jan/2025:15:01:13 +0530] "GET /templates/beez_20/error.php HTTP/1.1" 404 - "-" "python-requests/2.27.1"
197.244.232.188 - - [18/Jan/2025:15:01:13 +0530] "GET /templates/protostar/index.php HTTP/1.1" 404 - "-" "python-requests/2.27.1"
20.51.105.198 - - [18/Jan/2025:15:01:14 +0530] "GET /gaza.php HTTP/1.1" 404 - "-" "Mozilla/5.0 (X11; Ubuntu; Linux i686; rv:28.0) Gecko/20100101 Firefox/72.0"
197.244.232.188 - - [18/Jan/2025:15:01:14 +0530] "GET /templates/protostar/error.php HTTP/1.1" 404 - "-" "python-requests/2.27.1"
20.51.105.198 - - [18/Jan/2025:15:01:16 +0530] "GET /wp-admin.php HTTP/1.1" 404 - "-" "Mozilla/5.0 (X11; Ubuntu; Linux i686; rv:28.0) Gecko/20100101 Firefox/72.0"
197.244.232.188 - - [18/Jan/2025:15:01:16 +0530] "GET /templates/atomic/index.php HTTP/1.1" 404 - "-" "python-requests/2.27.1"
197.244.232.188 - - [18/Jan/2025:15:01:17 +0530] "GET /templates/atomic/error.php HTTP/1.1" 404 - "-" "python-requests/2.27.1"
20.51.105.198 - - [18/Jan/2025:15:01:17 +0530] "GET /3index.php HTTP/1.1" 404 - "-" "Mozilla/5.0 (X11; Ubuntu; Linux i686; rv:28.0) Gecko/20100101 Firefox/72.0"
197.244.232.188 - - [18/Jan/2025:15:01:17 +0530] "GET /olux.php HTTP/1.1" 404 - "-" "python-requests/2.27.1"
20.51.105.198 - - [18/Jan/2025:15:01:18 +0530] "GET /wikindex.php HTTP/1.1" 404 - "-" "Mozilla/5.0 (X11; Ubuntu; Linux i686; rv:28.0) Gecko/20100101 Firefox/72.0"
197.244.232.188 - - [18/Jan/2025:15:01:18 +0530] "GET /indoxploit.php HTTP/1.1" 404 - "-" "python-requests/2.27.1"
197.244.232.188 - - [18/Jan/2025:15:01:19 +0530] "GET /indoxploit.php HTTP/1.1" 404 - "-" "python-requests/2.27.1"
20.51.105.198 - - [18/Jan/2025:15:01:19 +0530] "GET /wso1.php HTTP/1.1" 404 - "-" "Mozilla/5.0 (X11; Ubuntu; Linux i686; rv:28.0) Gecko/20100101 Firefox/72.0"
197.244.232.188 - - [18/Jan/2025:15:01:20 +0530] "GET /wso.php HTTP/1.1" 404 - "-" "python-requests/2.27.1"
20.51.105.198 - - [18/Jan/2025:15:01:21 +0530] "GET /bb.php HTTP/1.1" 404 - "-" "Mozilla/5.0 (X11; Ubuntu; Linux i686; rv:28.0) Gecko/20100101 Firefox/72.0"
197.244.232.188 - - [18/Jan/2025:15:01:21 +0530] "GET /images/ HTTP/1.1" 200 31830 "-" "python-requests/2.27.1"
197.244.232.188 - - [18/Jan/2025:15:01:22 +0530] "GET /uploads/ HTTP/1.1" 404 - "-" "python-requests/2.27.1"
