66.249.66.163 - - [18/Jan/2025:23:21:01 +0530] "GET /0050743941659519.html HTTP/1.1" 404 - "-" "Mozilla/5.0 (Linux; Android 6.0.1; Nexus 5X Build/MMB29P) AppleWebKit/537.36 (KHTML, like Gecko) Chrome/132.0.6834.83 Mobile Safari/537.36 (compatible; Googlebot/2.1; +http://www.google.com/bot.html)"
66.249.66.164 - - [18/Jan/2025:23:21:06 +0530] "GET /0053743941701288.html HTTP/1.1" 404 - "-" "Mozilla/5.0 (Linux; Android 6.0.1; Nexus 5X Build/MMB29P) AppleWebKit/537.36 (KHTML, like Gecko) Chrome/132.0.6834.83 Mobile Safari/537.36 (compatible; Googlebot/2.1; +http://www.google.com/bot.html)"
66.249.66.163 - - [18/Jan/2025:23:21:21 +0530] "GET /0050743941592305.html HTTP/1.1" 404 - "-" "Mozilla/5.0 (Linux; Android 6.0.1; Nexus 5X Build/MMB29P) AppleWebKit/537.36 (KHTML, like Gecko) Chrome/132.0.6834.83 Mobile Safari/537.36 (compatible; Googlebot/2.1; +http://www.google.com/bot.html)"
66.249.66.163 - - [18/Jan/2025:23:21:25 +0530] "GET /0050743941573157.html HTTP/1.1" 404 - "-" "Mozilla/5.0 (Linux; Android 6.0.1; Nexus 5X Build/MMB29P) AppleWebKit/537.36 (KHTML, like Gecko) Chrome/132.0.6834.83 Mobile Safari/537.36 (compatible; Googlebot/2.1; +http://www.google.com/bot.html)"
66.249.66.165 - - [18/Jan/2025:23:23:06 +0530] "GET /0050743941551789.html HTTP/1.1" 404 - "-" "Mozilla/5.0 (Linux; Android 6.0.1; Nexus 5X Build/MMB29P) AppleWebKit/537.36 (KHTML, like Gecko) Chrome/132.0.6834.83 Mobile Safari/537.36 (compatible; Googlebot/2.1; +http://www.google.com/bot.html)"
66.249.66.164 - - [18/Jan/2025:23:23:16 +0530] "GET /002574394734741.html HTTP/1.1" 404 - "-" "Mozilla/5.0 (Linux; Android 6.0.1; Nexus 5X Build/MMB29P) AppleWebKit/537.36 (KHTML, like Gecko) Chrome/132.0.6834.83 Mobile Safari/537.36 (compatible; Googlebot/2.1; +http://www.google.com/bot.html)"
66.249.66.163 - - [18/Jan/2025:23:23:35 +0530] "GET /000974394247378.html HTTP/1.1" 404 - "-" "Mozilla/5.0 (Linux; Android 6.0.1; Nexus 5X Build/MMB29P) AppleWebKit/537.36 (KHTML, like Gecko) Chrome/132.0.6834.83 Mobile Safari/537.36 (compatible; Googlebot/2.1; +http://www.google.com/bot.html)"
66.249.66.163 - - [18/Jan/2025:23:23:36 +0530] "GET /0050743941485125.html HTTP/1.1" 404 - "-" "Mozilla/5.0 (Linux; Android 6.0.1; Nexus 5X Build/MMB29P) AppleWebKit/537.36 (KHTML, like Gecko) Chrome/132.0.6834.83 Mobile Safari/537.36 (compatible; Googlebot/2.1; +http://www.google.com/bot.html)"
66.249.66.163 - - [18/Jan/2025:23:23:36 +0530] "GET /002474394697299.html HTTP/1.1" 404 - "-" "Mozilla/5.0 (Linux; Android 6.0.1; Nexus 5X Build/MMB29P) AppleWebKit/537.36 (KHTML, like Gecko) Chrome/132.0.6834.83 Mobile Safari/537.36 (compatible; Googlebot/2.1; +http://www.google.com/bot.html)"
66.249.66.163 - - [18/Jan/2025:23:23:36 +0530] "GET /001574394547038.html HTTP/1.1" 404 - "-" "Mozilla/5.0 (Linux; Android 6.0.1; Nexus 5X Build/MMB29P) AppleWebKit/537.36 (KHTML, like Gecko) Chrome/132.0.6834.83 Mobile Safari/537.36 (compatible; Googlebot/2.1; +http://www.google.com/bot.html)"
66.249.66.163 - - [18/Jan/2025:23:23:37 +0530] "GET /002974394926990.html HTTP/1.1" 404 - "-" "Mozilla/5.0 (Linux; Android 6.0.1; Nexus 5X Build/MMB29P) AppleWebKit/537.36 (KHTML, like Gecko) Chrome/132.0.6834.83 Mobile Safari/537.36 (compatible; Googlebot/2.1; +http://www.google.com/bot.html)"
52.167.144.145 - - [18/Jan/2025:23:24:06 +0530] "GET /meupr/services.php HTTP/1.1" 404 - "-" "Mozilla/5.0 AppleWebKit/537.36 (KHTML, like Gecko; compatible; bingbot/2.0; +http://www.bing.com/bingbot.htm) Chrome/116.0.1938.76 Safari/537.36"
66.249.66.163 - - [18/Jan/2025:23:25:30 +0530] "GET /002174394774558.html HTTP/1.1" 404 - "-" "Mozilla/5.0 (Linux; Android 6.0.1; Nexus 5X Build/MMB29P) AppleWebKit/537.36 (KHTML, like Gecko) Chrome/132.0.6834.83 Mobile Safari/537.36 (compatible; Googlebot/2.1; +http://www.google.com/bot.html)"
66.249.66.45 - - [18/Jan/2025:23:30:17 +0530] "GET / HTTP/1.1" 200 94375 "-" "Mozilla/5.0 (compatible; Googlebot/2.1; +http://www.google.com/bot.html)"
66.249.66.45 - - [18/Jan/2025:23:30:31 +0530] "GET /color-switcher/style-switcher.html HTTP/1.1" 404 - "https://curodentdentalclinic.com/" "Mozilla/5.0 AppleWebKit/537.36 (KHTML, like Gecko; compatible; Googlebot/2.1; +http://www.google.com/bot.html) Chrome/131.0.6778.264 Safari/537.36"
52.167.144.207 - - [18/Jan/2025:23:37:04 +0530] "GET /esoge/clinic_gallery.php HTTP/1.1" 404 - "-" "Mozilla/5.0 AppleWebKit/537.36 (KHTML, like Gecko; compatible; bingbot/2.0; +http://www.bing.com/bingbot.htm) Chrome/116.0.1938.76 Safari/537.36"
52.167.144.192 - - [18/Jan/2025:23:46:48 +0530] "GET /uztdv/page-doctors-details.html HTTP/1.1" 404 - "-" "Mozilla/5.0 AppleWebKit/537.36 (KHTML, like Gecko; compatible; bingbot/2.0; +http://www.bing.com/bingbot.htm) Chrome/116.0.1938.76 Safari/537.36"
66.249.66.164 - - [18/Jan/2025:23:49:07 +0530] "GET /0044743941300264.html HTTP/1.1" 404 - "-" "Mozilla/5.0 (Linux; Android 6.0.1; Nexus 5X Build/MMB29P) AppleWebKit/537.36 (KHTML, like Gecko) Chrome/132.0.6834.83 Mobile Safari/537.36 (compatible; Googlebot/2.1; +http://www.google.com/bot.html)"
40.77.167.75 - - [18/Jan/2025:23:52:07 +0530] "GET /tsibp/page-doctors-details.html HTTP/1.1" 404 - "-" "Mozilla/5.0 AppleWebKit/537.36 (KHTML, like Gecko; compatible; bingbot/2.0; +http://www.bing.com/bingbot.htm) Chrome/116.0.1938.76 Safari/537.36"
66.249.66.163 - - [18/Jan/2025:23:56:03 +0530] "GET /002374394734741.html HTTP/1.1" 404 - "-" "Mozilla/5.0 (Linux; Android 6.0.1; Nexus 5X Build/MMB29P) AppleWebKit/537.36 (KHTML, like Gecko) Chrome/132.0.6834.83 Mobile Safari/537.36 (compatible; Googlebot/2.1; +http://www.google.com/bot.html)"
66.249.66.163 - - [19/Jan/2025:00:09:07 +0530] "GET /00597439412121.html HTTP/1.1" 404 - "-" "Mozilla/5.0 (Linux; Android 6.0.1; Nexus 5X Build/MMB29P) AppleWebKit/537.36 (KHTML, like Gecko) Chrome/132.0.6834.83 Mobile Safari/537.36 (compatible; Googlebot/2.1; +http://www.google.com/bot.html)"
40.77.167.159 - - [19/Jan/2025:00:19:19 +0530] "GET /jfjai/index.php HTTP/1.1" 404 - "-" "Mozilla/5.0 AppleWebKit/537.36 (KHTML, like Gecko; compatible; bingbot/2.0; +http://www.bing.com/bingbot.htm) Chrome/116.0.1938.76 Safari/537.36"
196.247.225.189 - - [19/Jan/2025:00:20:07 +0530] "GET /contact.php HTTP/1.1" 200 16554 "-" "Mozilla/5.0 (X11; Fedora; Linux x86_64; rv:114.0) Gecko/20100101 Firefox/114.0"
57.141.0.3 - - [19/Jan/2025:00:22:19 +0530] "GET /blog_detail.php?slug=11 HTTP/1.1" 200 21415 "-" "meta-externalagent/1.1 (+https://developers.facebook.com/docs/sharing/webmasters/crawler)"
66.249.66.33 - - [19/Jan/2025:00:29:06 +0530] "GET / HTTP/1.1" 200 94375 "-" "Mozilla/5.0 (compatible; Googlebot/2.1; +http://www.google.com/bot.html)"
66.249.66.33 - - [19/Jan/2025:00:29:08 +0530] "GET /js/revolution-slider/js/jquery.themepunch.tools.min.js HTTP/1.1" 200 104628 "https://curodentdentalclinic.com/" "Mozilla/5.0 AppleWebKit/537.36 (KHTML, like Gecko; compatible; Googlebot/2.1; +http://www.google.com/bot.html) Chrome/131.0.6778.264 Safari/537.36"
66.249.66.45 - - [19/Jan/2025:00:29:08 +0530] "GET /js/bootstrap.min.js HTTP/1.1" 200 36868 "https://curodentdentalclinic.com/" "Mozilla/5.0 AppleWebKit/537.36 (KHTML, like Gecko; compatible; Googlebot/2.1; +http://www.google.com/bot.html) Chrome/131.0.6778.264 Safari/537.36"
66.249.66.32 - - [19/Jan/2025:00:29:08 +0530] "GET /js/jquery-2.2.4.min.js HTTP/1.1" 200 85578 "https://curodentdentalclinic.com/" "Mozilla/5.0 AppleWebKit/537.36 (KHTML, like Gecko; compatible; Googlebot/2.1; +http://www.google.com/bot.html) Chrome/131.0.6778.264 Safari/537.36"
66.249.66.33 - - [19/Jan/2025:00:29:08 +0530] "GET /css/animate.css HTTP/1.1" 200 84479 "https://curodentdentalclinic.com/" "Mozilla/5.0 AppleWebKit/537.36 (KHTML, like Gecko; compatible; Googlebot/2.1; +http://www.google.com/bot.html) Chrome/131.0.6778.264 Safari/537.36"
66.249.66.32 - - [19/Jan/2025:00:29:08 +0530] "GET /css/style-main.css HTTP/1.1" 200 153332 "https://curodentdentalclinic.com/" "Mozilla/5.0 AppleWebKit/537.36 (KHTML, like Gecko; compatible; Googlebot/2.1; +http://www.google.com/bot.html) Chrome/131.0.6778.264 Safari/537.36"
66.249.66.32 - - [19/Jan/2025:00:29:08 +0530] "GET /css/css-plugin-collections.css HTTP/1.1" 200 256394 "https://curodentdentalclinic.com/" "Mozilla/5.0 AppleWebKit/537.36 (KHTML, like Gecko; compatible; Googlebot/2.1; +http://www.google.com/bot.html) Chrome/131.0.6778.264 Safari/537.36"
66.249.66.45 - - [19/Jan/2025:00:29:09 +0530] "GET /js/revolution-slider/css/settings.css HTTP/1.1" 200 35483 "https://curodentdentalclinic.com/" "Mozilla/5.0 AppleWebKit/537.36 (KHTML, like Gecko; compatible; Googlebot/2.1; +http://www.google.com/bot.html) Chrome/131.0.6778.264 Safari/537.36"
66.249.66.32 - - [19/Jan/2025:00:29:09 +0530] "GET /js/revolution-slider/css/layers.css HTTP/1.1" 200 115205 "https://curodentdentalclinic.com/" "Mozilla/5.0 AppleWebKit/537.36 (KHTML, like Gecko; compatible; Googlebot/2.1; +http://www.google.com/bot.html) Chrome/131.0.6778.264 Safari/537.36"
66.249.66.32 - - [19/Jan/2025:00:29:09 +0530] "GET /js/revolution-slider/css/navigation.css HTTP/1.1" 200 59567 "https://curodentdentalclinic.com/" "Mozilla/5.0 AppleWebKit/537.36 (KHTML, like Gecko; compatible; Googlebot/2.1; +http://www.google.com/bot.html) Chrome/131.0.6778.264 Safari/537.36"
66.249.66.32 - - [19/Jan/2025:00:29:09 +0530] "GET /js/revolution-slider/js/jquery.themepunch.revolution.min.js HTTP/1.1" 200 54910 "https://curodentdentalclinic.com/" "Mozilla/5.0 AppleWebKit/537.36 (KHTML, like Gecko; compatible; Googlebot/2.1; +http://www.google.com/bot.html) Chrome/131.0.6778.264 Safari/537.36"
66.249.66.45 - - [19/Jan/2025:00:29:09 +0530] "GET /css/colors/theme-skin-blue4.css HTTP/1.1" 200 22432 "https://curodentdentalclinic.com/" "Mozilla/5.0 AppleWebKit/537.36 (KHTML, like Gecko; compatible; Googlebot/2.1; +http://www.google.com/bot.html) Chrome/131.0.6778.264 Safari/537.36"
66.249.66.45 - - [19/Jan/2025:00:29:09 +0530] "GET /js/revolution-slider/js/extensions/revolution.extension.actions.min.js HTTP/1.1" 200 7496 "https://curodentdentalclinic.com/" "Mozilla/5.0 AppleWebKit/537.36 (KHTML, like Gecko; compatible; Googlebot/2.1; +http://www.google.com/bot.html) Chrome/131.0.6778.264 Safari/537.36"
66.249.66.45 - - [19/Jan/2025:00:29:09 +0530] "GET /css/jquery-ui.min.css HTTP/1.1" 200 29273 "https://curodentdentalclinic.com/" "Mozilla/5.0 AppleWebKit/537.36 (KHTML, like Gecko; compatible; Googlebot/2.1; +http://www.google.com/bot.html) Chrome/131.0.6778.264 Safari/537.36"
66.249.66.33 - - [19/Jan/2025:00:29:09 +0530] "GET /css/custom-bootstrap-margin-padding.css HTTP/1.1" 200 62858 "https://curodentdentalclinic.com/" "Mozilla/5.0 AppleWebKit/537.36 (KHTML, like Gecko; compatible; Googlebot/2.1; +http://www.google.com/bot.html) Chrome/131.0.6778.264 Safari/537.36"
66.249.66.33 - - [19/Jan/2025:00:29:10 +0530] "GET /css/preloader.css HTTP/1.1" 200 60728 "https://curodentdentalclinic.com/" "Mozilla/5.0 AppleWebKit/537.36 (KHTML, like Gecko; compatible; Googlebot/2.1; +http://www.google.com/bot.html) Chrome/131.0.6778.264 Safari/537.36"
66.249.66.33 - - [19/Jan/2025:00:29:10 +0530] "GET /css/responsive.css HTTP/1.1" 200 1141 "https://curodentdentalclinic.com/" "Mozilla/5.0 AppleWebKit/537.36 (KHTML, like Gecko; compatible; Googlebot/2.1; +http://www.google.com/bot.html) Chrome/131.0.6778.264 Safari/537.36"
66.249.66.32 - - [19/Jan/2025:00:29:10 +0530] "GET /css/menuzord-skins/menuzord-boxed.css HTTP/1.1" 200 2300 "https://curodentdentalclinic.com/" "Mozilla/5.0 AppleWebKit/537.36 (KHTML, like Gecko; compatible; Googlebot/2.1; +http://www.google.com/bot.html) Chrome/131.0.6778.264 Safari/537.36"
66.249.66.45 - - [19/Jan/2025:00:29:10 +0530] "GET /js/custom.js HTTP/1.1" 200 92272 "https://curodentdentalclinic.com/" "Mozilla/5.0 AppleWebKit/537.36 (KHTML, like Gecko; compatible; Googlebot/2.1; +http://www.google.com/bot.html) Chrome/131.0.6778.264 Safari/537.36"
66.249.66.32 - - [19/Jan/2025:00:29:10 +0530] "GET /css/flaticon-set-dental.css HTTP/1.1" 200 6882 "https://curodentdentalclinic.com/css/style-main.css" "Mozilla/5.0 AppleWebKit/537.36 (KHTML, like Gecko; compatible; Googlebot/2.1; +http://www.google.com/bot.html) Chrome/131.0.6778.264 Safari/537.36"
66.249.66.32 - - [19/Jan/2025:00:29:10 +0530] "GET /css/bootstrap.min.css HTTP/1.1" 200 121264 "https://curodentdentalclinic.com/" "Mozilla/5.0 AppleWebKit/537.36 (KHTML, like Gecko; compatible; Googlebot/2.1; +http://www.google.com/bot.html) Chrome/131.0.6778.264 Safari/537.36"
66.249.66.45 - - [19/Jan/2025:00:29:11 +0530] "GET /css/flaticon-set-medical.css HTTP/1.1" 200 13087 "https://curodentdentalclinic.com/css/style-main.css" "Mozilla/5.0 AppleWebKit/537.36 (KHTML, like Gecko; compatible; Googlebot/2.1; +http://www.google.com/bot.html) Chrome/131.0.6778.264 Safari/537.36"
66.249.66.32 - - [19/Jan/2025:00:29:11 +0530] "GET /css/pe-icon-7-stroke.css HTTP/1.1" 200 9762 "https://curodentdentalclinic.com/css/style-main.css" "Mozilla/5.0 AppleWebKit/537.36 (KHTML, like Gecko; compatible; Googlebot/2.1; +http://www.google.com/bot.html) Chrome/131.0.6778.264 Safari/537.36"
66.249.66.32 - - [19/Jan/2025:00:29:10 +0530] "GET /js/jquery-plugin-collection.js HTTP/1.1" 200 709665 "https://curodentdentalclinic.com/" "Mozilla/5.0 AppleWebKit/537.36 (KHTML, like Gecko; compatible; Googlebot/2.1; +http://www.google.com/bot.html) Chrome/131.0.6778.264 Safari/537.36"
66.249.66.45 - - [19/Jan/2025:00:29:11 +0530] "GET /css/font-awesome-animation.min.css HTTP/1.1" 200 18428 "https://curodentdentalclinic.com/css/style-main.css" "Mozilla/5.0 AppleWebKit/537.36 (KHTML, like Gecko; compatible; Googlebot/2.1; +http://www.google.com/bot.html) Chrome/131.0.6778.264 Safari/537.36"
66.249.66.32 - - [19/Jan/2025:00:29:11 +0530] "GET /css/stroke-gap-icons.css HTTP/1.1" 200 117274 "https://curodentdentalclinic.com/css/style-main.css" "Mozilla/5.0 AppleWebKit/537.36 (KHTML, like Gecko; compatible; Googlebot/2.1; +http://www.google.com/bot.html) Chrome/131.0.6778.264 Safari/537.36"
66.249.66.45 - - [19/Jan/2025:00:29:11 +0530] "GET /css/elegant-icons.css HTTP/1.1" 200 25256 "https://curodentdentalclinic.com/css/style-main.css" "Mozilla/5.0 AppleWebKit/537.36 (KHTML, like Gecko; compatible; Googlebot/2.1; +http://www.google.com/bot.html) Chrome/131.0.6778.264 Safari/537.36"
66.249.66.45 - - [19/Jan/2025:00:29:11 +0530] "GET /css/utility-classes.css HTTP/1.1" 200 18224 "https://curodentdentalclinic.com/css/style-main.css" "Mozilla/5.0 AppleWebKit/537.36 (KHTML, like Gecko; compatible; Googlebot/2.1; +http://www.google.com/bot.html) Chrome/131.0.6778.264 Safari/537.36"
66.249.66.45 - - [19/Jan/2025:00:29:11 +0530] "GET /js/jquery-ui.min.js HTTP/1.1" 200 240422 "https://curodentdentalclinic.com/" "Mozilla/5.0 AppleWebKit/537.36 (KHTML, like Gecko; compatible; Googlebot/2.1; +http://www.google.com/bot.html) Chrome/131.0.6778.264 Safari/537.36"
66.249.66.32 - - [19/Jan/2025:00:29:11 +0530] "GET /js/revolution-slider/js/extensions/revolution.extension.carousel.min.js HTTP/1.1" 200 7358 "https://curodentdentalclinic.com/" "Mozilla/5.0 AppleWebKit/537.36 (KHTML, like Gecko; compatible; Googlebot/2.1; +http://www.google.com/bot.html) Chrome/131.0.6778.264 Safari/537.36"
66.249.66.32 - - [19/Jan/2025:00:29:11 +0530] "GET /css/font-awesome.min.css HTTP/1.1" 200 27490 "https://curodentdentalclinic.com/css/style-main.css" "Mozilla/5.0 AppleWebKit/537.36 (KHTML, like Gecko; compatible; Googlebot/2.1; +http://www.google.com/bot.html) Chrome/131.0.6778.264 Safari/537.36"
66.249.66.45 - - [19/Jan/2025:00:29:12 +0530] "GET /js/revolution-slider/js/extensions/revolution.extension.kenburn.min.js HTTP/1.1" 200 3118 "https://curodentdentalclinic.com/" "Mozilla/5.0 AppleWebKit/537.36 (KHTML, like Gecko; compatible; Googlebot/2.1; +http://www.google.com/bot.html) Chrome/131.0.6778.264 Safari/537.36"
66.249.66.45 - - [19/Jan/2025:00:29:12 +0530] "GET /js/revolution-slider/js/extensions/revolution.extension.migration.min.js HTTP/1.1" 200 6104 "https://curodentdentalclinic.com/" "Mozilla/5.0 AppleWebKit/537.36 (KHTML, like Gecko; compatible; Googlebot/2.1; +http://www.google.com/bot.html) Chrome/131.0.6778.264 Safari/537.36"
66.249.66.32 - - [19/Jan/2025:00:29:13 +0530] "GET /js/revolution-slider/js/extensions/revolution.extension.layeranimation.min.js HTTP/1.1" 200 32025 "https://curodentdentalclinic.com/" "Mozilla/5.0 AppleWebKit/537.36 (KHTML, like Gecko; compatible; Googlebot/2.1; +http://www.google.com/bot.html) Chrome/131.0.6778.264 Safari/537.36"
66.249.66.45 - - [19/Jan/2025:00:29:13 +0530] "GET /js/revolution-slider/js/extensions/revolution.extension.parallax.min.js HTTP/1.1" 200 8933 "https://curodentdentalclinic.com/" "Mozilla/5.0 AppleWebKit/537.36 (KHTML, like Gecko; compatible; Googlebot/2.1; +http://www.google.com/bot.html) Chrome/131.0.6778.264 Safari/537.36"
66.249.66.32 - - [19/Jan/2025:00:29:13 +0530] "GET /js/revolution-slider/js/extensions/revolution.extension.navigation.min.js HTTP/1.1" 200 25783 "https://curodentdentalclinic.com/" "Mozilla/5.0 AppleWebKit/537.36 (KHTML, like Gecko; compatible; Googlebot/2.1; +http://www.google.com/bot.html) Chrome/131.0.6778.264 Safari/537.36"
66.249.66.45 - - [19/Jan/2025:00:29:13 +0530] "GET /js/revolution-slider/js/extensions/revolution.extension.slideanims.min.js HTTP/1.1" 200 28125 "https://curodentdentalclinic.com/" "Mozilla/5.0 AppleWebKit/537.36 (KHTML, like Gecko; compatible; Googlebot/2.1; +http://www.google.com/bot.html) Chrome/131.0.6778.264 Safari/537.36"
66.249.66.45 - - [19/Jan/2025:00:29:14 +0530] "GET /js/revolution-slider/js/extensions/revolution.extension.video.min.js HTTP/1.1" 200 23389 "https://curodentdentalclinic.com/" "Mozilla/5.0 AppleWebKit/537.36 (KHTML, like Gecko; compatible; Googlebot/2.1; +http://www.google.com/bot.html) Chrome/131.0.6778.264 Safari/537.36"
207.46.13.92 - - [19/Jan/2025:00:29:14 +0530] "GET /ubnlc/blog_detail.php?slug=11 HTTP/1.1" 404 - "-" "Mozilla/5.0 AppleWebKit/537.36 (KHTML, like Gecko; compatible; bingbot/2.0; +http://www.bing.com/bingbot.htm) Chrome/116.0.1938.76 Safari/537.36"
66.249.66.45 - - [19/Jan/2025:00:29:15 +0530] "GET /fonts/fontawesome-webfont3295.woff2?v=4.5.0 HTTP/1.1" 200 66624 "https://curodentdentalclinic.com/css/font-awesome.min.css" "Mozilla/5.0 AppleWebKit/537.36 (KHTML, like Gecko; compatible; Googlebot/2.1; +http://www.google.com/bot.html) Chrome/131.0.6778.264 Safari/537.36"
66.249.66.45 - - [19/Jan/2025:00:29:15 +0530] "GET /fonts/flaticons/flaticon-set-dental.woff HTTP/1.1" 200 24308 "https://curodentdentalclinic.com/css/flaticon-set-dental.css" "Mozilla/5.0 AppleWebKit/537.36 (KHTML, like Gecko; compatible; Googlebot/2.1; +http://www.google.com/bot.html) Chrome/131.0.6778.264 Safari/537.36"
66.249.66.32 - - [19/Jan/2025:00:29:16 +0530] "GET /color-switcher/style-switcher.html HTTP/1.1" 404 - "https://curodentdentalclinic.com/" "Mozilla/5.0 AppleWebKit/537.36 (KHTML, like Gecko; compatible; Googlebot/2.1; +http://www.google.com/bot.html) Chrome/131.0.6778.264 Safari/537.36"
66.249.66.32 - - [19/Jan/2025:00:29:16 +0530] "GET /js/revolution-slider/fonts/revicons/revicons90c6.woff?5510888 HTTP/1.1" 200 7536 "https://curodentdentalclinic.com/js/revolution-slider/css/settings.css" "Mozilla/5.0 AppleWebKit/537.36 (KHTML, like Gecko; compatible; Googlebot/2.1; +http://www.google.com/bot.html) Chrome/131.0.6778.264 Safari/537.36"
157.55.39.193 - - [19/Jan/2025:00:36:55 +0530] "GET /sconh/index.php HTTP/1.1" 404 - "-" "Mozilla/5.0 AppleWebKit/537.36 (KHTML, like Gecko; compatible; bingbot/2.0; +http://www.bing.com/bingbot.htm) Chrome/116.0.1938.76 Safari/537.36"
157.55.39.193 - - [19/Jan/2025:00:43:26 +0530] "GET /eggbx/page-doctors-details.html HTTP/1.1" 404 - "-" "Mozilla/5.0 AppleWebKit/537.36 (KHTML, like Gecko; compatible; bingbot/2.0; +http://www.bing.com/bingbot.htm) Chrome/116.0.1938.76 Safari/537.36"
52.167.144.16 - - [19/Jan/2025:00:45:45 +0530] "GET /rhttv/clinic_gallery.php HTTP/1.1" 404 - "-" "Mozilla/5.0 AppleWebKit/537.36 (KHTML, like Gecko; compatible; bingbot/2.0; +http://www.bing.com/bingbot.htm) Chrome/116.0.1938.76 Safari/537.36"
157.55.39.54 - - [19/Jan/2025:00:52:18 +0530] "GET /hskut/blog_detail.php?slug=10 HTTP/1.1" 404 - "-" "Mozilla/5.0 AppleWebKit/537.36 (KHTML, like Gecko; compatible; bingbot/2.0; +http://www.bing.com/bingbot.htm) Chrome/116.0.1938.76 Safari/537.36"
52.167.144.198 - - [19/Jan/2025:00:55:57 +0530] "GET /dsjpe/blog_detail.php?slug=10 HTTP/1.1" 404 - "-" "Mozilla/5.0 AppleWebKit/537.36 (KHTML, like Gecko; compatible; bingbot/2.0; +http://www.bing.com/bingbot.htm) Chrome/116.0.1938.76 Safari/537.36"
52.167.144.66 - - [19/Jan/2025:01:08:48 +0530] "GET /robots.txt HTTP/1.1" 404 - "-" "Mozilla/5.0 AppleWebKit/537.36 (KHTML, like Gecko; compatible; bingbot/2.0; +http://www.bing.com/bingbot.htm) Chrome/116.0.1938.76 Safari/537.36"
207.46.13.116 - - [19/Jan/2025:01:08:51 +0530] "GET /isudb/blog.php HTTP/1.1" 404 - "-" "Mozilla/5.0 AppleWebKit/537.36 (KHTML, like Gecko; compatible; bingbot/2.0; +http://www.bing.com/bingbot.htm) Chrome/116.0.1938.76 Safari/537.36"
207.46.13.116 - - [19/Jan/2025:01:16:14 +0530] "GET /ozeyj/blog_detail.php?slug=9 HTTP/1.1" 404 - "-" "Mozilla/5.0 AppleWebKit/537.36 (KHTML, like Gecko; compatible; bingbot/2.0; +http://www.bing.com/bingbot.htm) Chrome/116.0.1938.76 Safari/537.36"
157.55.39.58 - - [19/Jan/2025:01:26:35 +0530] "GET /hpfre/services.php HTTP/1.1" 404 - "-" "Mozilla/5.0 AppleWebKit/537.36 (KHTML, like Gecko; compatible; bingbot/2.0; +http://www.bing.com/bingbot.htm) Chrome/116.0.1938.76 Safari/537.36"
157.55.39.58 - - [19/Jan/2025:01:27:35 +0530] "GET /uoppd/clinic_gallery.php HTTP/1.1" 404 - "-" "Mozilla/5.0 AppleWebKit/537.36 (KHTML, like Gecko; compatible; bingbot/2.0; +http://www.bing.com/bingbot.htm) Chrome/116.0.1938.76 Safari/537.36"
52.167.144.207 - - [19/Jan/2025:01:28:56 +0530] "GET /fstmn/about.php HTTP/1.1" 404 - "-" "Mozilla/5.0 AppleWebKit/537.36 (KHTML, like Gecko; compatible; bingbot/2.0; +http://www.bing.com/bingbot.htm) Chrome/116.0.1938.76 Safari/537.36"
66.249.66.45 - - [19/Jan/2025:01:29:24 +0530] "GET /ydjyy/q2327650.html HTTP/1.1" 404 - "-" "Mozilla/5.0 (Linux; Android 6.0.1; Nexus 5X Build/MMB29P) AppleWebKit/537.36 (KHTML, like Gecko) Chrome/132.0.6834.83 Mobile Safari/537.36 (compatible; Googlebot/2.1; +http://www.google.com/bot.html)"
40.77.167.13 - - [19/Jan/2025:01:29:28 +0530] "GET /hhfip/page-doctors-details.html HTTP/1.1" 404 - "-" "Mozilla/5.0 AppleWebKit/537.36 (KHTML, like Gecko; compatible; bingbot/2.0; +http://www.bing.com/bingbot.htm) Chrome/116.0.1938.76 Safari/537.36"
40.77.167.13 - - [19/Jan/2025:01:33:22 +0530] "GET /rsprk/blog_detail.php?slug=9 HTTP/1.1" 404 - "-" "Mozilla/5.0 AppleWebKit/537.36 (KHTML, like Gecko; compatible; bingbot/2.0; +http://www.bing.com/bingbot.htm) Chrome/116.0.1938.76 Safari/537.36"
157.55.39.63 - - [19/Jan/2025:01:36:47 +0530] "GET /wnntc/blog_detail.php?slug=10 HTTP/1.1" 404 - "-" "Mozilla/5.0 AppleWebKit/537.36 (KHTML, like Gecko; compatible; bingbot/2.0; +http://www.bing.com/bingbot.htm) Chrome/116.0.1938.76 Safari/537.36"
40.77.167.243 - - [19/Jan/2025:01:39:39 +0530] "GET /fprtc/clinic_gallery.php HTTP/1.1" 404 - "-" "Mozilla/5.0 AppleWebKit/537.36 (KHTML, like Gecko; compatible; bingbot/2.0; +http://www.bing.com/bingbot.htm) Chrome/116.0.1938.76 Safari/537.36"
157.55.39.60 - - [19/Jan/2025:01:44:19 +0530] "GET /mypage/blog_detail.php?slug=10 HTTP/1.1" 404 - "-" "Mozilla/5.0 AppleWebKit/537.36 (KHTML, like Gecko; compatible; bingbot/2.0; +http://www.bing.com/bingbot.htm) Chrome/116.0.1938.76 Safari/537.36"
54.88.179.33 - - [19/Jan/2025:01:53:43 +0530] "GET / HTTP/1.1" 200 94375 "-" "Mozilla/5.0 (Windows NT 10.0; Win64; x64) AppleWebKit/537.36 (KHTML, like Gecko) Chrome/100.0.4896.75 Safari/537.36"
54.88.179.33 - - [19/Jan/2025:01:53:44 +0530] "GET / HTTP/1.1" 200 94375 "-" "Mozilla/5.0 (Windows NT 10.0; Win64; x64) AppleWebKit/537.36 (KHTML, like Gecko) Chrome/100.0.4896.75 Safari/537.36"
66.249.66.165 - - [19/Jan/2025:01:54:38 +0530] "GET /002674394804478.html HTTP/1.1" 404 - "-" "Mozilla/5.0 (Linux; Android 6.0.1; Nexus 5X Build/MMB29P) AppleWebKit/537.36 (KHTML, like Gecko) Chrome/132.0.6834.83 Mobile Safari/537.36 (compatible; Googlebot/2.1; +http://www.google.com/bot.html)"
66.249.66.33 - - [19/Jan/2025:01:55:14 +0530] "GET /category/clinic_gallery.php?tnlrj/o2363606.html HTTP/1.1" 404 - "-" "Mozilla/5.0 (Linux; Android 6.0.1; Nexus 5X Build/MMB29P) AppleWebKit/537.36 (KHTML, like Gecko) Chrome/132.0.6834.83 Mobile Safari/537.36 (compatible; Googlebot/2.1; +http://www.google.com/bot.html)"
66.249.66.163 - - [19/Jan/2025:01:57:37 +0530] "GET /0037743941203535.html HTTP/1.1" 404 - "-" "Mozilla/5.0 (Linux; Android 6.0.1; Nexus 5X Build/MMB29P) AppleWebKit/537.36 (KHTML, like Gecko) Chrome/132.0.6834.83 Mobile Safari/537.36 (compatible; Googlebot/2.1; +http://www.google.com/bot.html)"
185.7.214.130 - - [19/Jan/2025:02:08:04 +0530] "GET / HTTP/1.0" 200 94375 "https://curodentdentalclinic.com/" "Mozilla/5.0 (Windows NT 10.0; Win64; x64) AppleWebKit/537.36 (KHTML, like Gecko) Chrome/131.0.0.0 Safari/537.36 Avast/131.0.0.0"
64.124.8.225 - - [19/Jan/2025:02:16:45 +0530] "GET /robots.txt HTTP/1.1" 404 - "-" "Mozilla/5.0 (compatible; ImagesiftBot; +imagesift.com)"
64.124.8.225 - - [19/Jan/2025:02:16:45 +0530] "GET /blog_detail.php?slug=10 HTTP/1.1" 200 21426 "-" "Mozilla/5.0 (compatible; ImagesiftBot; +imagesift.com)"
64.124.8.225 - - [19/Jan/2025:02:16:46 +0530] "GET /images/apple-touch-icon.png HTTP/1.1" 404 - "-" "Mozilla/5.0 (compatible; ImagesiftBot; +imagesift.com)"
64.124.8.225 - - [19/Jan/2025:02:16:47 +0530] "GET /images/apple-touch-icon-72x72.png HTTP/1.1" 404 - "-" "Mozilla/5.0 (compatible; ImagesiftBot; +imagesift.com)"
64.124.8.225 - - [19/Jan/2025:02:16:48 +0530] "GET /images/apple-touch-icon-114x114.png HTTP/1.1" 404 - "-" "Mozilla/5.0 (compatible; ImagesiftBot; +imagesift.com)"
64.124.8.225 - - [19/Jan/2025:02:16:49 +0530] "GET /images/apple-touch-icon-144x144.png HTTP/1.1" 404 - "-" "Mozilla/5.0 (compatible; ImagesiftBot; +imagesift.com)"
40.77.167.11 - - [19/Jan/2025:02:18:36 +0530] "GET /rhttv/blog_detail.php?slug=11 HTTP/1.1" 404 - "-" "Mozilla/5.0 AppleWebKit/537.36 (KHTML, like Gecko; compatible; bingbot/2.0; +http://www.bing.com/bingbot.htm) Chrome/116.0.1938.76 Safari/537.36"
52.167.144.228 - - [19/Jan/2025:02:32:59 +0530] "GET /lyrwf/blog_detail.php?slug=9 HTTP/1.1" 404 - "-" "Mozilla/5.0 AppleWebKit/537.36 (KHTML, like Gecko; compatible; bingbot/2.0; +http://www.bing.com/bingbot.htm) Chrome/116.0.1938.76 Safari/537.36"
40.77.167.68 - - [19/Jan/2025:02:42:05 +0530] "GET /ghpnn/blog_detail.php?slug=9 HTTP/1.1" 404 - "-" "Mozilla/5.0 AppleWebKit/537.36 (KHTML, like Gecko; compatible; bingbot/2.0; +http://www.bing.com/bingbot.htm) Chrome/116.0.1938.76 Safari/537.36"
40.77.167.68 - - [19/Jan/2025:02:42:27 +0530] "GET /hecmc/page-doctors-details.html HTTP/1.1" 404 - "-" "Mozilla/5.0 AppleWebKit/537.36 (KHTML, like Gecko; compatible; bingbot/2.0; +http://www.bing.com/bingbot.htm) Chrome/116.0.1938.76 Safari/537.36"
52.167.144.187 - - [19/Jan/2025:02:51:42 +0530] "GET /wjxgm/page-doctors-details.html HTTP/1.1" 404 - "-" "Mozilla/5.0 AppleWebKit/537.36 (KHTML, like Gecko; compatible; bingbot/2.0; +http://www.bing.com/bingbot.htm) Chrome/116.0.1938.76 Safari/537.36"
157.55.39.63 - - [19/Jan/2025:02:57:25 +0530] "GET /ebfpm/page-doctors-details.html HTTP/1.1" 404 - "-" "Mozilla/5.0 AppleWebKit/537.36 (KHTML, like Gecko; compatible; bingbot/2.0; +http://www.bing.com/bingbot.htm) Chrome/116.0.1938.76 Safari/537.36"
207.46.13.102 - - [19/Jan/2025:03:07:31 +0530] "GET / HTTP/1.1" 200 94375 "-" "Mozilla/5.0 AppleWebKit/537.36 (KHTML, like Gecko; compatible; bingbot/2.0; +http://www.bing.com/bingbot.htm) Chrome/116.0.1938.76 Safari/537.36"
40.77.167.51 - - [19/Jan/2025:03:08:48 +0530] "GET /gpfvt/page-doctors-details.html HTTP/1.1" 404 - "-" "Mozilla/5.0 AppleWebKit/537.36 (KHTML, like Gecko; compatible; bingbot/2.0; +http://www.bing.com/bingbot.htm) Chrome/116.0.1938.76 Safari/537.36"
40.77.167.51 - - [19/Jan/2025:03:17:09 +0530] "GET /skiaa/page-doctors-details.html HTTP/1.1" 404 - "-" "Mozilla/5.0 AppleWebKit/537.36 (KHTML, like Gecko; compatible; bingbot/2.0; +http://www.bing.com/bingbot.htm) Chrome/116.0.1938.76 Safari/537.36"
110.249.202.169 - - [19/Jan/2025:03:23:36 +0530] "GET /robots.txt HTTP/1.1" 404 - "-" "Mozilla/5.0 (Linux; Android 5.0) AppleWebKit/537.36 (KHTML, like Gecko) Mobile Safari/537.36 (compatible; Bytespider; https://zhanzhang.toutiao.com/)"
52.167.144.66 - - [19/Jan/2025:03:26:48 +0530] "GET /robots.txt HTTP/1.1" 404 - "-" "Mozilla/5.0 AppleWebKit/537.36 (KHTML, like Gecko; compatible; bingbot/2.0; +http://www.bing.com/bingbot.htm) Chrome/116.0.1938.76 Safari/537.36"
52.167.144.212 - - [19/Jan/2025:03:26:59 +0530] "GET /kotdx/blog_detail.php?slug=10 HTTP/1.1" 404 - "-" "Mozilla/5.0 AppleWebKit/537.36 (KHTML, like Gecko; compatible; bingbot/2.0; +http://www.bing.com/bingbot.htm) Chrome/116.0.1938.76 Safari/537.36"
157.55.39.201 - - [19/Jan/2025:03:30:24 +0530] "GET /itqov/clinic_gallery.php HTTP/1.1" 404 - "-" "Mozilla/5.0 AppleWebKit/537.36 (KHTML, like Gecko; compatible; bingbot/2.0; +http://www.bing.com/bingbot.htm) Chrome/116.0.1938.76 Safari/537.36"
198.235.24.59 - - [19/Jan/2025:03:37:27 +0530] "GET / HTTP/1.1" 200 94375 "http://65.21.197.85:80/" "-"
51.8.102.134 - - [19/Jan/2025:03:40:07 +0530] "GET /robots.txt HTTP/1.1" 404 - "-" "Mozilla/5.0 AppleWebKit/537.36 (KHTML, like Gecko); compatible; OAI-SearchBot/1.0; +https://openai.com/searchbot"
51.8.102.134 - - [19/Jan/2025:03:40:07 +0530] "GET /robots.txt HTTP/1.1" 404 - "-" "Mozilla/5.0 AppleWebKit/537.36 (KHTML, like Gecko); compatible; OAI-SearchBot/1.0; +https://openai.com/searchbot"
207.46.13.64 - - [19/Jan/2025:03:40:12 +0530] "GET /hiwad/clinic_gallery.php HTTP/1.1" 404 - "-" "Mozilla/5.0 AppleWebKit/537.36 (KHTML, like Gecko; compatible; bingbot/2.0; +http://www.bing.com/bingbot.htm) Chrome/116.0.1938.76 Safari/537.36"
40.77.167.55 - - [19/Jan/2025:03:41:50 +0530] "GET /ukkcu/index.php HTTP/1.1" 404 - "-" "Mozilla/5.0 AppleWebKit/537.36 (KHTML, like Gecko; compatible; bingbot/2.0; +http://www.bing.com/bingbot.htm) Chrome/116.0.1938.76 Safari/537.36"
207.46.13.64 - - [19/Jan/2025:03:45:22 +0530] "GET /mquaw/blog_detail.php?slug=9 HTTP/1.1" 404 - "-" "Mozilla/5.0 AppleWebKit/537.36 (KHTML, like Gecko; compatible; bingbot/2.0; +http://www.bing.com/bingbot.htm) Chrome/116.0.1938.76 Safari/537.36"
207.46.13.64 - - [19/Jan/2025:03:47:02 +0530] "GET /ssshr/blog_detail.php?slug=10 HTTP/1.1" 404 - "-" "Mozilla/5.0 AppleWebKit/537.36 (KHTML, like Gecko; compatible; bingbot/2.0; +http://www.bing.com/bingbot.htm) Chrome/116.0.1938.76 Safari/537.36"
66.249.66.163 - - [19/Jan/2025:03:50:23 +0530] "GET /robots.txt HTTP/1.1" 404 - "-" "Mozilla/5.0 (compatible; Googlebot/2.1; +http://www.google.com/bot.html)"
40.77.167.76 - - [19/Jan/2025:03:50:24 +0530] "GET /hrcbr/blog.php HTTP/1.1" 404 - "-" "Mozilla/5.0 AppleWebKit/537.36 (KHTML, like Gecko; compatible; bingbot/2.0; +http://www.bing.com/bingbot.htm) Chrome/116.0.1938.76 Safari/537.36"
66.249.66.163 - - [19/Jan/2025:03:50:25 +0530] "GET /000974394381997.html HTTP/1.1" 404 - "-" "Mozilla/5.0 (Linux; Android 6.0.1; Nexus 5X Build/MMB29P) AppleWebKit/537.36 (KHTML, like Gecko) Chrome/132.0.6834.83 Mobile Safari/537.36 (compatible; Googlebot/2.1; +http://www.google.com/bot.html)"
66.249.66.33 - - [19/Jan/2025:03:51:27 +0530] "GET /aaqcp/c1390076.html HTTP/1.1" 404 - "-" "Mozilla/5.0 (Linux; Android 6.0.1; Nexus 5X Build/MMB29P) AppleWebKit/537.36 (KHTML, like Gecko) Chrome/132.0.6834.83 Mobile Safari/537.36 (compatible; Googlebot/2.1; +http://www.google.com/bot.html)"
40.77.167.65 - - [19/Jan/2025:03:51:34 +0530] "GET /kxxpm/page-doctors-details.html HTTP/1.1" 404 - "-" "Mozilla/5.0 AppleWebKit/537.36 (KHTML, like Gecko; compatible; bingbot/2.0; +http://www.bing.com/bingbot.htm) Chrome/116.0.1938.76 Safari/537.36"
66.249.66.45 - - [19/Jan/2025:03:51:52 +0530] "GET /category/services.php?hbngo/l3181979.html HTTP/1.1" 404 - "-" "Mozilla/5.0 (Linux; Android 6.0.1; Nexus 5X Build/MMB29P) AppleWebKit/537.36 (KHTML, like Gecko) Chrome/132.0.6834.83 Mobile Safari/537.36 (compatible; Googlebot/2.1; +http://www.google.com/bot.html)"
66.249.66.45 - - [19/Jan/2025:03:51:52 +0530] "GET /category/services.php?zopfd/t1425115.html HTTP/1.1" 404 - "-" "Mozilla/5.0 (Linux; Android 6.0.1; Nexus 5X Build/MMB29P) AppleWebKit/537.36 (KHTML, like Gecko) Chrome/132.0.6834.83 Mobile Safari/537.36 (compatible; Googlebot/2.1; +http://www.google.com/bot.html)"
207.46.13.116 - - [19/Jan/2025:03:58:50 +0530] "GET /paarh/about.php HTTP/1.1" 404 - "-" "Mozilla/5.0 AppleWebKit/537.36 (KHTML, like Gecko; compatible; bingbot/2.0; +http://www.bing.com/bingbot.htm) Chrome/116.0.1938.76 Safari/537.36"
66.249.66.33 - - [19/Jan/2025:03:59:28 +0530] "GET /category/index.php?ennzr/v2048909.html HTTP/1.1" 404 - "-" "Mozilla/5.0 (Linux; Android 6.0.1; Nexus 5X Build/MMB29P) AppleWebKit/537.36 (KHTML, like Gecko) Chrome/132.0.6834.83 Mobile Safari/537.36 (compatible; Googlebot/2.1; +http://www.google.com/bot.html)"
66.249.66.33 - - [19/Jan/2025:04:01:23 +0530] "GET /category/index.php?tlnmv/y2350590.html HTTP/1.1" 404 - "-" "Mozilla/5.0 (Linux; Android 6.0.1; Nexus 5X Build/MMB29P) AppleWebKit/537.36 (KHTML, like Gecko) Chrome/132.0.6834.83 Mobile Safari/537.36 (compatible; Googlebot/2.1; +http://www.google.com/bot.html)"
66.249.66.33 - - [19/Jan/2025:04:06:27 +0530] "GET /category/clinic_gallery.php?exurp/t2211121.html HTTP/1.1" 404 - "-" "Mozilla/5.0 (Linux; Android 6.0.1; Nexus 5X Build/MMB29P) AppleWebKit/537.36 (KHTML, like Gecko) Chrome/132.0.6834.83 Mobile Safari/537.36 (compatible; Googlebot/2.1; +http://www.google.com/bot.html)"
40.77.167.65 - - [19/Jan/2025:04:17:43 +0530] "GET /puuol/page-doctors-details.html HTTP/1.1" 404 - "-" "Mozilla/5.0 AppleWebKit/537.36 (KHTML, like Gecko; compatible; bingbot/2.0; +http://www.bing.com/bingbot.htm) Chrome/116.0.1938.76 Safari/537.36"
52.167.144.185 - - [19/Jan/2025:04:17:51 +0530] "GET /bqmsp/about.php HTTP/1.1" 404 - "-" "Mozilla/5.0 AppleWebKit/537.36 (KHTML, like Gecko; compatible; bingbot/2.0; +http://www.bing.com/bingbot.htm) Chrome/116.0.1938.76 Safari/537.36"
52.167.144.185 - - [19/Jan/2025:04:25:32 +0530] "GET /tslwk/page-doctors-details.html HTTP/1.1" 404 - "-" "Mozilla/5.0 AppleWebKit/537.36 (KHTML, like Gecko; compatible; bingbot/2.0; +http://www.bing.com/bingbot.htm) Chrome/116.0.1938.76 Safari/537.36"
66.249.66.165 - - [19/Jan/2025:04:26:19 +0530] "GET /0048743941528635.html HTTP/1.1" 404 - "-" "Mozilla/5.0 (Linux; Android 6.0.1; Nexus 5X Build/MMB29P) AppleWebKit/537.36 (KHTML, like Gecko) Chrome/132.0.6834.83 Mobile Safari/537.36 (compatible; Googlebot/2.1; +http://www.google.com/bot.html)"
182.42.111.156 - - [19/Jan/2025:04:27:31 +0530] "GET / HTTP/1.1" 200 94375 "http://www.curodentdentalclinic.com" "Mozilla/5.0 (iPhone; CPU iPhone OS 13_2_3 like Mac OS X) AppleWebKit/605.1.15 (KHTML, like Gecko) Version/13.0.3 Mobile/15E148 Safari/604.1"
40.77.167.68 - - [19/Jan/2025:04:30:55 +0530] "GET /bksnw/services.php HTTP/1.1" 404 - "-" "Mozilla/5.0 AppleWebKit/537.36 (KHTML, like Gecko; compatible; bingbot/2.0; +http://www.bing.com/bingbot.htm) Chrome/116.0.1938.76 Safari/537.36"
66.249.66.165 - - [19/Jan/2025:04:33:30 +0530] "GET /000974394383398.html HTTP/1.1" 404 - "-" "Mozilla/5.0 (Linux; Android 6.0.1; Nexus 5X Build/MMB29P) AppleWebKit/537.36 (KHTML, like Gecko) Chrome/132.0.6834.83 Mobile Safari/537.36 (compatible; Googlebot/2.1; +http://www.google.com/bot.html)"
52.167.144.160 - - [19/Jan/2025:04:34:45 +0530] "GET /lgiyb/blog_detail.php?slug=9 HTTP/1.1" 404 - "-" "Mozilla/5.0 AppleWebKit/537.36 (KHTML, like Gecko; compatible; bingbot/2.0; +http://www.bing.com/bingbot.htm) Chrome/116.0.1938.76 Safari/537.36"
185.147.125.23 - - [19/Jan/2025:04:40:30 +0530] "GET / HTTP/1.0" 200 94375 "https://curodentdentalclinic.com/" "Mozilla/5.0 (Windows NT 10.0; Win64; x64) AppleWebKit/537.36 (KHTML, like Gecko) Chrome/131.0.0.0 Safari/537.36 Avast/131.0.0.0"
52.167.144.197 - - [19/Jan/2025:04:50:46 +0530] "GET /wsmjz/blog.php HTTP/1.1" 404 - "-" "Mozilla/5.0 AppleWebKit/537.36 (KHTML, like Gecko; compatible; bingbot/2.0; +http://www.bing.com/bingbot.htm) Chrome/116.0.1938.76 Safari/537.36"
52.167.144.66 - - [19/Jan/2025:04:53:11 +0530] "GET /robots.txt HTTP/1.1" 404 - "-" "Mozilla/5.0 AppleWebKit/537.36 (KHTML, like Gecko; compatible; bingbot/2.0; +http://www.bing.com/bingbot.htm) Chrome/116.0.1938.76 Safari/537.36"
40.77.167.159 - - [19/Jan/2025:04:53:17 +0530] "GET /cveli/services.php HTTP/1.1" 404 - "-" "Mozilla/5.0 AppleWebKit/537.36 (KHTML, like Gecko; compatible; bingbot/2.0; +http://www.bing.com/bingbot.htm) Chrome/116.0.1938.76 Safari/537.36"
207.46.13.7 - - [19/Jan/2025:04:59:05 +0530] "GET /hofgm/blog_detail.php?slug=10 HTTP/1.1" 404 - "-" "Mozilla/5.0 AppleWebKit/537.36 (KHTML, like Gecko; compatible; bingbot/2.0; +http://www.bing.com/bingbot.htm) Chrome/116.0.1938.76 Safari/537.36"
207.46.13.7 - - [19/Jan/2025:04:59:06 +0530] "GET /ugtoe/clinic_gallery.php HTTP/1.1" 404 - "-" "Mozilla/5.0 AppleWebKit/537.36 (KHTML, like Gecko; compatible; bingbot/2.0; +http://www.bing.com/bingbot.htm) Chrome/116.0.1938.76 Safari/537.36"
52.167.144.171 - - [19/Jan/2025:05:03:38 +0530] "GET /ozvhc/index.php HTTP/1.1" 404 - "-" "Mozilla/5.0 AppleWebKit/537.36 (KHTML, like Gecko; compatible; bingbot/2.0; +http://www.bing.com/bingbot.htm) Chrome/116.0.1938.76 Safari/537.36"
40.77.167.54 - - [19/Jan/2025:05:17:52 +0530] "GET /csehc/clinic_gallery.php HTTP/1.1" 404 - "-" "Mozilla/5.0 AppleWebKit/537.36 (KHTML, like Gecko; compatible; bingbot/2.0; +http://www.bing.com/bingbot.htm) Chrome/116.0.1938.76 Safari/537.36"
66.249.66.165 - - [19/Jan/2025:05:32:00 +0530] "GET /00027439477692.html HTTP/1.1" 404 - "-" "Mozilla/5.0 (Linux; Android 6.0.1; Nexus 5X Build/MMB29P) AppleWebKit/537.36 (KHTML, like Gecko) Chrome/132.0.6834.83 Mobile Safari/537.36 (compatible; Googlebot/2.1; +http://www.google.com/bot.html)"
40.77.167.23 - - [19/Jan/2025:05:33:04 +0530] "GET /dynyi/about.php HTTP/1.1" 404 - "-" "Mozilla/5.0 AppleWebKit/537.36 (KHTML, like Gecko; compatible; bingbot/2.0; +http://www.bing.com/bingbot.htm) Chrome/116.0.1938.76 Safari/537.36"
207.46.13.124 - - [19/Jan/2025:05:35:06 +0530] "GET /attmw/page-doctors-details.html HTTP/1.1" 404 - "-" "Mozilla/5.0 AppleWebKit/537.36 (KHTML, like Gecko; compatible; bingbot/2.0; +http://www.bing.com/bingbot.htm) Chrome/116.0.1938.76 Safari/537.36"
66.249.66.163 - - [19/Jan/2025:05:37:20 +0530] "GET /000474394304419.html HTTP/1.1" 404 - "-" "Mozilla/5.0 (Linux; Android 6.0.1; Nexus 5X Build/MMB29P) AppleWebKit/537.36 (KHTML, like Gecko) Chrome/132.0.6834.83 Mobile Safari/537.36 (compatible; Googlebot/2.1; +http://www.google.com/bot.html)"
66.249.66.164 - - [19/Jan/2025:05:45:40 +0530] "GET /0041743941395511.html HTTP/1.1" 404 - "-" "Mozilla/5.0 (Linux; Android 6.0.1; Nexus 5X Build/MMB29P) AppleWebKit/537.36 (KHTML, like Gecko) Chrome/132.0.6834.83 Mobile Safari/537.36 (compatible; Googlebot/2.1; +http://www.google.com/bot.html)"
66.249.66.165 - - [19/Jan/2025:05:45:41 +0530] "GET /69194258620.htm HTTP/1.1" 404 - "-" "Mozilla/5.0 (Linux; Android 6.0.1; Nexus 5X Build/MMB29P) AppleWebKit/537.36 (KHTML, like Gecko) Chrome/132.0.6834.83 Mobile Safari/537.36 (compatible; Googlebot/2.1; +http://www.google.com/bot.html)"
66.249.66.164 - - [19/Jan/2025:05:45:42 +0530] "GET /0054743941812253.html HTTP/1.1" 404 - "-" "Mozilla/5.0 (Linux; Android 6.0.1; Nexus 5X Build/MMB29P) AppleWebKit/537.36 (KHTML, like Gecko) Chrome/132.0.6834.83 Mobile Safari/537.36 (compatible; Googlebot/2.1; +http://www.google.com/bot.html)"
66.249.66.164 - - [19/Jan/2025:05:45:44 +0530] "GET /0047743941481411.html HTTP/1.1" 404 - "-" "Mozilla/5.0 (Linux; Android 6.0.1; Nexus 5X Build/MMB29P) AppleWebKit/537.36 (KHTML, like Gecko) Chrome/132.0.6834.83 Mobile Safari/537.36 (compatible; Googlebot/2.1; +http://www.google.com/bot.html)"
66.249.66.163 - - [19/Jan/2025:05:45:44 +0530] "GET /001874394633408.html HTTP/1.1" 404 - "-" "Mozilla/5.0 (Linux; Android 6.0.1; Nexus 5X Build/MMB29P) AppleWebKit/537.36 (KHTML, like Gecko) Chrome/132.0.6834.83 Mobile Safari/537.36 (compatible; Googlebot/2.1; +http://www.google.com/bot.html)"
66.249.66.164 - - [19/Jan/2025:05:45:44 +0530] "GET /6919424884.htm HTTP/1.1" 404 - "-" "Mozilla/5.0 (Linux; Android 6.0.1; Nexus 5X Build/MMB29P) AppleWebKit/537.36 (KHTML, like Gecko) Chrome/132.0.6834.83 Mobile Safari/537.36 (compatible; Googlebot/2.1; +http://www.google.com/bot.html)"
66.249.66.164 - - [19/Jan/2025:05:45:47 +0530] "GET /002174394625173.html HTTP/1.1" 404 - "-" "Mozilla/5.0 (Linux; Android 6.0.1; Nexus 5X Build/MMB29P) AppleWebKit/537.36 (KHTML, like Gecko) Chrome/132.0.6834.83 Mobile Safari/537.36 (compatible; Googlebot/2.1; +http://www.google.com/bot.html)"
66.249.66.45 - - [19/Jan/2025:05:49:12 +0530] "GET /msbpb/m3172984.html HTTP/1.1" 404 - "-" "Mozilla/5.0 (Linux; Android 6.0.1; Nexus 5X Build/MMB29P) AppleWebKit/537.36 (KHTML, like Gecko) Chrome/132.0.6834.83 Mobile Safari/537.36 (compatible; Googlebot/2.1; +http://www.google.com/bot.html)"
157.55.39.49 - - [19/Jan/2025:05:49:58 +0530] "GET /jljam/blog_detail.php?slug=11 HTTP/1.1" 404 - "-" "Mozilla/5.0 AppleWebKit/537.36 (KHTML, like Gecko; compatible; bingbot/2.0; +http://www.bing.com/bingbot.htm) Chrome/116.0.1938.76 Safari/537.36"
40.77.167.17 - - [19/Jan/2025:05:52:57 +0530] "GET /lorwt/Patient_gallery.php HTTP/1.1" 404 - "-" "Mozilla/5.0 AppleWebKit/537.36 (KHTML, like Gecko; compatible; bingbot/2.0; +http://www.bing.com/bingbot.htm) Chrome/116.0.1938.76 Safari/537.36"
157.55.39.204 - - [19/Jan/2025:05:57:39 +0530] "GET /mpftl/page-doctors-details.html HTTP/1.1" 404 - "-" "Mozilla/5.0 AppleWebKit/537.36 (KHTML, like Gecko; compatible; bingbot/2.0; +http://www.bing.com/bingbot.htm) Chrome/116.0.1938.76 Safari/537.36"
40.77.167.121 - - [19/Jan/2025:06:00:02 +0530] "GET /cotmb/index.php HTTP/1.1" 404 - "-" "Mozilla/5.0 AppleWebKit/537.36 (KHTML, like Gecko; compatible; bingbot/2.0; +http://www.bing.com/bingbot.htm) Chrome/116.0.1938.76 Safari/537.36"
51.222.253.18 - - [19/Jan/2025:06:01:51 +0530] "GET /robots.txt HTTP/1.1" 404 - "-" "Mozilla/5.0 (compatible; AhrefsBot/7.0; +http://ahrefs.com/robot/)"
54.36.148.154 - - [19/Jan/2025:06:01:52 +0530] "GET / HTTP/1.1" 200 94375 "-" "Mozilla/5.0 (compatible; AhrefsBot/7.0; +http://ahrefs.com/robot/)"
52.167.144.149 - - [19/Jan/2025:06:15:24 +0530] "GET /pdjut/about.php HTTP/1.1" 404 - "-" "Mozilla/5.0 AppleWebKit/537.36 (KHTML, like Gecko; compatible; bingbot/2.0; +http://www.bing.com/bingbot.htm) Chrome/116.0.1938.76 Safari/537.36"
52.167.144.149 - - [19/Jan/2025:06:18:07 +0530] "GET /lbjxk/blog_detail.php?slug=11 HTTP/1.1" 404 - "-" "Mozilla/5.0 AppleWebKit/537.36 (KHTML, like Gecko; compatible; bingbot/2.0; +http://www.bing.com/bingbot.htm) Chrome/116.0.1938.76 Safari/537.36"
40.77.167.9 - - [19/Jan/2025:06:18:34 +0530] "GET /itqov/services.php HTTP/1.1" 404 - "-" "Mozilla/5.0 AppleWebKit/537.36 (KHTML, like Gecko; compatible; bingbot/2.0; +http://www.bing.com/bingbot.htm) Chrome/116.0.1938.76 Safari/537.36"
40.77.167.9 - - [19/Jan/2025:06:22:19 +0530] "GET /ltpsx/blog_detail.php?slug=10 HTTP/1.1" 404 - "-" "Mozilla/5.0 AppleWebKit/537.36 (KHTML, like Gecko; compatible; bingbot/2.0; +http://www.bing.com/bingbot.htm) Chrome/116.0.1938.76 Safari/537.36"
52.167.144.66 - - [19/Jan/2025:06:29:49 +0530] "GET /robots.txt HTTP/1.1" 404 - "-" "Mozilla/5.0 AppleWebKit/537.36 (KHTML, like Gecko; compatible; bingbot/2.0; +http://www.bing.com/bingbot.htm) Chrome/116.0.1938.76 Safari/537.36"
207.46.13.151 - - [19/Jan/2025:06:29:56 +0530] "GET /byaec/clinic_gallery.php HTTP/1.1" 404 - "-" "Mozilla/5.0 AppleWebKit/537.36 (KHTML, like Gecko; compatible; bingbot/2.0; +http://www.bing.com/bingbot.htm) Chrome/116.0.1938.76 Safari/537.36"
18.143.133.223 - - [19/Jan/2025:06:30:35 +0530] "GET //wp-includes/ID3/license.txt HTTP/1.1" 404 - "-" "Mozilla/5.0 (Windows NT 10.0; Win64; x64) AppleWebKit/537.36 (KHTML, like Gecko) Chrome/95.0.4638.69 Safari/537.36"
18.143.133.223 - - [19/Jan/2025:06:30:36 +0530] "GET //feed/ HTTP/1.1" 404 - "-" "Mozilla/5.0 (Windows NT 10.0; Win64; x64) AppleWebKit/537.36 (KHTML, like Gecko) Chrome/95.0.4638.69 Safari/537.36"
18.143.133.223 - - [19/Jan/2025:06:30:36 +0530] "GET //xmlrpc.php?rsd HTTP/1.1" 404 - "-" "Mozilla/5.0 (Windows NT 10.0; Win64; x64) AppleWebKit/537.36 (KHTML, like Gecko) Chrome/95.0.4638.69 Safari/537.36"
18.143.133.223 - - [19/Jan/2025:06:30:36 +0530] "GET //blog/wp-includes/wlwmanifest.xml HTTP/1.1" 404 - "-" "Mozilla/5.0 (Windows NT 10.0; Win64; x64) AppleWebKit/537.36 (KHTML, like Gecko) Chrome/95.0.4638.69 Safari/537.36"
18.143.133.223 - - [19/Jan/2025:06:30:37 +0530] "GET //web/wp-includes/wlwmanifest.xml HTTP/1.1" 404 - "-" "Mozilla/5.0 (Windows NT 10.0; Win64; x64) AppleWebKit/537.36 (KHTML, like Gecko) Chrome/95.0.4638.69 Safari/537.36"
18.143.133.223 - - [19/Jan/2025:06:30:37 +0530] "GET //wordpress/wp-includes/wlwmanifest.xml HTTP/1.1" 404 - "-" "Mozilla/5.0 (Windows NT 10.0; Win64; x64) AppleWebKit/537.36 (KHTML, like Gecko) Chrome/95.0.4638.69 Safari/537.36"
18.143.133.223 - - [19/Jan/2025:06:30:37 +0530] "GET //wp/wp-includes/wlwmanifest.xml HTTP/1.1" 404 - "-" "Mozilla/5.0 (Windows NT 10.0; Win64; x64) AppleWebKit/537.36 (KHTML, like Gecko) Chrome/95.0.4638.69 Safari/537.36"
18.143.133.223 - - [19/Jan/2025:06:30:38 +0530] "GET //2020/wp-includes/wlwmanifest.xml HTTP/1.1" 404 - "-" "Mozilla/5.0 (Windows NT 10.0; Win64; x64) AppleWebKit/537.36 (KHTML, like Gecko) Chrome/95.0.4638.69 Safari/537.36"
18.143.133.223 - - [19/Jan/2025:06:30:38 +0530] "GET //2019/wp-includes/wlwmanifest.xml HTTP/1.1" 404 - "-" "Mozilla/5.0 (Windows NT 10.0; Win64; x64) AppleWebKit/537.36 (KHTML, like Gecko) Chrome/95.0.4638.69 Safari/537.36"
18.143.133.223 - - [19/Jan/2025:06:30:38 +0530] "GET //2021/wp-includes/wlwmanifest.xml HTTP/1.1" 404 - "-" "Mozilla/5.0 (Windows NT 10.0; Win64; x64) AppleWebKit/537.36 (KHTML, like Gecko) Chrome/95.0.4638.69 Safari/537.36"
18.143.133.223 - - [19/Jan/2025:06:30:39 +0530] "GET //shop/wp-includes/wlwmanifest.xml HTTP/1.1" 404 - "-" "Mozilla/5.0 (Windows NT 10.0; Win64; x64) AppleWebKit/537.36 (KHTML, like Gecko) Chrome/95.0.4638.69 Safari/537.36"
18.143.133.223 - - [19/Jan/2025:06:30:39 +0530] "GET //wp1/wp-includes/wlwmanifest.xml HTTP/1.1" 404 - "-" "Mozilla/5.0 (Windows NT 10.0; Win64; x64) AppleWebKit/537.36 (KHTML, like Gecko) Chrome/95.0.4638.69 Safari/537.36"
18.143.133.223 - - [19/Jan/2025:06:30:39 +0530] "GET //test/wp-includes/wlwmanifest.xml HTTP/1.1" 404 - "-" "Mozilla/5.0 (Windows NT 10.0; Win64; x64) AppleWebKit/537.36 (KHTML, like Gecko) Chrome/95.0.4638.69 Safari/537.36"
18.143.133.223 - - [19/Jan/2025:06:30:40 +0530] "GET //site/wp-includes/wlwmanifest.xml HTTP/1.1" 404 - "-" "Mozilla/5.0 (Windows NT 10.0; Win64; x64) AppleWebKit/537.36 (KHTML, like Gecko) Chrome/95.0.4638.69 Safari/537.36"
18.143.133.223 - - [19/Jan/2025:06:30:40 +0530] "GET //cms/wp-includes/wlwmanifest.xml HTTP/1.1" 404 - "-" "Mozilla/5.0 (Windows NT 10.0; Win64; x64) AppleWebKit/537.36 (KHTML, like Gecko) Chrome/95.0.4638.69 Safari/537.36"
207.46.13.151 - - [19/Jan/2025:06:33:19 +0530] "GET /jzuil/blog_detail.php?slug=10 HTTP/1.1" 404 - "-" "Mozilla/5.0 AppleWebKit/537.36 (KHTML, like Gecko; compatible; bingbot/2.0; +http://www.bing.com/bingbot.htm) Chrome/116.0.1938.76 Safari/537.36"
43.156.109.53 - - [19/Jan/2025:06:42:01 +0530] "GET / HTTP/1.1" 200 94375 "http://curodentdentalclinic.com" "Mozilla/5.0 (iPhone; CPU iPhone OS 13_2_3 like Mac OS X) AppleWebKit/605.1.15 (KHTML, like Gecko) Version/13.0.3 Mobile/15E148 Safari/604.1"
18.143.133.223 - - [19/Jan/2025:06:46:05 +0530] "GET //wp-includes/ID3/license.txt HTTP/1.1" 404 - "-" "Mozilla/5.0 (Windows NT 10.0; Win64; x64) AppleWebKit/537.36 (KHTML, like Gecko) Chrome/95.0.4638.69 Safari/537.36"
18.143.133.223 - - [19/Jan/2025:06:46:05 +0530] "GET //feed/ HTTP/1.1" 404 - "-" "Mozilla/5.0 (Windows NT 10.0; Win64; x64) AppleWebKit/537.36 (KHTML, like Gecko) Chrome/95.0.4638.69 Safari/537.36"
18.143.133.223 - - [19/Jan/2025:06:46:05 +0530] "GET //xmlrpc.php?rsd HTTP/1.1" 404 - "-" "Mozilla/5.0 (Windows NT 10.0; Win64; x64) AppleWebKit/537.36 (KHTML, like Gecko) Chrome/95.0.4638.69 Safari/537.36"
18.143.133.223 - - [19/Jan/2025:06:46:06 +0530] "GET //blog/wp-includes/wlwmanifest.xml HTTP/1.1" 404 - "-" "Mozilla/5.0 (Windows NT 10.0; Win64; x64) AppleWebKit/537.36 (KHTML, like Gecko) Chrome/95.0.4638.69 Safari/537.36"
18.143.133.223 - - [19/Jan/2025:06:46:06 +0530] "GET //web/wp-includes/wlwmanifest.xml HTTP/1.1" 404 - "-" "Mozilla/5.0 (Windows NT 10.0; Win64; x64) AppleWebKit/537.36 (KHTML, like Gecko) Chrome/95.0.4638.69 Safari/537.36"
18.143.133.223 - - [19/Jan/2025:06:46:06 +0530] "GET //wordpress/wp-includes/wlwmanifest.xml HTTP/1.1" 404 - "-" "Mozilla/5.0 (Windows NT 10.0; Win64; x64) AppleWebKit/537.36 (KHTML, like Gecko) Chrome/95.0.4638.69 Safari/537.36"
18.143.133.223 - - [19/Jan/2025:06:46:06 +0530] "GET //wp/wp-includes/wlwmanifest.xml HTTP/1.1" 404 - "-" "Mozilla/5.0 (Windows NT 10.0; Win64; x64) AppleWebKit/537.36 (KHTML, like Gecko) Chrome/95.0.4638.69 Safari/537.36"
18.143.133.223 - - [19/Jan/2025:06:46:07 +0530] "GET //2020/wp-includes/wlwmanifest.xml HTTP/1.1" 404 - "-" "Mozilla/5.0 (Windows NT 10.0; Win64; x64) AppleWebKit/537.36 (KHTML, like Gecko) Chrome/95.0.4638.69 Safari/537.36"
18.143.133.223 - - [19/Jan/2025:06:46:07 +0530] "GET //2019/wp-includes/wlwmanifest.xml HTTP/1.1" 404 - "-" "Mozilla/5.0 (Windows NT 10.0; Win64; x64) AppleWebKit/537.36 (KHTML, like Gecko) Chrome/95.0.4638.69 Safari/537.36"
18.143.133.223 - - [19/Jan/2025:06:46:07 +0530] "GET //2021/wp-includes/wlwmanifest.xml HTTP/1.1" 404 - "-" "Mozilla/5.0 (Windows NT 10.0; Win64; x64) AppleWebKit/537.36 (KHTML, like Gecko) Chrome/95.0.4638.69 Safari/537.36"
