4.227.36.71 - - [18/Jan/2025:21:06:23 +0530] "GET /keywords=Lenovo%20ThinkPad%20E580%20Core%20i7%208550U/ HTTP/1.1" 404 - "-" "Mozilla/5.0 AppleWebKit/537.36 (KHTML, like Gecko; compatible; GPTBot/1.2; +https://openai.com/gptbot)"
4.227.36.71 - - [18/Jan/2025:21:06:27 +0530] "GET /keywords=%E3%82%AA%E3%83%90%E3%82%B8C25NEO%2012ml%20v/ HTTP/1.1" 404 - "-" "Mozilla/5.0 AppleWebKit/537.36 (KHTML, like Gecko; compatible; GPTBot/1.2; +https://openai.com/gptbot)"
4.227.36.71 - - [18/Jan/2025:21:06:29 +0530] "GET /keywords=Champion%20BEAMS%20THRASHER%20Coach%20Jacket/ HTTP/1.1" 404 - "-" "Mozilla/5.0 AppleWebKit/537.36 (KHTML, like Gecko; compatible; GPTBot/1.2; +https://openai.com/gptbot)"
4.227.36.71 - - [18/Jan/2025:21:06:31 +0530] "GET /keywords=zippo%20%E3%83%A9%E3%82%A4%E3%82%BF%E3%83%BC/ HTTP/1.1" 404 - "-" "Mozilla/5.0 AppleWebKit/537.36 (KHTML, like Gecko; compatible; GPTBot/1.2; +https://openai.com/gptbot)"
4.227.36.71 - - [18/Jan/2025:21:06:35 +0530] "GET /keywords=Logicool%20PRO%20SUPERLIGHT%20G-PPD-003WL-MG/ HTTP/1.1" 404 - "-" "Mozilla/5.0 AppleWebKit/537.36 (KHTML, like Gecko; compatible; GPTBot/1.2; +https://openai.com/gptbot)"
4.227.36.71 - - [18/Jan/2025:21:06:39 +0530] "GET /keywords=Philodendron%20Orange%20Princess%20Var%20No3/ HTTP/1.1" 404 - "-" "Mozilla/5.0 AppleWebKit/537.36 (KHTML, like Gecko; compatible; GPTBot/1.2; +https://openai.com/gptbot)"
4.227.36.71 - - [18/Jan/2025:21:06:42 +0530] "GET /keywords=PRADA%20%E3%82%B5%E3%83%B3%E3%83%80%E3%83%AB/ HTTP/1.1" 404 - "-" "Mozilla/5.0 AppleWebKit/537.36 (KHTML, like Gecko; compatible; GPTBot/1.2; +https://openai.com/gptbot)"
4.227.36.71 - - [18/Jan/2025:21:06:45 +0530] "GET /keywords=DESCENDANT%20raregem%20COAL%20BAG%20TOTE%20M/ HTTP/1.1" 404 - "-" "Mozilla/5.0 AppleWebKit/537.36 (KHTML, like Gecko; compatible; GPTBot/1.2; +https://openai.com/gptbot)"
4.227.36.71 - - [18/Jan/2025:21:06:47 +0530] "GET /keywords=poter%20%E5%B0%8F%E9%8A%AD%E5%85%A5%E3%82%8C/ HTTP/1.1" 404 - "-" "Mozilla/5.0 AppleWebKit/537.36 (KHTML, like Gecko; compatible; GPTBot/1.2; +https://openai.com/gptbot)"
4.227.36.71 - - [18/Jan/2025:21:06:50 +0530] "GET /keywords=Anita%20ribbon%20mini%20dress%20%20%E9%BB%92/ HTTP/1.1" 404 - "-" "Mozilla/5.0 AppleWebKit/537.36 (KHTML, like Gecko; compatible; GPTBot/1.2; +https://openai.com/gptbot)"
4.227.36.71 - - [18/Jan/2025:21:06:53 +0530] "GET /keywords=NEONSIGN%20ACTIVE%20LOAFER%20Black%20Leather/ HTTP/1.1" 404 - "-" "Mozilla/5.0 AppleWebKit/537.36 (KHTML, like Gecko; compatible; GPTBot/1.2; +https://openai.com/gptbot)"
4.227.36.71 - - [18/Jan/2025:21:06:56 +0530] "GET /keywords=GADIDANONIEM%20JOHN%20BLACK%20Acne%20Studios/ HTTP/1.1" 404 - "-" "Mozilla/5.0 AppleWebKit/537.36 (KHTML, like Gecko; compatible; GPTBot/1.2; +https://openai.com/gptbot)"
4.227.36.71 - - [18/Jan/2025:21:07:00 +0530] "GET /keywords=rysy%E6%A7%98(%E6%A3%AE%E7%94%B016%E7%A8%AE)/ HTTP/1.1" 404 - "-" "Mozilla/5.0 AppleWebKit/537.36 (KHTML, like Gecko; compatible; GPTBot/1.2; +https://openai.com/gptbot)"
4.227.36.71 - - [18/Jan/2025:21:07:02 +0530] "GET /keywords=IQOS%20ILUMA%20i%20ONE%20ANNIVERSARY-EDITION/ HTTP/1.1" 404 - "-" "Mozilla/5.0 AppleWebKit/537.36 (KHTML, like Gecko; compatible; GPTBot/1.2; +https://openai.com/gptbot)"
4.227.36.71 - - [18/Jan/2025:21:07:06 +0530] "GET /keywords=S2%20350SS%20H2%20750ss%20H1B%20500SS%20W1SA/ HTTP/1.1" 404 - "-" "Mozilla/5.0 AppleWebKit/537.36 (KHTML, like Gecko; compatible; GPTBot/1.2; +https://openai.com/gptbot)"
4.227.36.71 - - [18/Jan/2025:21:07:08 +0530] "GET /keywords=%E9%96%93%E6%A1%90%E6%A1%9C%20AnimeJapan2018/ HTTP/1.1" 404 - "-" "Mozilla/5.0 AppleWebKit/537.36 (KHTML, like Gecko; compatible; GPTBot/1.2; +https://openai.com/gptbot)"
4.227.36.71 - - [18/Jan/2025:21:07:11 +0530] "GET /keywords=ANATOMICA%20SINGLE%20RAGLAN%20%E2%85%A3%2044/ HTTP/1.1" 404 - "-" "Mozilla/5.0 AppleWebKit/537.36 (KHTML, like Gecko; compatible; GPTBot/1.2; +https://openai.com/gptbot)"
4.227.36.71 - - [18/Jan/2025:21:07:13 +0530] "GET /keywords=BESTWAY%20%E3%83%97%E3%83%BC%E3%83%AB%202.59m HTTP/1.1" 404 - "-" "Mozilla/5.0 AppleWebKit/537.36 (KHTML, like Gecko; compatible; GPTBot/1.2; +https://openai.com/gptbot)"
4.227.36.71 - - [18/Jan/2025:21:07:17 +0530] "GET /keywords=Supreme%20-%20Stripe%20Velour%20L%2FS%20Polo/ HTTP/1.1" 404 - "-" "Mozilla/5.0 AppleWebKit/537.36 (KHTML, like Gecko; compatible; GPTBot/1.2; +https://openai.com/gptbot)"
4.227.36.71 - - [18/Jan/2025:21:07:21 +0530] "GET /keywords=JOOLA%20%E3%83%8E%E3%83%93%E3%83%AA%E3%82%B9/ HTTP/1.1" 404 - "-" "Mozilla/5.0 AppleWebKit/537.36 (KHTML, like Gecko; compatible; GPTBot/1.2; +https://openai.com/gptbot)"
4.227.36.71 - - [18/Jan/2025:21:07:23 +0530] "GET /keywords=policia%20cap%20BLACKWhite%20cvtvlist%20CTLS/ HTTP/1.1" 404 - "-" "Mozilla/5.0 AppleWebKit/537.36 (KHTML, like Gecko; compatible; GPTBot/1.2; +https://openai.com/gptbot)"
4.227.36.71 - - [18/Jan/2025:21:07:26 +0530] "GET /keywords=EESETT%26Co%20Wallet%20Chain%20(Westminster)/ HTTP/1.1" 404 - "-" "Mozilla/5.0 AppleWebKit/537.36 (KHTML, like Gecko; compatible; GPTBot/1.2; +https://openai.com/gptbot)"
4.227.36.71 - - [18/Jan/2025:21:07:30 +0530] "GET /keywords=Apple%20Mac%20mini%20late%202014%20core%20i5/ HTTP/1.1" 404 - "-" "Mozilla/5.0 AppleWebKit/537.36 (KHTML, like Gecko; compatible; GPTBot/1.2; +https://openai.com/gptbot)"
4.227.36.71 - - [18/Jan/2025:21:07:32 +0530] "GET /keywords=Carl%20Zeiss%20Vario-Sonnar%2035-135mm%20MMJ/ HTTP/1.1" 404 - "-" "Mozilla/5.0 AppleWebKit/537.36 (KHTML, like Gecko; compatible; GPTBot/1.2; +https://openai.com/gptbot)"
4.227.36.71 - - [18/Jan/2025:21:07:36 +0530] "GET /keywords=Calvin%20Klein%20%E3%83%8B%E3%83%83%E3%83%88/ HTTP/1.1" 404 - "-" "Mozilla/5.0 AppleWebKit/537.36 (KHTML, like Gecko; compatible; GPTBot/1.2; +https://openai.com/gptbot)"
4.227.36.71 - - [18/Jan/2025:21:07:38 +0530] "GET /keywords=GPRO%20WIRELESS%20G%20PRO%20002W%20%E6%A5%B5/ HTTP/1.1" 404 - "-" "Mozilla/5.0 AppleWebKit/537.36 (KHTML, like Gecko; compatible; GPTBot/1.2; +https://openai.com/gptbot)"
4.227.36.71 - - [18/Jan/2025:21:07:41 +0530] "GET /keywords=CHANEL%20CHANCE%20Eau%20Fra%C3%AEche%20100ml/ HTTP/1.1" 404 - "-" "Mozilla/5.0 AppleWebKit/537.36 (KHTML, like Gecko; compatible; GPTBot/1.2; +https://openai.com/gptbot)"
4.227.36.71 - - [18/Jan/2025:21:07:45 +0530] "GET /keywords=AirPods%20pro%20%E7%AC%AC2%E4%B8%96%E4%BB%A3/ HTTP/1.1" 404 - "-" "Mozilla/5.0 AppleWebKit/537.36 (KHTML, like Gecko; compatible; GPTBot/1.2; +https://openai.com/gptbot)"
4.227.36.71 - - [18/Jan/2025:21:07:47 +0530] "GET /keywords=Yohji%20x%20Spotted%20Horse%20Denim%20Jacket/ HTTP/1.1" 404 - "-" "Mozilla/5.0 AppleWebKit/537.36 (KHTML, like Gecko; compatible; GPTBot/1.2; +https://openai.com/gptbot)"
4.227.36.71 - - [18/Jan/2025:21:07:50 +0530] "GET /keywords=Supreme%C2%AE%2FSOREL%C2%AE%20Caribou%20Boot/ HTTP/1.1" 404 - "-" "Mozilla/5.0 AppleWebKit/537.36 (KHTML, like Gecko; compatible; GPTBot/1.2; +https://openai.com/gptbot)"
4.227.36.71 - - [18/Jan/2025:21:07:53 +0530] "GET /keywords=NCT%20WISH%20%20single%20album%20WICHU%20Ver. HTTP/1.1" 404 - "-" "Mozilla/5.0 AppleWebKit/537.36 (KHTML, like Gecko; compatible; GPTBot/1.2; +https://openai.com/gptbot)"
4.227.36.71 - - [18/Jan/2025:21:07:56 +0530] "GET /keywords=hypervenom%20phantom%20fg%2027cm%20mercurial/ HTTP/1.1" 404 - "-" "Mozilla/5.0 AppleWebKit/537.36 (KHTML, like Gecko; compatible; GPTBot/1.2; +https://openai.com/gptbot)"
4.227.36.71 - - [18/Jan/2025:21:07:58 +0530] "GET /keywords=Guerlain%20Aqua%20Allegoria%20Pera%20Granita/ HTTP/1.1" 404 - "-" "Mozilla/5.0 AppleWebKit/537.36 (KHTML, like Gecko; compatible; GPTBot/1.2; +https://openai.com/gptbot)"
4.227.36.71 - - [18/Jan/2025:21:08:03 +0530] "GET /keywords=SM%20ORIGINAL%20PANT%20Nylon%20Dyed%20Oxford/ HTTP/1.1" 404 - "-" "Mozilla/5.0 AppleWebKit/537.36 (KHTML, like Gecko; compatible; GPTBot/1.2; +https://openai.com/gptbot)"
4.227.36.71 - - [18/Jan/2025:21:08:05 +0530] "GET /keywords=%E8%A8%98%E5%BF%B5Suica%20%E6%96%B0%E6%BD%9F/ HTTP/1.1" 404 - "-" "Mozilla/5.0 AppleWebKit/537.36 (KHTML, like Gecko; compatible; GPTBot/1.2; +https://openai.com/gptbot)"
4.227.36.71 - - [18/Jan/2025:21:08:09 +0530] "GET /keywords=KOOKY%20ZOO%20MINIATURE%20IMITATE%20TROUSERS/ HTTP/1.1" 404 - "-" "Mozilla/5.0 AppleWebKit/537.36 (KHTML, like Gecko; compatible; GPTBot/1.2; +https://openai.com/gptbot)"
4.227.36.71 - - [18/Jan/2025:21:08:11 +0530] "GET /keywords=LOEWE%20%E3%83%91%E3%83%BC%E3%82%AB%E3%83%BC/ HTTP/1.1" 404 - "-" "Mozilla/5.0 AppleWebKit/537.36 (KHTML, like Gecko; compatible; GPTBot/1.2; +https://openai.com/gptbot)"
4.227.36.71 - - [18/Jan/2025:21:08:14 +0530] "GET /keywords=TOGA%20VIRILIS%20Leather%20shoulder%20wallet/ HTTP/1.1" 404 - "-" "Mozilla/5.0 AppleWebKit/537.36 (KHTML, like Gecko; compatible; GPTBot/1.2; +https://openai.com/gptbot)"
4.227.36.71 - - [18/Jan/2025:21:08:17 +0530] "GET /keywords=BANDAI%20NAMCO%20Tamagotchi%20Connection%20A/ HTTP/1.1" 404 - "-" "Mozilla/5.0 AppleWebKit/537.36 (KHTML, like Gecko; compatible; GPTBot/1.2; +https://openai.com/gptbot)"
4.227.36.71 - - [18/Jan/2025:21:08:20 +0530] "GET /keywords=DPS%20Skis%20Pagoda%20Tour%20100%20RP%2F2022/ HTTP/1.1" 404 - "-" "Mozilla/5.0 AppleWebKit/537.36 (KHTML, like Gecko; compatible; GPTBot/1.2; +https://openai.com/gptbot)"
4.227.36.71 - - [18/Jan/2025:21:08:23 +0530] "GET /keywords=Supreme%20New%20Era%20Box%20Logo%20Beanie%20/ HTTP/1.1" 404 - "-" "Mozilla/5.0 AppleWebKit/537.36 (KHTML, like Gecko; compatible; GPTBot/1.2; +https://openai.com/gptbot)"
4.227.36.71 - - [18/Jan/2025:21:08:26 +0530] "GET /keywords=Supreme%20Waterproof%20Reflective%20Backpack/ HTTP/1.1" 404 - "-" "Mozilla/5.0 AppleWebKit/537.36 (KHTML, like Gecko; compatible; GPTBot/1.2; +https://openai.com/gptbot)"
66.249.66.37 - - [18/Jan/2025:21:08:28 +0530] "GET /?shopdetail/2842570.html HTTP/1.1" 200 57770 "-" "Mozilla/5.0 (Linux; Android 6.0.1; Nexus 5X Build/MMB29P) AppleWebKit/537.36 (KHTML, like Gecko) Chrome/132.0.6834.83 Mobile Safari/537.36 (compatible; Googlebot/2.1; +http://www.google.com/bot.html)"
4.227.36.71 - - [18/Jan/2025:21:08:30 +0530] "GET /keywords=HOKA%20ONE%20ONE%20TOR%20ULTRA%20LOW%2027.5cm HTTP/1.1" 404 - "-" "Mozilla/5.0 AppleWebKit/537.36 (KHTML, like Gecko; compatible; GPTBot/1.2; +https://openai.com/gptbot)"
66.249.66.37 - - [18/Jan/2025:21:08:31 +0530] "GET /?shopdetail/17805125.html HTTP/1.1" 200 57770 "-" "Mozilla/5.0 (Linux; Android 6.0.1; Nexus 5X Build/MMB29P) AppleWebKit/537.36 (KHTML, like Gecko) Chrome/132.0.6834.83 Mobile Safari/537.36 (compatible; Googlebot/2.1; +http://www.google.com/bot.html)"
4.227.36.71 - - [18/Jan/2025:21:08:32 +0530] "GET /keywords=Apple%20Watch%20Ultra2%2049mm%20GPS+Cellular/ HTTP/1.1" 404 - "-" "Mozilla/5.0 AppleWebKit/537.36 (KHTML, like Gecko; compatible; GPTBot/1.2; +https://openai.com/gptbot)"
4.227.36.71 - - [18/Jan/2025:21:08:36 +0530] "GET /keywords=IIYAMA%20LEVEL%20i7-8750H%2016G%20GTX%201060/ HTTP/1.1" 404 - "-" "Mozilla/5.0 AppleWebKit/537.36 (KHTML, like Gecko; compatible; GPTBot/1.2; +https://openai.com/gptbot)"
4.227.36.71 - - [18/Jan/2025:21:08:38 +0530] "GET /keywords=Todayful%20%20Doubletuck%20Smooth%20Trousers/ HTTP/1.1" 404 - "-" "Mozilla/5.0 AppleWebKit/537.36 (KHTML, like Gecko; compatible; GPTBot/1.2; +https://openai.com/gptbot)"
4.227.36.71 - - [18/Jan/2025:21:08:41 +0530] "GET /keywords=URBAN%20RESEARCH%20FUNCTIONAL%20WIDE%20SETUP/ HTTP/1.1" 404 - "-" "Mozilla/5.0 AppleWebKit/537.36 (KHTML, like Gecko; compatible; GPTBot/1.2; +https://openai.com/gptbot)"
4.227.36.71 - - [18/Jan/2025:21:08:45 +0530] "GET /keywords=PSA%20NEL%201991%20UD%20CZECH%20PAUL%20KARYA/ HTTP/1.1" 404 - "-" "Mozilla/5.0 AppleWebKit/537.36 (KHTML, like Gecko; compatible; GPTBot/1.2; +https://openai.com/gptbot)"
4.227.36.71 - - [18/Jan/2025:21:08:47 +0530] "GET /keywords=PALLADIUM%20PAMPA%20OX%20SEEKER%20LITE%20WP+/ HTTP/1.1" 404 - "-" "Mozilla/5.0 AppleWebKit/537.36 (KHTML, like Gecko; compatible; GPTBot/1.2; +https://openai.com/gptbot)"
4.227.36.71 - - [18/Jan/2025:21:08:50 +0530] "GET /keywords=%E8%99%8E%E7%8B%BC%E3%81%AE%E8%A1%80%20zippo/ HTTP/1.1" 404 - "-" "Mozilla/5.0 AppleWebKit/537.36 (KHTML, like Gecko; compatible; GPTBot/1.2; +https://openai.com/gptbot)"
4.227.36.71 - - [18/Jan/2025:21:08:53 +0530] "GET /keywords=%E9%9B%BB%E5%AD%90%E8%BE%9E%E6%9B%B8%20SHARP/ HTTP/1.1" 404 - "-" "Mozilla/5.0 AppleWebKit/537.36 (KHTML, like Gecko; compatible; GPTBot/1.2; +https://openai.com/gptbot)"
4.227.36.71 - - [18/Jan/2025:21:08:56 +0530] "GET /keywords=()%20bagjack%20Hard%20Travel%20Cover%20Carry/ HTTP/1.1" 404 - "-" "Mozilla/5.0 AppleWebKit/537.36 (KHTML, like Gecko; compatible; GPTBot/1.2; +https://openai.com/gptbot)"
4.227.36.71 - - [18/Jan/2025:21:08:59 +0530] "GET /keywords=BORDERLESS%20BB%20460MT%20%E7%A3%AF%E7%AB%BF/ HTTP/1.1" 404 - "-" "Mozilla/5.0 AppleWebKit/537.36 (KHTML, like Gecko; compatible; GPTBot/1.2; +https://openai.com/gptbot)"
66.249.66.43 - - [18/Jan/2025:21:09:03 +0530] "GET /?shopdetail/27806092.html HTTP/1.1" 200 57770 "-" "Mozilla/5.0 (Linux; Android 6.0.1; Nexus 5X Build/MMB29P) AppleWebKit/537.36 (KHTML, like Gecko) Chrome/132.0.6834.83 Mobile Safari/537.36 (compatible; Googlebot/2.1; +http://www.google.com/bot.html)"
4.227.36.71 - - [18/Jan/2025:21:09:03 +0530] "GET /keywords=TheEnnovProfessional%203LAYERSHELLJACKET%20L/ HTTP/1.1" 404 - "-" "Mozilla/5.0 AppleWebKit/537.36 (KHTML, like Gecko; compatible; GPTBot/1.2; +https://openai.com/gptbot)"
4.227.36.71 - - [18/Jan/2025:21:09:05 +0530] "GET /keywords=Plant:%20Exploring%20the%20Botanical%20World/ HTTP/1.1" 404 - "-" "Mozilla/5.0 AppleWebKit/537.36 (KHTML, like Gecko; compatible; GPTBot/1.2; +https://openai.com/gptbot)"
66.249.66.43 - - [18/Jan/2025:21:09:06 +0530] "GET /?shopdetail/20558369.html HTTP/1.1" 200 57770 "-" "Mozilla/5.0 (Linux; Android 6.0.1; Nexus 5X Build/MMB29P) AppleWebKit/537.36 (KHTML, like Gecko) Chrome/132.0.6834.83 Mobile Safari/537.36 (compatible; Googlebot/2.1; +http://www.google.com/bot.html)"
4.227.36.71 - - [18/Jan/2025:21:09:08 +0530] "GET /keywords=%E3%83%9F%E3%82%B7%E3%83%B3%20JAGUAR%20KD850/ HTTP/1.1" 404 - "-" "Mozilla/5.0 AppleWebKit/537.36 (KHTML, like Gecko; compatible; GPTBot/1.2; +https://openai.com/gptbot)"
66.249.66.41 - - [18/Jan/2025:21:09:08 +0530] "GET /assets/vendors/jarallax/jarallax.min.js HTTP/1.1" 404 - "https://www.sgmassage.in/?shopdetail/27806092.html" "Mozilla/5.0 (Linux; Android 6.0.1; Nexus 5X Build/MMB29P) AppleWebKit/537.36 (KHTML, like Gecko) Chrome/131.0.6778.264 Mobile Safari/537.36 (compatible; Googlebot/2.1; +http://www.google.com/bot.html)"
66.249.66.42 - - [18/Jan/2025:21:09:10 +0530] "GET /?shopdetail/17210769.html HTTP/1.1" 200 57770 "-" "Mozilla/5.0 (Linux; Android 6.0.1; Nexus 5X Build/MMB29P) AppleWebKit/537.36 (KHTML, like Gecko) Chrome/132.0.6834.83 Mobile Safari/537.36 (compatible; Googlebot/2.1; +http://www.google.com/bot.html)"
4.227.36.71 - - [18/Jan/2025:21:09:11 +0530] "GET /keywords=Imaginary%20Authors%20The%20Complete%20Works/ HTTP/1.1" 404 - "-" "Mozilla/5.0 AppleWebKit/537.36 (KHTML, like Gecko; compatible; GPTBot/1.2; +https://openai.com/gptbot)"
66.249.66.42 - - [18/Jan/2025:21:09:12 +0530] "GET /?shopdetail/24675436.html HTTP/1.1" 200 57770 "-" "Mozilla/5.0 (Linux; Android 6.0.1; Nexus 5X Build/MMB29P) AppleWebKit/537.36 (KHTML, like Gecko) Chrome/132.0.6834.83 Mobile Safari/537.36 (compatible; Googlebot/2.1; +http://www.google.com/bot.html)"
66.249.66.41 - - [18/Jan/2025:21:09:13 +0530] "GET /?shopdetail/12362925.html HTTP/1.1" 200 57770 "-" "Mozilla/5.0 (Linux; Android 6.0.1; Nexus 5X Build/MMB29P) AppleWebKit/537.36 (KHTML, like Gecko) Chrome/132.0.6834.83 Mobile Safari/537.36 (compatible; Googlebot/2.1; +http://www.google.com/bot.html)"
4.227.36.71 - - [18/Jan/2025:21:09:14 +0530] "GET /keywords=[%2FJil%20Sander]%20Sport%20Coat%2023AW%2046/ HTTP/1.1" 404 - "-" "Mozilla/5.0 AppleWebKit/537.36 (KHTML, like Gecko; compatible; GPTBot/1.2; +https://openai.com/gptbot)"
66.249.66.41 - - [18/Jan/2025:21:09:15 +0530] "GET /?shopdetail/19684358.html HTTP/1.1" 200 57770 "-" "Mozilla/5.0 (Linux; Android 6.0.1; Nexus 5X Build/MMB29P) AppleWebKit/537.36 (KHTML, like Gecko) Chrome/132.0.6834.83 Mobile Safari/537.36 (compatible; Googlebot/2.1; +http://www.google.com/bot.html)"
4.227.36.71 - - [18/Jan/2025:21:09:17 +0530] "GET /keywords=Justin%20Davis%20%E3%83%94%E3%82%A2%E3%82%B9/ HTTP/1.1" 404 - "-" "Mozilla/5.0 AppleWebKit/537.36 (KHTML, like Gecko; compatible; GPTBot/1.2; +https://openai.com/gptbot)"
4.227.36.71 - - [18/Jan/2025:21:09:21 +0530] "GET /keywords=PAPERSKY%20BIKE%20and%20HIKE%20CAVE%20SHIRTS/ HTTP/1.1" 404 - "-" "Mozilla/5.0 AppleWebKit/537.36 (KHTML, like Gecko; compatible; GPTBot/1.2; +https://openai.com/gptbot)"
4.227.36.71 - - [18/Jan/2025:21:09:23 +0530] "GET /keywords=misha%20%E3%82%BB%E3%83%BC%E3%82%BF%E3%83%BC/ HTTP/1.1" 404 - "-" "Mozilla/5.0 AppleWebKit/537.36 (KHTML, like Gecko; compatible; GPTBot/1.2; +https://openai.com/gptbot)"
4.227.36.71 - - [18/Jan/2025:21:09:27 +0530] "GET /keywords=20%20Auralee%20WashedFinxtCuproTwillLongCoat/ HTTP/1.1" 404 - "-" "Mozilla/5.0 AppleWebKit/537.36 (KHTML, like Gecko; compatible; GPTBot/1.2; +https://openai.com/gptbot)"
4.227.36.71 - - [18/Jan/2025:21:09:29 +0530] "GET /keywords=SSSS.GRIDMAN%E3%80%81SSSS.DYNAZENON%20Blu-ray HTTP/1.1" 404 - "-" "Mozilla/5.0 AppleWebKit/537.36 (KHTML, like Gecko; compatible; GPTBot/1.2; +https://openai.com/gptbot)"
4.227.36.71 - - [18/Jan/2025:21:09:32 +0530] "GET /keywords=QD62D%20%E4%B8%89%E8%8F%B1%E9%9B%BB%E6%A9%9F/ HTTP/1.1" 404 - "-" "Mozilla/5.0 AppleWebKit/537.36 (KHTML, like Gecko; compatible; GPTBot/1.2; +https://openai.com/gptbot)"
4.227.36.71 - - [18/Jan/2025:21:09:35 +0530] "GET /keywords=AURALEE%20%2FWOOL%20MAX%20GABARDINE%20JACKET/ HTTP/1.1" 404 - "-" "Mozilla/5.0 AppleWebKit/537.36 (KHTML, like Gecko; compatible; GPTBot/1.2; +https://openai.com/gptbot)"
4.227.36.71 - - [18/Jan/2025:21:09:39 +0530] "GET /keywords=ASAHI%20PENTAX%20%E9%AA%A8%E8%91%A3%E5%93%81/ HTTP/1.1" 404 - "-" "Mozilla/5.0 AppleWebKit/537.36 (KHTML, like Gecko; compatible; GPTBot/1.2; +https://openai.com/gptbot)"
4.227.36.71 - - [18/Jan/2025:21:09:41 +0530] "GET /keywords=Dell%20Inspiron%2014%205415%20Ryzen5%205500U/ HTTP/1.1" 404 - "-" "Mozilla/5.0 AppleWebKit/537.36 (KHTML, like Gecko; compatible; GPTBot/1.2; +https://openai.com/gptbot)"
4.227.36.71 - - [18/Jan/2025:21:09:44 +0530] "GET /keywords=VALANROSE%20KURO%20Cream%20Shampoo2%E5%80%8B/ HTTP/1.1" 404 - "-" "Mozilla/5.0 AppleWebKit/537.36 (KHTML, like Gecko; compatible; GPTBot/1.2; +https://openai.com/gptbot)"
4.227.36.71 - - [18/Jan/2025:21:09:48 +0530] "GET /keywords=Graphpaper%20Suvin%20CottonOversizedCardigan/ HTTP/1.1" 404 - "-" "Mozilla/5.0 AppleWebKit/537.36 (KHTML, like Gecko; compatible; GPTBot/1.2; +https://openai.com/gptbot)"
4.227.36.71 - - [18/Jan/2025:21:09:50 +0530] "GET /keywords=%E3%82%AB%E3%82%A4%E3%83%AA%E3%83%BC5%20taco/ HTTP/1.1" 404 - "-" "Mozilla/5.0 AppleWebKit/537.36 (KHTML, like Gecko; compatible; GPTBot/1.2; +https://openai.com/gptbot)"
4.227.36.71 - - [18/Jan/2025:21:09:54 +0530] "GET /keywords=OLYMPUS%20PEN%20EE%20S%20D.ZUIKO%203cm%20F2.8 HTTP/1.1" 404 - "-" "Mozilla/5.0 AppleWebKit/537.36 (KHTML, like Gecko; compatible; GPTBot/1.2; +https://openai.com/gptbot)"
4.227.36.71 - - [18/Jan/2025:21:09:56 +0530] "GET /keywords=DJ%20RYOW%20-%20NEW%20X%20CLASSIC%20TOKONA-X/ HTTP/1.1" 404 - "-" "Mozilla/5.0 AppleWebKit/537.36 (KHTML, like Gecko; compatible; GPTBot/1.2; +https://openai.com/gptbot)"
4.227.36.71 - - [18/Jan/2025:21:09:59 +0530] "GET /keywords=S.F.C%20OG%20CHECK%20SHOULDER%20POUCH%20SMALL HTTP/1.1" 404 - "-" "Mozilla/5.0 AppleWebKit/537.36 (KHTML, like Gecko; compatible; GPTBot/1.2; +https://openai.com/gptbot)"
4.227.36.71 - - [18/Jan/2025:21:10:03 +0530] "GET /keywords=Intel%20Core%20i5-14500%2014th%20Gen%20CPU()/ HTTP/1.1" 404 - "-" "Mozilla/5.0 AppleWebKit/537.36 (KHTML, like Gecko; compatible; GPTBot/1.2; +https://openai.com/gptbot)"
4.227.36.71 - - [18/Jan/2025:21:10:06 +0530] "GET /keywords=GUCCI%20%E3%82%B9%E3%83%88%E3%83%BC%E3%83%AB/ HTTP/1.1" 404 - "-" "Mozilla/5.0 AppleWebKit/537.36 (KHTML, like Gecko; compatible; GPTBot/1.2; +https://openai.com/gptbot)"
4.227.36.71 - - [18/Jan/2025:21:10:08 +0530] "GET /keywords=JadedLondon%20Scuff%20Colossus%20Jeans%20W32/ HTTP/1.1" 404 - "-" "Mozilla/5.0 AppleWebKit/537.36 (KHTML, like Gecko; compatible; GPTBot/1.2; +https://openai.com/gptbot)"
4.227.36.71 - - [18/Jan/2025:21:10:12 +0530] "GET /keywords=Supreme%20Spitfire%20Wheels%20(Set%20of%204)/ HTTP/1.1" 404 - "-" "Mozilla/5.0 AppleWebKit/537.36 (KHTML, like Gecko; compatible; GPTBot/1.2; +https://openai.com/gptbot)"
4.227.36.71 - - [18/Jan/2025:21:10:15 +0530] "GET /keywords=ROUGH%20AND%20RUGGED%20SOUVENIR%20COLLECTION/ HTTP/1.1" 404 - "-" "Mozilla/5.0 AppleWebKit/537.36 (KHTML, like Gecko; compatible; GPTBot/1.2; +https://openai.com/gptbot)"
4.227.36.71 - - [18/Jan/2025:21:10:18 +0530] "GET /keywords=%E3%82%B3%E3%83%AB%E3%83%87%E3%82%A3G%20100g/ HTTP/1.1" 404 - "-" "Mozilla/5.0 AppleWebKit/537.36 (KHTML, like Gecko; compatible; GPTBot/1.2; +https://openai.com/gptbot)"
4.227.36.71 - - [18/Jan/2025:21:10:20 +0530] "GET /keywords=wargo%20%E5%A4%A2%E8%A6%8B%E9%B3%A5%E7%B0%AA/ HTTP/1.1" 404 - "-" "Mozilla/5.0 AppleWebKit/537.36 (KHTML, like Gecko; compatible; GPTBot/1.2; +https://openai.com/gptbot)"
4.227.36.71 - - [18/Jan/2025:21:10:23 +0530] "GET /keywords=KIOC'%20%E5%B1%B1%E4%B8%8B%E5%B9%B8%E8%BC%9D/ HTTP/1.1" 404 - "-" "Mozilla/5.0 AppleWebKit/537.36 (KHTML, like Gecko; compatible; GPTBot/1.2; +https://openai.com/gptbot)"
4.227.36.71 - - [18/Jan/2025:21:10:27 +0530] "GET /keywords=Rebel%20Relic%2059-S%20Custom%20Light%20Aged/ HTTP/1.1" 404 - "-" "Mozilla/5.0 AppleWebKit/537.36 (KHTML, like Gecko; compatible; GPTBot/1.2; +https://openai.com/gptbot)"
4.227.36.71 - - [18/Jan/2025:21:10:29 +0530] "GET /keywords=Macbook%20Pro%202023%20M2%20Pro%2016GB%2F1TB/ HTTP/1.1" 404 - "-" "Mozilla/5.0 AppleWebKit/537.36 (KHTML, like Gecko; compatible; GPTBot/1.2; +https://openai.com/gptbot)"
4.227.36.71 - - [18/Jan/2025:21:10:33 +0530] "GET /keywords=PERVERZE%20Stripe%20Mohair%20Wide%20Cardigan/ HTTP/1.1" 404 - "-" "Mozilla/5.0 AppleWebKit/537.36 (KHTML, like Gecko; compatible; GPTBot/1.2; +https://openai.com/gptbot)"
4.227.36.71 - - [18/Jan/2025:21:10:35 +0530] "GET /keywords=ANTA%20KAI%201%20%E3%80%8CTAIJI%E3%80%8DUS8.5 HTTP/1.1" 404 - "-" "Mozilla/5.0 AppleWebKit/537.36 (KHTML, like Gecko; compatible; GPTBot/1.2; +https://openai.com/gptbot)"
4.227.36.71 - - [18/Jan/2025:21:10:38 +0530] "GET /keywords=Supreme%20Fuck%20Money%20Sweater%20Black%20L/ HTTP/1.1" 404 - "-" "Mozilla/5.0 AppleWebKit/537.36 (KHTML, like Gecko; compatible; GPTBot/1.2; +https://openai.com/gptbot)"
4.227.36.71 - - [18/Jan/2025:21:10:42 +0530] "GET /keywords=MICHEAL%20KORS%20%E3%83%90%E3%83%83%E3%82%AF/ HTTP/1.1" 404 - "-" "Mozilla/5.0 AppleWebKit/537.36 (KHTML, like Gecko; compatible; GPTBot/1.2; +https://openai.com/gptbot)"
66.249.66.42 - - [18/Jan/2025:21:10:43 +0530] "GET /?shopdetail/24744814.html HTTP/1.1" 200 57770 "-" "Mozilla/5.0 (Linux; Android 6.0.1; Nexus 5X Build/MMB29P) AppleWebKit/537.36 (KHTML, like Gecko) Chrome/132.0.6834.83 Mobile Safari/537.36 (compatible; Googlebot/2.1; +http://www.google.com/bot.html)"
4.227.36.71 - - [18/Jan/2025:21:10:44 +0530] "GET /keywords=Bambinowhit%20varNo9%20BackvelvetNinjavarNo9/ HTTP/1.1" 404 - "-" "Mozilla/5.0 AppleWebKit/537.36 (KHTML, like Gecko; compatible; GPTBot/1.2; +https://openai.com/gptbot)"
4.227.36.71 - - [18/Jan/2025:21:10:47 +0530] "GET /keywords=%2FASICS%20GELHOOP%20%20EXTRA%20WIDE%2023.5cm HTTP/1.1" 404 - "-" "Mozilla/5.0 AppleWebKit/537.36 (KHTML, like Gecko; compatible; GPTBot/1.2; +https://openai.com/gptbot)"
4.227.36.71 - - [18/Jan/2025:21:10:51 +0530] "GET /keywords=AIR%20MAX%2090%20'HAPPY%20PINEAPPLE'%2024.5cm HTTP/1.1" 404 - "-" "Mozilla/5.0 AppleWebKit/537.36 (KHTML, like Gecko; compatible; GPTBot/1.2; +https://openai.com/gptbot)"
4.227.36.71 - - [18/Jan/2025:21:10:53 +0530] "GET /keywords=[]Rupert%20Neve%20Designs%20Newton%20Channel/ HTTP/1.1" 404 - "-" "Mozilla/5.0 AppleWebKit/537.36 (KHTML, like Gecko; compatible; GPTBot/1.2; +https://openai.com/gptbot)"
4.227.36.71 - - [18/Jan/2025:21:10:57 +0530] "GET /keywords=AppleLightningDigitalAVAdapter%20MD826AM%2FA/ HTTP/1.1" 404 - "-" "Mozilla/5.0 AppleWebKit/537.36 (KHTML, like Gecko; compatible; GPTBot/1.2; +https://openai.com/gptbot)"
4.227.36.71 - - [18/Jan/2025:21:10:59 +0530] "GET /keywords=Ultra%20Light%20Phantom%20%EF%BC%9C%EF%BC%9E/ HTTP/1.1" 404 - "-" "Mozilla/5.0 AppleWebKit/537.36 (KHTML, like Gecko; compatible; GPTBot/1.2; +https://openai.com/gptbot)"
4.227.36.71 - - [18/Jan/2025:21:11:03 +0530] "GET /keywords=TAMIYA%20German%20King%20Tiger%201%2F35%20RC/ HTTP/1.1" 404 - "-" "Mozilla/5.0 AppleWebKit/537.36 (KHTML, like Gecko; compatible; GPTBot/1.2; +https://openai.com/gptbot)"
66.249.66.43 - - [18/Jan/2025:21:11:03 +0530] "GET /?shopdetail/1930736.html HTTP/1.1" 200 57770 "-" "Mozilla/5.0 (Linux; Android 6.0.1; Nexus 5X Build/MMB29P) AppleWebKit/537.36 (KHTML, like Gecko) Chrome/132.0.6834.83 Mobile Safari/537.36 (compatible; Googlebot/2.1; +http://www.google.com/bot.html)"
4.227.36.71 - - [18/Jan/2025:21:11:06 +0530] "GET /keywords=KAPTAIN%20SUNSHINE%20Skate%20Shoecut%20Denim/ HTTP/1.1" 404 - "-" "Mozilla/5.0 AppleWebKit/537.36 (KHTML, like Gecko; compatible; GPTBot/1.2; +https://openai.com/gptbot)"
66.249.66.41 - - [18/Jan/2025:21:11:07 +0530] "GET /assets/vendors/circleType/jquery.lettering.min.js HTTP/1.1" 404 - "https://www.sgmassage.in/?shopdetail/1930736.html" "Mozilla/5.0 (Linux; Android 6.0.1; Nexus 5X Build/MMB29P) AppleWebKit/537.36 (KHTML, like Gecko) Chrome/131.0.6778.204 Mobile Safari/537.36 (compatible; Googlebot/2.1; +http://www.google.com/bot.html)"
66.249.66.41 - - [18/Jan/2025:21:11:07 +0530] "GET /assets/vendors/tiny-slider/tiny-slider.min.js HTTP/1.1" 404 - "https://www.sgmassage.in/?shopdetail/1930736.html" "Mozilla/5.0 (Linux; Android 6.0.1; Nexus 5X Build/MMB29P) AppleWebKit/537.36 (KHTML, like Gecko) Chrome/131.0.6778.204 Mobile Safari/537.36 (compatible; Googlebot/2.1; +http://www.google.com/bot.html)"
66.249.66.42 - - [18/Jan/2025:21:11:07 +0530] "GET /assets/vendors/bxslider/jquery.bxslider.min.js HTTP/1.1" 404 - "https://www.sgmassage.in/?shopdetail/1930736.html" "Mozilla/5.0 (Linux; Android 6.0.1; Nexus 5X Build/MMB29P) AppleWebKit/537.36 (KHTML, like Gecko) Chrome/131.0.6778.204 Mobile Safari/537.36 (compatible; Googlebot/2.1; +http://www.google.com/bot.html)"
66.249.66.41 - - [18/Jan/2025:21:11:07 +0530] "GET /assets/vendors/twenty-twenty/twentytwenty.js HTTP/1.1" 404 - "https://www.sgmassage.in/?shopdetail/1930736.html" "Mozilla/5.0 (Linux; Android 6.0.1; Nexus 5X Build/MMB29P) AppleWebKit/537.36 (KHTML, like Gecko) Chrome/131.0.6778.204 Mobile Safari/537.36 (compatible; Googlebot/2.1; +http://www.google.com/bot.html)"
66.249.66.41 - - [18/Jan/2025:21:11:07 +0530] "GET /?shopdetail/23439536.html HTTP/1.1" 200 57770 "-" "Mozilla/5.0 (Linux; Android 6.0.1; Nexus 5X Build/MMB29P) AppleWebKit/537.36 (KHTML, like Gecko) Chrome/132.0.6834.83 Mobile Safari/537.36 (compatible; Googlebot/2.1; +http://www.google.com/bot.html)"
66.249.66.41 - - [18/Jan/2025:21:11:08 +0530] "GET /assets/vendors/jquery/jquery-3.6.0.min.js HTTP/1.1" 404 - "https://www.sgmassage.in/?shopdetail/1930736.html" "Mozilla/5.0 (Linux; Android 6.0.1; Nexus 5X Build/MMB29P) AppleWebKit/537.36 (KHTML, like Gecko) Chrome/131.0.6778.204 Mobile Safari/537.36 (compatible; Googlebot/2.1; +http://www.google.com/bot.html)"
66.249.66.41 - - [18/Jan/2025:21:11:08 +0530] "GET /assets/vendors/odometer/odometer.min.js HTTP/1.1" 404 - "https://www.sgmassage.in/?shopdetail/1930736.html" "Mozilla/5.0 (Linux; Android 6.0.1; Nexus 5X Build/MMB29P) AppleWebKit/537.36 (KHTML, like Gecko) Chrome/131.0.6778.204 Mobile Safari/537.36 (compatible; Googlebot/2.1; +http://www.google.com/bot.html)"
66.249.66.42 - - [18/Jan/2025:21:11:08 +0530] "GET /assets/js/mellis.js HTTP/1.1" 404 - "https://www.sgmassage.in/?shopdetail/1930736.html" "Mozilla/5.0 (Linux; Android 6.0.1; Nexus 5X Build/MMB29P) AppleWebKit/537.36 (KHTML, like Gecko) Chrome/131.0.6778.204 Mobile Safari/537.36 (compatible; Googlebot/2.1; +http://www.google.com/bot.html)"
66.249.66.41 - - [18/Jan/2025:21:11:08 +0530] "GET /assets/vendors/countdown/countdown.min.js HTTP/1.1" 404 - "https://www.sgmassage.in/?shopdetail/1930736.html" "Mozilla/5.0 (Linux; Android 6.0.1; Nexus 5X Build/MMB29P) AppleWebKit/537.36 (KHTML, like Gecko) Chrome/131.0.6778.204 Mobile Safari/537.36 (compatible; Googlebot/2.1; +http://www.google.com/bot.html)"
66.249.66.41 - - [18/Jan/2025:21:11:08 +0530] "GET /assets/vendors/jquery-ajaxchimp/jquery.ajaxchimp.min.js HTTP/1.1" 404 - "https://www.sgmassage.in/?shopdetail/1930736.html" "Mozilla/5.0 (Linux; Android 6.0.1; Nexus 5X Build/MMB29P) AppleWebKit/537.36 (KHTML, like Gecko) Chrome/131.0.6778.204 Mobile Safari/537.36 (compatible; Googlebot/2.1; +http://www.google.com/bot.html)"
66.249.66.41 - - [18/Jan/2025:21:11:08 +0530] "GET /assets/vendors/jquery-circle-progress/jquery.circle-progress.min.js HTTP/1.1" 404 - "https://www.sgmassage.in/?shopdetail/1930736.html" "Mozilla/5.0 (Linux; Android 6.0.1; Nexus 5X Build/MMB29P) AppleWebKit/537.36 (KHTML, like Gecko) Chrome/131.0.6778.204 Mobile Safari/537.36 (compatible; Googlebot/2.1; +http://www.google.com/bot.html)"
66.249.66.42 - - [18/Jan/2025:21:11:08 +0530] "GET /assets/vendors/swiper/swiper.min.js HTTP/1.1" 404 - "https://www.sgmassage.in/?shopdetail/1930736.html" "Mozilla/5.0 (Linux; Android 6.0.1; Nexus 5X Build/MMB29P) AppleWebKit/537.36 (KHTML, like Gecko) Chrome/131.0.6778.204 Mobile Safari/537.36 (compatible; Googlebot/2.1; +http://www.google.com/bot.html)"
66.249.66.42 - - [18/Jan/2025:21:11:09 +0530] "GET /assets/vendors/jquery-ui/jquery-ui.js HTTP/1.1" 404 - "https://www.sgmassage.in/?shopdetail/1930736.html" "Mozilla/5.0 (Linux; Android 6.0.1; Nexus 5X Build/MMB29P) AppleWebKit/537.36 (KHTML, like Gecko) Chrome/131.0.6778.204 Mobile Safari/537.36 (compatible; Googlebot/2.1; +http://www.google.com/bot.html)"
4.227.36.71 - - [18/Jan/2025:21:11:09 +0530] "GET /keywords=CRONOS%20THIGH%20SWITCH%20SWEATS%20LONGPANTS/ HTTP/1.1" 404 - "-" "Mozilla/5.0 AppleWebKit/537.36 (KHTML, like Gecko; compatible; GPTBot/1.2; +https://openai.com/gptbot)"
66.249.66.42 - - [18/Jan/2025:21:11:09 +0530] "GET /assets/vendors/sidebar-content/jquery-sidebar-content.js HTTP/1.1" 404 - "https://www.sgmassage.in/?shopdetail/1930736.html" "Mozilla/5.0 (Linux; Android 6.0.1; Nexus 5X Build/MMB29P) AppleWebKit/537.36 (KHTML, like Gecko) Chrome/131.0.6778.204 Mobile Safari/537.36 (compatible; Googlebot/2.1; +http://www.google.com/bot.html)"
66.249.66.42 - - [18/Jan/2025:21:11:09 +0530] "GET /assets/vendors/twenty-twenty/jquery.event.move.js HTTP/1.1" 404 - "https://www.sgmassage.in/?shopdetail/1930736.html" "Mozilla/5.0 (Linux; Android 6.0.1; Nexus 5X Build/MMB29P) AppleWebKit/537.36 (KHTML, like Gecko) Chrome/131.0.6778.204 Mobile Safari/537.36 (compatible; Googlebot/2.1; +http://www.google.com/bot.html)"
66.249.66.41 - - [18/Jan/2025:21:11:09 +0530] "GET /assets/vendors/nouislider/nouislider.min.js HTTP/1.1" 404 - "https://www.sgmassage.in/?shopdetail/1930736.html" "Mozilla/5.0 (Linux; Android 6.0.1; Nexus 5X Build/MMB29P) AppleWebKit/537.36 (KHTML, like Gecko) Chrome/131.0.6778.204 Mobile Safari/537.36 (compatible; Googlebot/2.1; +http://www.google.com/bot.html)"
66.249.66.41 - - [18/Jan/2025:21:11:09 +0530] "GET /assets/vendors/circleType/jquery.circleType.js HTTP/1.1" 404 - "https://www.sgmassage.in/?shopdetail/1930736.html" "Mozilla/5.0 (Linux; Android 6.0.1; Nexus 5X Build/MMB29P) AppleWebKit/537.36 (KHTML, like Gecko) Chrome/131.0.6778.204 Mobile Safari/537.36 (compatible; Googlebot/2.1; +http://www.google.com/bot.html)"
66.249.66.42 - - [18/Jan/2025:21:11:09 +0530] "GET /assets/vendors/vegas/vegas.min.js HTTP/1.1" 404 - "https://www.sgmassage.in/?shopdetail/1930736.html" "Mozilla/5.0 (Linux; Android 6.0.1; Nexus 5X Build/MMB29P) AppleWebKit/537.36 (KHTML, like Gecko) Chrome/131.0.6778.204 Mobile Safari/537.36 (compatible; Googlebot/2.1; +http://www.google.com/bot.html)"
4.227.36.71 - - [18/Jan/2025:21:11:12 +0530] "GET /keywords=PLAY%20HAIR%20PRODUCTS%20AMPPOUL%20TREATMENT/ HTTP/1.1" 404 - "-" "Mozilla/5.0 AppleWebKit/537.36 (KHTML, like Gecko; compatible; GPTBot/1.2; +https://openai.com/gptbot)"
4.227.36.71 - - [18/Jan/2025:21:11:14 +0530] "GET /keywords=Vengeance%20ddr5%2032gb%20x2(64gb)%206000mhz/ HTTP/1.1" 404 - "-" "Mozilla/5.0 AppleWebKit/537.36 (KHTML, like Gecko; compatible; GPTBot/1.2; +https://openai.com/gptbot)"
4.227.36.71 - - [18/Jan/2025:21:11:18 +0530] "GET /keywords=LOOK%20765%20%20OPTIMUM%20%20ULTEGRA%202020/ HTTP/1.1" 404 - "-" "Mozilla/5.0 AppleWebKit/537.36 (KHTML, like Gecko; compatible; GPTBot/1.2; +https://openai.com/gptbot)"
4.227.36.71 - - [18/Jan/2025:21:11:20 +0530] "GET /keywords=Jack%20Wolfskin%20STRATOSPHERE%2060%20WOMEN/ HTTP/1.1" 404 - "-" "Mozilla/5.0 AppleWebKit/537.36 (KHTML, like Gecko; compatible; GPTBot/1.2; +https://openai.com/gptbot)"
66.249.66.37 - - [18/Jan/2025:21:11:22 +0530] "GET /?shopdetail/23590258.html HTTP/1.1" 200 57770 "-" "Mozilla/5.0 (Linux; Android 6.0.1; Nexus 5X Build/MMB29P) AppleWebKit/537.36 (KHTML, like Gecko) Chrome/132.0.6834.83 Mobile Safari/537.36 (compatible; Googlebot/2.1; +http://www.google.com/bot.html)"
4.227.36.71 - - [18/Jan/2025:21:11:24 +0530] "GET /keywords=LEGO%20%E3%81%84%E3%82%8D%E3%81%84%E3%82%8D/ HTTP/1.1" 404 - "-" "Mozilla/5.0 AppleWebKit/537.36 (KHTML, like Gecko; compatible; GPTBot/1.2; +https://openai.com/gptbot)"
4.227.36.71 - - [18/Jan/2025:21:11:27 +0530] "GET /keywords=NIKE%20AIR%20JORDAN11%20RETRO%20LOW%20IE%20/ HTTP/1.1" 404 - "-" "Mozilla/5.0 AppleWebKit/537.36 (KHTML, like Gecko; compatible; GPTBot/1.2; +https://openai.com/gptbot)"
4.227.36.71 - - [18/Jan/2025:21:11:29 +0530] "GET /keywords=%E3%80%8C%E8%BF%B7%E5%AE%AE%E3%80%8D%20Vol.1 HTTP/1.1" 404 - "-" "Mozilla/5.0 AppleWebKit/537.36 (KHTML, like Gecko; compatible; GPTBot/1.2; +https://openai.com/gptbot)"
107.148.90.103 - - [18/Jan/2025:21:11:32 +0530] "GET /wp-includes/wp-configs.php HTTP/1.1" 404 - "https://sgmassage.in/wp-includes/wp-configs.php" "Mozilla/5.0 (Windows NT 10.0; Win64; x64) AppleWebKit/537.36 (KHTML, like Gecko) Chrome/58.0.3029.110 Safari/537.3"
4.227.36.71 - - [18/Jan/2025:21:11:33 +0530] "GET /keywords=PlayStation4%20CUH-2200A%20500GB%20JetBlack/ HTTP/1.1" 404 - "-" "Mozilla/5.0 AppleWebKit/537.36 (KHTML, like Gecko; compatible; GPTBot/1.2; +https://openai.com/gptbot)"
107.148.90.103 - - [18/Jan/2025:21:11:33 +0530] "GET / HTTP/1.1" 200 57770 "https://sgmassage.in" "Mozilla/5.0 (Windows NT 10.0; Win64; x64) AppleWebKit/537.36 (KHTML, like Gecko) Chrome/58.0.3029.110 Safari/537.3"
4.227.36.71 - - [18/Jan/2025:21:11:35 +0530] "GET /keywords=CRANK%20%20%20CANCAN%20FRILL%20MINI%20SKIRT/ HTTP/1.1" 404 - "-" "Mozilla/5.0 AppleWebKit/537.36 (KHTML, like Gecko; compatible; GPTBot/1.2; +https://openai.com/gptbot)"
4.227.36.71 - - [18/Jan/2025:21:11:38 +0530] "GET /keywords=mugi%E6%A7%98%20%E3%83%9A%E3%83%BC%E3%82%B8/ HTTP/1.1" 404 - "-" "Mozilla/5.0 AppleWebKit/537.36 (KHTML, like Gecko; compatible; GPTBot/1.2; +https://openai.com/gptbot)"
4.227.36.71 - - [18/Jan/2025:21:11:41 +0530] "GET /keywords=roku%20%E3%82%AD%E3%83%A3%E3%83%83%E3%83%97/ HTTP/1.1" 404 - "-" "Mozilla/5.0 AppleWebKit/537.36 (KHTML, like Gecko; compatible; GPTBot/1.2; +https://openai.com/gptbot)"
4.227.36.71 - - [18/Jan/2025:21:11:45 +0530] "GET /keywords=HUMAN%20MADE%20Graphic%20L%2FS%20T-Shirt%20/ HTTP/1.1" 404 - "-" "Mozilla/5.0 AppleWebKit/537.36 (KHTML, like Gecko; compatible; GPTBot/1.2; +https://openai.com/gptbot)"
4.227.36.71 - - [18/Jan/2025:21:11:47 +0530] "GET /keywords=99ss%20PRADAsports%20TECHshoes%20dressshoes/ HTTP/1.1" 404 - "-" "Mozilla/5.0 AppleWebKit/537.36 (KHTML, like Gecko; compatible; GPTBot/1.2; +https://openai.com/gptbot)"
4.227.36.71 - - [18/Jan/2025:21:11:51 +0530] "GET /keywords=Anker%20633%20Magnetic%20Wireless%20Charger/ HTTP/1.1" 404 - "-" "Mozilla/5.0 AppleWebKit/537.36 (KHTML, like Gecko; compatible; GPTBot/1.2; +https://openai.com/gptbot)"
4.227.36.71 - - [18/Jan/2025:21:11:53 +0530] "GET /keywords=Thinkpad%20L380%20i5%208gb%20256gb%20FULLHD/ HTTP/1.1" 404 - "-" "Mozilla/5.0 AppleWebKit/537.36 (KHTML, like Gecko; compatible; GPTBot/1.2; +https://openai.com/gptbot)"
4.227.36.71 - - [18/Jan/2025:21:11:56 +0530] "GET /keywords=C2503%20%E3%82%A4%E3%82%A8%E3%83%AD%E3%83%BC/ HTTP/1.1" 404 - "-" "Mozilla/5.0 AppleWebKit/537.36 (KHTML, like Gecko; compatible; GPTBot/1.2; +https://openai.com/gptbot)"
4.227.36.71 - - [18/Jan/2025:21:12:00 +0530] "GET /keywords=Glo%20Gang%20Particle%20Accelerator%20Beanie/ HTTP/1.1" 404 - "-" "Mozilla/5.0 AppleWebKit/537.36 (KHTML, like Gecko; compatible; GPTBot/1.2; +https://openai.com/gptbot)"
4.227.36.71 - - [18/Jan/2025:21:12:02 +0530] "GET /keywords=DAIWA%20PIER39%20TECH%20PADDING%20MIL%20VEST/ HTTP/1.1" 404 - "-" "Mozilla/5.0 AppleWebKit/537.36 (KHTML, like Gecko; compatible; GPTBot/1.2; +https://openai.com/gptbot)"
4.227.36.71 - - [18/Jan/2025:21:12:06 +0530] "GET /keywords=Galaxy%205G%20Mobile%20Wi-Fi%20SCR01%20White/ HTTP/1.1" 404 - "-" "Mozilla/5.0 AppleWebKit/537.36 (KHTML, like Gecko; compatible; GPTBot/1.2; +https://openai.com/gptbot)"
4.227.36.71 - - [18/Jan/2025:21:12:08 +0530] "GET /keywords=HOKA%20ONE%20ONE%20ANACAPA%20LOW%20GTX%2027.5 HTTP/1.1" 404 - "-" "Mozilla/5.0 AppleWebKit/537.36 (KHTML, like Gecko; compatible; GPTBot/1.2; +https://openai.com/gptbot)"
4.227.36.71 - - [18/Jan/2025:21:12:11 +0530] "GET /keywords=ARMADA%20%E3%83%99%E3%82%B9%E3%83%88%20LARGE/ HTTP/1.1" 404 - "-" "Mozilla/5.0 AppleWebKit/537.36 (KHTML, like Gecko; compatible; GPTBot/1.2; +https://openai.com/gptbot)"
4.227.36.71 - - [18/Jan/2025:21:12:15 +0530] "GET /keywords=24AW%20KAPTAIN%20SUNSHINE%20%20WALKER%20COAT/ HTTP/1.1" 404 - "-" "Mozilla/5.0 AppleWebKit/537.36 (KHTML, like Gecko; compatible; GPTBot/1.2; +https://openai.com/gptbot)"
4.227.36.71 - - [18/Jan/2025:21:12:18 +0530] "GET /keywords=Kingston%20%20CFD%20SSD%20480GB%202%E6%9E%9A/ HTTP/1.1" 404 - "-" "Mozilla/5.0 AppleWebKit/537.36 (KHTML, like Gecko; compatible; GPTBot/1.2; +https://openai.com/gptbot)"
4.227.36.71 - - [18/Jan/2025:21:12:21 +0530] "GET /keywords=COPIC%20%E3%82%B3%E3%83%94%E3%83%83%E3%82%AF/ HTTP/1.1" 404 - "-" "Mozilla/5.0 AppleWebKit/537.36 (KHTML, like Gecko; compatible; GPTBot/1.2; +https://openai.com/gptbot)"
4.227.36.71 - - [18/Jan/2025:21:12:24 +0530] "GET /keywords=Dior%20Sauvage%20Parfum%20%E9%A6%99%E6%B0%B4/ HTTP/1.1" 404 - "-" "Mozilla/5.0 AppleWebKit/537.36 (KHTML, like Gecko; compatible; GPTBot/1.2; +https://openai.com/gptbot)"
4.227.36.71 - - [18/Jan/2025:21:12:26 +0530] "GET /keywords=Stussy%20Built%20Bomber%20Jacket%20Black%20M/ HTTP/1.1" 404 - "-" "Mozilla/5.0 AppleWebKit/537.36 (KHTML, like Gecko; compatible; GPTBot/1.2; +https://openai.com/gptbot)"
4.227.36.71 - - [18/Jan/2025:21:12:29 +0530] "GET /keywords=needles%2023ss%20%E3%82%B7%E3%83%A3%E3%83%84/ HTTP/1.1" 404 - "-" "Mozilla/5.0 AppleWebKit/537.36 (KHTML, like Gecko; compatible; GPTBot/1.2; +https://openai.com/gptbot)"
4.227.36.71 - - [18/Jan/2025:21:12:33 +0530] "GET /keywords=SnowMan%20Rays%20%E8%90%BD%E4%B8%8B%E7%89%A9/ HTTP/1.1" 404 - "-" "Mozilla/5.0 AppleWebKit/537.36 (KHTML, like Gecko; compatible; GPTBot/1.2; +https://openai.com/gptbot)"
4.227.36.71 - - [18/Jan/2025:21:12:35 +0530] "GET /keywords=%E3%83%A9%E3%82%B8%E3%82%AA%20SONY%20ICF-110/ HTTP/1.1" 404 - "-" "Mozilla/5.0 AppleWebKit/537.36 (KHTML, like Gecko; compatible; GPTBot/1.2; +https://openai.com/gptbot)"
4.227.36.71 - - [18/Jan/2025:21:12:38 +0530] "GET /keywords=Scotty%20Cameron%20Cameron%20FUTURA%205%20CB/ HTTP/1.1" 404 - "-" "Mozilla/5.0 AppleWebKit/537.36 (KHTML, like Gecko; compatible; GPTBot/1.2; +https://openai.com/gptbot)"
4.227.36.71 - - [18/Jan/2025:21:12:41 +0530] "GET /keywords=%E3%82%B5%E3%82%A4%E3%83%A9%E3%82%B9%20SILAS/ HTTP/1.1" 404 - "-" "Mozilla/5.0 AppleWebKit/537.36 (KHTML, like Gecko; compatible; GPTBot/1.2; +https://openai.com/gptbot)"
4.227.36.71 - - [18/Jan/2025:21:12:44 +0530] "GET /keywords=TFW49%20%20CARDBOARD%20MATERIAL%20HOODIE%20L/ HTTP/1.1" 404 - "-" "Mozilla/5.0 AppleWebKit/537.36 (KHTML, like Gecko; compatible; GPTBot/1.2; +https://openai.com/gptbot)"
4.227.36.71 - - [18/Jan/2025:21:12:47 +0530] "GET /keywords=%E8%B6%85%E5%90%88%E9%87%91%E9%AD%82%20GX-06/ HTTP/1.1" 404 - "-" "Mozilla/5.0 AppleWebKit/537.36 (KHTML, like Gecko; compatible; GPTBot/1.2; +https://openai.com/gptbot)"
4.227.36.71 - - [18/Jan/2025:21:12:51 +0530] "GET /keywords=loin%20nuit%20plaid%20pattern%20knitcardigan/ HTTP/1.1" 404 - "-" "Mozilla/5.0 AppleWebKit/537.36 (KHTML, like Gecko; compatible; GPTBot/1.2; +https://openai.com/gptbot)"
4.227.36.71 - - [18/Jan/2025:21:12:54 +0530] "GET /keywords=PlayStation5%20Pro%20CFI-7000B01%20%E3%81%AE/ HTTP/1.1" 404 - "-" "Mozilla/5.0 AppleWebKit/537.36 (KHTML, like Gecko; compatible; GPTBot/1.2; +https://openai.com/gptbot)"
4.227.36.71 - - [18/Jan/2025:21:12:56 +0530] "GET /keywords=JULIUS%20TART%20OPTICAL%20AR%2046-22%20Black/ HTTP/1.1" 404 - "-" "Mozilla/5.0 AppleWebKit/537.36 (KHTML, like Gecko; compatible; GPTBot/1.2; +https://openai.com/gptbot)"
4.227.36.71 - - [18/Jan/2025:21:13:00 +0530] "GET /keywords=%E3%80%8E%E3%80%8F%20MacBook%20Pro%2014-inch/ HTTP/1.1" 404 - "-" "Mozilla/5.0 AppleWebKit/537.36 (KHTML, like Gecko; compatible; GPTBot/1.2; +https://openai.com/gptbot)"
4.227.36.71 - - [18/Jan/2025:21:13:02 +0530] "GET /keywords=SUPER%20JUNIOR%20%E3%83%89%E3%83%B3%E3%83%98/ HTTP/1.1" 404 - "-" "Mozilla/5.0 AppleWebKit/537.36 (KHTML, like Gecko; compatible; GPTBot/1.2; +https://openai.com/gptbot)"
4.227.36.71 - - [18/Jan/2025:21:13:05 +0530] "GET /keywords=Palit%20GeForce%20RTX3090%20GamingPro%2024GB/ HTTP/1.1" 404 - "-" "Mozilla/5.0 AppleWebKit/537.36 (KHTML, like Gecko; compatible; GPTBot/1.2; +https://openai.com/gptbot)"
4.227.36.71 - - [18/Jan/2025:21:13:08 +0530] "GET /keywords=CITIZEN%20COLLECTION%20wena%203%20CB0017-71E/ HTTP/1.1" 404 - "-" "Mozilla/5.0 AppleWebKit/537.36 (KHTML, like Gecko; compatible; GPTBot/1.2; +https://openai.com/gptbot)"
4.227.36.71 - - [18/Jan/2025:21:13:11 +0530] "GET /keywords=Supreme%20Animal%20Patchwork%20Twill%20Shirt/ HTTP/1.1" 404 - "-" "Mozilla/5.0 AppleWebKit/537.36 (KHTML, like Gecko; compatible; GPTBot/1.2; +https://openai.com/gptbot)"
4.227.36.71 - - [18/Jan/2025:21:13:14 +0530] "GET /keywords=%E3%82%AA%E3%83%90%E3%82%B8C25NEO%2012ml%20b/ HTTP/1.1" 404 - "-" "Mozilla/5.0 AppleWebKit/537.36 (KHTML, like Gecko; compatible; GPTBot/1.2; +https://openai.com/gptbot)"
4.227.36.71 - - [18/Jan/2025:21:13:18 +0530] "GET /keywords=LEVI%E2%80%99S%20501%20MADE%20IN%20USA%2090s/ HTTP/1.1" 404 - "-" "Mozilla/5.0 AppleWebKit/537.36 (KHTML, like Gecko; compatible; GPTBot/1.2; +https://openai.com/gptbot)"
4.227.36.71 - - [18/Jan/2025:21:13:21 +0530] "GET /keywords=Electro-Harmonix%20SMALL%20CLONE%20EH%204600/ HTTP/1.1" 404 - "-" "Mozilla/5.0 AppleWebKit/537.36 (KHTML, like Gecko; compatible; GPTBot/1.2; +https://openai.com/gptbot)"
4.227.36.71 - - [18/Jan/2025:21:13:24 +0530] "GET /keywords=Xiaomi%20Redmi%2012%205G%204GB%20RAM%20128GB/ HTTP/1.1" 404 - "-" "Mozilla/5.0 AppleWebKit/537.36 (KHTML, like Gecko; compatible; GPTBot/1.2; +https://openai.com/gptbot)"
4.227.36.71 - - [18/Jan/2025:21:13:27 +0530] "GET /keywords=MOTHER%20HOUSE%20%E3%83%90%E3%83%83%E3%82%AF/ HTTP/1.1" 404 - "-" "Mozilla/5.0 AppleWebKit/537.36 (KHTML, like Gecko; compatible; GPTBot/1.2; +https://openai.com/gptbot)"
4.227.36.71 - - [18/Jan/2025:21:13:30 +0530] "GET /keywords=%E3%80%90USED%E3%80%91Nikon%20COOLPIX%20P900/ HTTP/1.1" 404 - "-" "Mozilla/5.0 AppleWebKit/537.36 (KHTML, like Gecko; compatible; GPTBot/1.2; +https://openai.com/gptbot)"
4.227.36.71 - - [18/Jan/2025:21:13:32 +0530] "GET /keywords=sahara%2FHigh%20Neck%20Sheer%20Top%2FBurning/ HTTP/1.1" 404 - "-" "Mozilla/5.0 AppleWebKit/537.36 (KHTML, like Gecko; compatible; GPTBot/1.2; +https://openai.com/gptbot)"
4.227.36.71 - - [18/Jan/2025:21:13:35 +0530] "GET /keywords=AVIREX%20FAIGHT%20JACKET%20W%2FCUSTOM%20VEST/ HTTP/1.1" 404 - "-" "Mozilla/5.0 AppleWebKit/537.36 (KHTML, like Gecko; compatible; GPTBot/1.2; +https://openai.com/gptbot)"
4.227.36.71 - - [18/Jan/2025:21:13:39 +0530] "GET /keywords=Jack%20star%20le%20ox%20white%20navy%2026.5cm HTTP/1.1" 404 - "-" "Mozilla/5.0 AppleWebKit/537.36 (KHTML, like Gecko; compatible; GPTBot/1.2; +https://openai.com/gptbot)"
4.227.36.71 - - [18/Jan/2025:21:13:41 +0530] "GET /keywords=IQOS%20ILUMA%20BRIGHT%20ILUMA%20ONE%20BRIGHT/ HTTP/1.1" 404 - "-" "Mozilla/5.0 AppleWebKit/537.36 (KHTML, like Gecko; compatible; GPTBot/1.2; +https://openai.com/gptbot)"
4.227.36.71 - - [18/Jan/2025:21:13:45 +0530] "GET /keywords=nissy%20%20%E5%86%99%E7%9C%9F%E9%9B%86%20DVD/ HTTP/1.1" 404 - "-" "Mozilla/5.0 AppleWebKit/537.36 (KHTML, like Gecko; compatible; GPTBot/1.2; +https://openai.com/gptbot)"
4.227.36.71 - - [18/Jan/2025:21:13:47 +0530] "GET /keywords=AIR%20JORDAN%206%20RETRO%20SP%20DH0690%20200/ HTTP/1.1" 404 - "-" "Mozilla/5.0 AppleWebKit/537.36 (KHTML, like Gecko; compatible; GPTBot/1.2; +https://openai.com/gptbot)"
4.227.36.71 - - [18/Jan/2025:21:13:50 +0530] "GET /keywords=SanDisk%20Extreme%20Portable%20SDSSDE61-4T00/ HTTP/1.1" 404 - "-" "Mozilla/5.0 AppleWebKit/537.36 (KHTML, like Gecko; compatible; GPTBot/1.2; +https://openai.com/gptbot)"
4.227.36.71 - - [18/Jan/2025:21:13:53 +0530] "GET /keywords=tightbooth%20wavy%20plaid%20jaket%20%20%20XL/ HTTP/1.1" 404 - "-" "Mozilla/5.0 AppleWebKit/537.36 (KHTML, like Gecko; compatible; GPTBot/1.2; +https://openai.com/gptbot)"
4.227.36.71 - - [18/Jan/2025:21:13:57 +0530] "GET /keywords=Apple%20Watch%20Series%205%2040mm%20Aluminum/ HTTP/1.1" 404 - "-" "Mozilla/5.0 AppleWebKit/537.36 (KHTML, like Gecko; compatible; GPTBot/1.2; +https://openai.com/gptbot)"
4.227.36.71 - - [18/Jan/2025:21:13:59 +0530] "GET /keywords=PENTAX%20SMC%20PENTAX-M%2050mm%20F1.4%20SO307 HTTP/1.1" 404 - "-" "Mozilla/5.0 AppleWebKit/537.36 (KHTML, like Gecko; compatible; GPTBot/1.2; +https://openai.com/gptbot)"
4.227.36.71 - - [18/Jan/2025:21:14:03 +0530] "GET /keywords=Hibiki%20Blended%20Japanese%20Whisky%20700ml/ HTTP/1.1" 404 - "-" "Mozilla/5.0 AppleWebKit/537.36 (KHTML, like Gecko; compatible; GPTBot/1.2; +https://openai.com/gptbot)"
4.227.36.71 - - [18/Jan/2025:21:14:06 +0530] "GET /keywords=Nintendo%20Sound%20Clock%20Alarm%20%E8%B5%A4/ HTTP/1.1" 404 - "-" "Mozilla/5.0 AppleWebKit/537.36 (KHTML, like Gecko; compatible; GPTBot/1.2; +https://openai.com/gptbot)"
4.227.36.71 - - [18/Jan/2025:21:14:08 +0530] "GET /keywords=%E4%BB%BB%E5%A4%A9%E5%A0%82%20Switch%20light/ HTTP/1.1" 404 - "-" "Mozilla/5.0 AppleWebKit/537.36 (KHTML, like Gecko; compatible; GPTBot/1.2; +https://openai.com/gptbot)"
4.227.36.71 - - [18/Jan/2025:21:14:12 +0530] "GET /keywords=littlesuzie%20Cross%20Belt%20Balloon%20Dress/ HTTP/1.1" 404 - "-" "Mozilla/5.0 AppleWebKit/537.36 (KHTML, like Gecko; compatible; GPTBot/1.2; +https://openai.com/gptbot)"
4.227.36.71 - - [18/Jan/2025:21:14:14 +0530] "GET /keywords=MADROCK%20DRONE%20VILLAIN%20HV%20US6%2024.0cm HTTP/1.1" 404 - "-" "Mozilla/5.0 AppleWebKit/537.36 (KHTML, like Gecko; compatible; GPTBot/1.2; +https://openai.com/gptbot)"
4.227.36.71 - - [18/Jan/2025:21:14:18 +0530] "GET /keywords=%E7%99%BD%E5%B1%B1%E7%9C%BC%E9%8F%A1%20ABOTT/ HTTP/1.1" 404 - "-" "Mozilla/5.0 AppleWebKit/537.36 (KHTML, like Gecko; compatible; GPTBot/1.2; +https://openai.com/gptbot)"
4.227.36.71 - - [18/Jan/2025:21:14:22 +0530] "GET /keywords=ESTEE%20LAUDER%20Ingenious%20Color%20Palette/ HTTP/1.1" 404 - "-" "Mozilla/5.0 AppleWebKit/537.36 (KHTML, like Gecko; compatible; GPTBot/1.2; +https://openai.com/gptbot)"
4.227.36.71 - - [18/Jan/2025:21:14:24 +0530] "GET /keywords=Apple%20watch%20series5%20%E6%9C%AC%E4%BD%93/ HTTP/1.1" 404 - "-" "Mozilla/5.0 AppleWebKit/537.36 (KHTML, like Gecko; compatible; GPTBot/1.2; +https://openai.com/gptbot)"
4.227.36.71 - - [18/Jan/2025:21:14:26 +0530] "GET /keywords=00s%20helly%20hansen%20puffer%20jacket%20y2k/ HTTP/1.1" 404 - "-" "Mozilla/5.0 AppleWebKit/537.36 (KHTML, like Gecko; compatible; GPTBot/1.2; +https://openai.com/gptbot)"
4.227.36.71 - - [18/Jan/2025:21:14:30 +0530] "GET /keywords=Suiso%20Bilim%20Premium%20%EF%BC%93%E8%A2%8B/ HTTP/1.1" 404 - "-" "Mozilla/5.0 AppleWebKit/537.36 (KHTML, like Gecko; compatible; GPTBot/1.2; +https://openai.com/gptbot)"
4.227.36.71 - - [18/Jan/2025:21:14:32 +0530] "GET /keywords=First%20night%20t%E3%82%B7%E3%83%A3%E3%83%84/ HTTP/1.1" 404 - "-" "Mozilla/5.0 AppleWebKit/537.36 (KHTML, like Gecko; compatible; GPTBot/1.2; +https://openai.com/gptbot)"
4.227.36.71 - - [18/Jan/2025:21:14:35 +0530] "GET /keywords=MacBookPro2021%20M1Pro10core16core%201TB16GB/ HTTP/1.1" 404 - "-" "Mozilla/5.0 AppleWebKit/537.36 (KHTML, like Gecko; compatible; GPTBot/1.2; +https://openai.com/gptbot)"
4.227.36.71 - - [18/Jan/2025:21:14:38 +0530] "GET /keywords=Ancellm%20WINDOWPANE%20LONG%20LENGTH%20PANTS/ HTTP/1.1" 404 - "-" "Mozilla/5.0 AppleWebKit/537.36 (KHTML, like Gecko; compatible; GPTBot/1.2; +https://openai.com/gptbot)"
4.227.36.71 - - [18/Jan/2025:21:14:41 +0530] "GET /keywords=.%20Made%20with%20STRASS(SWAROVSKI%20CRYSTAL) HTTP/1.1" 404 - "-" "Mozilla/5.0 AppleWebKit/537.36 (KHTML, like Gecko; compatible; GPTBot/1.2; +https://openai.com/gptbot)"
4.227.36.71 - - [18/Jan/2025:21:14:45 +0530] "GET /keywords=Hi-Fiun%21corn%20%E3%82%AE%E3%83%A6%E3%83%B3/ HTTP/1.1" 404 - "-" "Mozilla/5.0 AppleWebKit/537.36 (KHTML, like Gecko; compatible; GPTBot/1.2; +https://openai.com/gptbot)"
4.227.36.71 - - [18/Jan/2025:21:14:48 +0530] "GET /keywords=BE:the%20ONE%20-PREMIUM%20EDITION-%20Blu-ray/ HTTP/1.1" 404 - "-" "Mozilla/5.0 AppleWebKit/537.36 (KHTML, like Gecko; compatible; GPTBot/1.2; +https://openai.com/gptbot)"
4.227.36.71 - - [18/Jan/2025:21:14:50 +0530] "GET /keywords=BE@RBRICK%20TMT%20YOURS%2020th%20ANNIVERSARY/ HTTP/1.1" 404 - "-" "Mozilla/5.0 AppleWebKit/537.36 (KHTML, like Gecko; compatible; GPTBot/1.2; +https://openai.com/gptbot)"
