66.249.66.41 - - [18/Jan/2025:15:25:43 +0530] "GET /assets/vendors/jquery-ui/jquery-ui.js HTTP/1.1" 404 - "https://www.sgmassage.in/?shopdetail/17704325.html" "Mozilla/5.0 (Linux; Android 6.0.1; Nexus 5X Build/MMB29P) AppleWebKit/537.36 (KHTML, like Gecko) Chrome/131.0.6778.204 Mobile Safari/537.36 (compatible; Googlebot/2.1; +http://www.google.com/bot.html)"
66.249.66.41 - - [18/Jan/2025:15:25:43 +0530] "GET /assets/vendors/jquery-appear/jquery.appear.min.js HTTP/1.1" 404 - "https://www.sgmassage.in/?shopdetail/17704325.html" "Mozilla/5.0 (Linux; Android 6.0.1; Nexus 5X Build/MMB29P) AppleWebKit/537.36 (KHTML, like Gecko) Chrome/131.0.6778.204 Mobile Safari/537.36 (compatible; Googlebot/2.1; +http://www.google.com/bot.html)"
66.249.66.41 - - [18/Jan/2025:15:25:43 +0530] "GET /assets/vendors/jquery-validate/jquery.validate.min.js HTTP/1.1" 404 - "https://www.sgmassage.in/?shopdetail/17704325.html" "Mozilla/5.0 (Linux; Android 6.0.1; Nexus 5X Build/MMB29P) AppleWebKit/537.36 (KHTML, like Gecko) Chrome/131.0.6778.204 Mobile Safari/537.36 (compatible; Googlebot/2.1; +http://www.google.com/bot.html)"
66.249.66.41 - - [18/Jan/2025:15:25:43 +0530] "GET /assets/vendors/jquery/jquery-3.6.0.min.js HTTP/1.1" 404 - "https://www.sgmassage.in/?shopdetail/17704325.html" "Mozilla/5.0 (Linux; Android 6.0.1; Nexus 5X Build/MMB29P) AppleWebKit/537.36 (KHTML, like Gecko) Chrome/131.0.6778.204 Mobile Safari/537.36 (compatible; Googlebot/2.1; +http://www.google.com/bot.html)"
66.249.66.41 - - [18/Jan/2025:15:25:43 +0530] "GET /assets/vendors/bootstrap/js/bootstrap.bundle.min.js HTTP/1.1" 404 - "https://www.sgmassage.in/?shopdetail/17704325.html" "Mozilla/5.0 (Linux; Android 6.0.1; Nexus 5X Build/MMB29P) AppleWebKit/537.36 (KHTML, like Gecko) Chrome/131.0.6778.204 Mobile Safari/537.36 (compatible; Googlebot/2.1; +http://www.google.com/bot.html)"
66.249.66.41 - - [18/Jan/2025:15:25:43 +0530] "GET /assets/vendors/wnumb/wNumb.min.js HTTP/1.1" 404 - "https://www.sgmassage.in/?shopdetail/17704325.html" "Mozilla/5.0 (Linux; Android 6.0.1; Nexus 5X Build/MMB29P) AppleWebKit/537.36 (KHTML, like Gecko) Chrome/131.0.6778.204 Mobile Safari/537.36 (compatible; Googlebot/2.1; +http://www.google.com/bot.html)"
66.249.66.41 - - [18/Jan/2025:15:25:44 +0530] "GET /assets/vendors/bootstrap-select/js/bootstrap-select.min.js HTTP/1.1" 404 - "https://www.sgmassage.in/?shopdetail/17704325.html" "Mozilla/5.0 (Linux; Android 6.0.1; Nexus 5X Build/MMB29P) AppleWebKit/537.36 (KHTML, like Gecko) Chrome/131.0.6778.204 Mobile Safari/537.36 (compatible; Googlebot/2.1; +http://www.google.com/bot.html)"
66.249.66.41 - - [18/Jan/2025:15:25:44 +0530] "GET /assets/js/mellis.js HTTP/1.1" 404 - "https://www.sgmassage.in/?shopdetail/17704325.html" "Mozilla/5.0 (Linux; Android 6.0.1; Nexus 5X Build/MMB29P) AppleWebKit/537.36 (KHTML, like Gecko) Chrome/131.0.6778.204 Mobile Safari/537.36 (compatible; Googlebot/2.1; +http://www.google.com/bot.html)"
66.249.66.41 - - [18/Jan/2025:15:25:44 +0530] "GET /assets/vendors/jquery-ajaxchimp/jquery.ajaxchimp.min.js HTTP/1.1" 404 - "https://www.sgmassage.in/?shopdetail/17704325.html" "Mozilla/5.0 (Linux; Android 6.0.1; Nexus 5X Build/MMB29P) AppleWebKit/537.36 (KHTML, like Gecko) Chrome/131.0.6778.204 Mobile Safari/537.36 (compatible; Googlebot/2.1; +http://www.google.com/bot.html)"
66.249.66.41 - - [18/Jan/2025:15:25:44 +0530] "GET /assets/vendors/isotope/isotope.js HTTP/1.1" 404 - "https://www.sgmassage.in/?shopdetail/17704325.html" "Mozilla/5.0 (Linux; Android 6.0.1; Nexus 5X Build/MMB29P) AppleWebKit/537.36 (KHTML, like Gecko) Chrome/131.0.6778.204 Mobile Safari/537.36 (compatible; Googlebot/2.1; +http://www.google.com/bot.html)"
66.249.66.41 - - [18/Jan/2025:15:25:44 +0530] "GET /assets/vendors/circleType/jquery.lettering.min.js HTTP/1.1" 404 - "https://www.sgmassage.in/?shopdetail/17704325.html" "Mozilla/5.0 (Linux; Android 6.0.1; Nexus 5X Build/MMB29P) AppleWebKit/537.36 (KHTML, like Gecko) Chrome/131.0.6778.204 Mobile Safari/537.36 (compatible; Googlebot/2.1; +http://www.google.com/bot.html)"
66.249.66.41 - - [18/Jan/2025:15:25:44 +0530] "GET /assets/vendors/vegas/vegas.min.js HTTP/1.1" 404 - "https://www.sgmassage.in/?shopdetail/17704325.html" "Mozilla/5.0 (Linux; Android 6.0.1; Nexus 5X Build/MMB29P) AppleWebKit/537.36 (KHTML, like Gecko) Chrome/131.0.6778.204 Mobile Safari/537.36 (compatible; Googlebot/2.1; +http://www.google.com/bot.html)"
4.227.36.71 - - [18/Jan/2025:15:25:45 +0530] "GET /keywords=JORDAN%20XXL%E3%82%B5%E3%82%A4%E3%82%BA/ HTTP/1.1" 404 - "-" "Mozilla/5.0 AppleWebKit/537.36 (KHTML, like Gecko; compatible; GPTBot/1.2; +https://openai.com/gptbot)"
66.249.66.41 - - [18/Jan/2025:15:25:46 +0530] "GET /?shopdetail/19829469.html HTTP/1.1" 200 57770 "-" "Mozilla/5.0 (Linux; Android 6.0.1; Nexus 5X Build/MMB29P) AppleWebKit/537.36 (KHTML, like Gecko) Chrome/132.0.6834.83 Mobile Safari/537.36 (compatible; Googlebot/2.1; +http://www.google.com/bot.html)"
66.249.66.41 - - [18/Jan/2025:15:25:46 +0530] "GET /assets/vendors/jquery-appear/jquery.appear.min.js HTTP/1.1" 404 - "https://www.sgmassage.in/?shopdetail/18309469.html" "Mozilla/5.0 (Linux; Android 6.0.1; Nexus 5X Build/MMB29P) AppleWebKit/537.36 (KHTML, like Gecko) Chrome/131.0.6778.204 Mobile Safari/537.36 (compatible; Googlebot/2.1; +http://www.google.com/bot.html)"
66.249.66.41 - - [18/Jan/2025:15:25:46 +0530] "GET /assets/vendors/jquery/jquery-3.6.0.min.js HTTP/1.1" 404 - "https://www.sgmassage.in/?shopdetail/18309469.html" "Mozilla/5.0 (Linux; Android 6.0.1; Nexus 5X Build/MMB29P) AppleWebKit/537.36 (KHTML, like Gecko) Chrome/131.0.6778.204 Mobile Safari/537.36 (compatible; Googlebot/2.1; +http://www.google.com/bot.html)"
66.249.66.41 - - [18/Jan/2025:15:25:46 +0530] "GET /assets/vendors/nouislider/nouislider.min.js HTTP/1.1" 404 - "https://www.sgmassage.in/?shopdetail/18309469.html" "Mozilla/5.0 (Linux; Android 6.0.1; Nexus 5X Build/MMB29P) AppleWebKit/537.36 (KHTML, like Gecko) Chrome/131.0.6778.204 Mobile Safari/537.36 (compatible; Googlebot/2.1; +http://www.google.com/bot.html)"
66.249.66.41 - - [18/Jan/2025:15:25:46 +0530] "GET /assets/vendors/twenty-twenty/twentytwenty.js HTTP/1.1" 404 - "https://www.sgmassage.in/?shopdetail/18309469.html" "Mozilla/5.0 (Linux; Android 6.0.1; Nexus 5X Build/MMB29P) AppleWebKit/537.36 (KHTML, like Gecko) Chrome/131.0.6778.204 Mobile Safari/537.36 (compatible; Googlebot/2.1; +http://www.google.com/bot.html)"
66.249.66.41 - - [18/Jan/2025:15:25:46 +0530] "GET /assets/vendors/jarallax/jarallax.min.js HTTP/1.1" 404 - "https://www.sgmassage.in/?shopdetail/18309469.html" "Mozilla/5.0 (Linux; Android 6.0.1; Nexus 5X Build/MMB29P) AppleWebKit/537.36 (KHTML, like Gecko) Chrome/131.0.6778.204 Mobile Safari/537.36 (compatible; Googlebot/2.1; +http://www.google.com/bot.html)"
66.249.66.41 - - [18/Jan/2025:15:25:47 +0530] "GET /assets/vendors/jquery-ui/jquery-ui.js HTTP/1.1" 404 - "https://www.sgmassage.in/?shopdetail/18309469.html" "Mozilla/5.0 (Linux; Android 6.0.1; Nexus 5X Build/MMB29P) AppleWebKit/537.36 (KHTML, like Gecko) Chrome/131.0.6778.204 Mobile Safari/537.36 (compatible; Googlebot/2.1; +http://www.google.com/bot.html)"
66.249.66.41 - - [18/Jan/2025:15:25:47 +0530] "GET /assets/vendors/owl-carousel/owl.carousel.min.js HTTP/1.1" 404 - "https://www.sgmassage.in/?shopdetail/18309469.html" "Mozilla/5.0 (Linux; Android 6.0.1; Nexus 5X Build/MMB29P) AppleWebKit/537.36 (KHTML, like Gecko) Chrome/131.0.6778.204 Mobile Safari/537.36 (compatible; Googlebot/2.1; +http://www.google.com/bot.html)"
66.249.66.41 - - [18/Jan/2025:15:25:47 +0530] "GET /assets/vendors/timepicker/timePicker.js HTTP/1.1" 404 - "https://www.sgmassage.in/?shopdetail/18309469.html" "Mozilla/5.0 (Linux; Android 6.0.1; Nexus 5X Build/MMB29P) AppleWebKit/537.36 (KHTML, like Gecko) Chrome/131.0.6778.204 Mobile Safari/537.36 (compatible; Googlebot/2.1; +http://www.google.com/bot.html)"
107.148.95.76 - - [18/Jan/2025:15:25:47 +0530] "GET /wp-includes/wp-configs.php HTTP/1.1" 404 - "https://sgmassage.in/wp-includes/wp-configs.php" "Mozilla/5.0 (Windows NT 10.0; Win64; x64) AppleWebKit/537.36 (KHTML, like Gecko) Chrome/58.0.3029.110 Safari/537.3"
66.249.66.41 - - [18/Jan/2025:15:25:47 +0530] "GET /assets/vendors/wnumb/wNumb.min.js HTTP/1.1" 404 - "https://www.sgmassage.in/?shopdetail/18309469.html" "Mozilla/5.0 (Linux; Android 6.0.1; Nexus 5X Build/MMB29P) AppleWebKit/537.36 (KHTML, like Gecko) Chrome/131.0.6778.204 Mobile Safari/537.36 (compatible; Googlebot/2.1; +http://www.google.com/bot.html)"
66.249.66.41 - - [18/Jan/2025:15:25:47 +0530] "GET /?shopdetail/775970.html HTTP/1.1" 200 57770 "-" "Mozilla/5.0 (Linux; Android 6.0.1; Nexus 5X Build/MMB29P) AppleWebKit/537.36 (KHTML, like Gecko) Chrome/132.0.6834.83 Mobile Safari/537.36 (compatible; Googlebot/2.1; +http://www.google.com/bot.html)"
66.249.66.41 - - [18/Jan/2025:15:25:47 +0530] "GET /assets/vendors/circleType/jquery.circleType.js HTTP/1.1" 404 - "https://www.sgmassage.in/?shopdetail/18309469.html" "Mozilla/5.0 (Linux; Android 6.0.1; Nexus 5X Build/MMB29P) AppleWebKit/537.36 (KHTML, like Gecko) Chrome/131.0.6778.204 Mobile Safari/537.36 (compatible; Googlebot/2.1; +http://www.google.com/bot.html)"
66.249.66.41 - - [18/Jan/2025:15:25:47 +0530] "GET /assets/vendors/bootstrap/js/bootstrap.bundle.min.js HTTP/1.1" 404 - "https://www.sgmassage.in/?shopdetail/18309469.html" "Mozilla/5.0 (Linux; Android 6.0.1; Nexus 5X Build/MMB29P) AppleWebKit/537.36 (KHTML, like Gecko) Chrome/131.0.6778.204 Mobile Safari/537.36 (compatible; Googlebot/2.1; +http://www.google.com/bot.html)"
66.249.66.41 - - [18/Jan/2025:15:25:47 +0530] "GET /?shopdetail/22975770.html HTTP/1.1" 200 57770 "-" "Mozilla/5.0 (Linux; Android 6.0.1; Nexus 5X Build/MMB29P) AppleWebKit/537.36 (KHTML, like Gecko) Chrome/132.0.6834.83 Mobile Safari/537.36 (compatible; Googlebot/2.1; +http://www.google.com/bot.html)"
66.249.66.41 - - [18/Jan/2025:15:25:48 +0530] "GET /?shopdetail/29178058.html HTTP/1.1" 200 57770 "-" "Mozilla/5.0 (Linux; Android 6.0.1; Nexus 5X Build/MMB29P) AppleWebKit/537.36 (KHTML, like Gecko) Chrome/132.0.6834.83 Mobile Safari/537.36 (compatible; Googlebot/2.1; +http://www.google.com/bot.html)"
107.148.95.76 - - [18/Jan/2025:15:25:48 +0530] "GET / HTTP/1.1" 200 57770 "https://sgmassage.in" "Mozilla/5.0 (Windows NT 10.0; Win64; x64) AppleWebKit/537.36 (KHTML, like Gecko) Chrome/58.0.3029.110 Safari/537.3"
4.227.36.71 - - [18/Jan/2025:15:25:48 +0530] "GET /keywords=Celine3%E6%9E%9A%20%E8%A8%8811%E6%9E%9A/ HTTP/1.1" 404 - "-" "Mozilla/5.0 AppleWebKit/537.36 (KHTML, like Gecko; compatible; GPTBot/1.2; +https://openai.com/gptbot)"
66.249.66.41 - - [18/Jan/2025:15:25:48 +0530] "GET /assets/vendors/vegas/vegas.min.js HTTP/1.1" 404 - "https://www.sgmassage.in/?shopdetail/18309469.html" "Mozilla/5.0 (Linux; Android 6.0.1; Nexus 5X Build/MMB29P) AppleWebKit/537.36 (KHTML, like Gecko) Chrome/131.0.6778.204 Mobile Safari/537.36 (compatible; Googlebot/2.1; +http://www.google.com/bot.html)"
66.249.66.41 - - [18/Jan/2025:15:25:49 +0530] "GET /?shopdetail/14660247.html HTTP/1.1" 200 57770 "-" "Mozilla/5.0 (Linux; Android 6.0.1; Nexus 5X Build/MMB29P) AppleWebKit/537.36 (KHTML, like Gecko) Chrome/132.0.6834.83 Mobile Safari/537.36 (compatible; Googlebot/2.1; +http://www.google.com/bot.html)"
4.227.36.71 - - [18/Jan/2025:15:25:51 +0530] "GET /keywords=hasselblad%20distagon%2050mm%20f4%20FLE/ HTTP/1.1" 404 - "-" "Mozilla/5.0 AppleWebKit/537.36 (KHTML, like Gecko; compatible; GPTBot/1.2; +https://openai.com/gptbot)"
4.227.36.71 - - [18/Jan/2025:15:25:54 +0530] "GET /keywords=BJFE%20Aqua%20Marine%20Wonder%20Machine/ HTTP/1.1" 404 - "-" "Mozilla/5.0 AppleWebKit/537.36 (KHTML, like Gecko; compatible; GPTBot/1.2; +https://openai.com/gptbot)"
4.227.36.71 - - [18/Jan/2025:15:25:56 +0530] "GET /keywords=22%E3%82%B9%E3%83%86%E3%83%A9c%205000xg/ HTTP/1.1" 404 - "-" "Mozilla/5.0 AppleWebKit/537.36 (KHTML, like Gecko; compatible; GPTBot/1.2; +https://openai.com/gptbot)"
4.227.36.71 - - [18/Jan/2025:15:26:00 +0530] "GET /keywords=Apple%20iPhone%2013%20%E9%9D%92%20128GB/ HTTP/1.1" 404 - "-" "Mozilla/5.0 AppleWebKit/537.36 (KHTML, like Gecko; compatible; GPTBot/1.2; +https://openai.com/gptbot)"
4.227.36.71 - - [18/Jan/2025:15:26:03 +0530] "GET /keywords=AN5%20bootscut%20folded%20pants%20BLACK/ HTTP/1.1" 404 - "-" "Mozilla/5.0 AppleWebKit/537.36 (KHTML, like Gecko; compatible; GPTBot/1.2; +https://openai.com/gptbot)"
4.227.36.71 - - [18/Jan/2025:15:26:05 +0530] "GET /keywords=arrows%20NX9%20F-52A%20docomo5g%20128GB/ HTTP/1.1" 404 - "-" "Mozilla/5.0 AppleWebKit/537.36 (KHTML, like Gecko; compatible; GPTBot/1.2; +https://openai.com/gptbot)"
4.227.36.71 - - [18/Jan/2025:15:26:09 +0530] "GET /keywords=SWAROVSKI%20CHRISTMAS%20ORNAMENT%202011/ HTTP/1.1" 404 - "-" "Mozilla/5.0 AppleWebKit/537.36 (KHTML, like Gecko; compatible; GPTBot/1.2; +https://openai.com/gptbot)"
4.227.36.71 - - [18/Jan/2025:15:26:12 +0530] "GET /keywords=NEW%20NOTES%20CARAMELO%20VANILLA%2050ml/ HTTP/1.1" 404 - "-" "Mozilla/5.0 AppleWebKit/537.36 (KHTML, like Gecko; compatible; GPTBot/1.2; +https://openai.com/gptbot)"
4.227.36.71 - - [18/Jan/2025:15:26:15 +0530] "GET /keywords=CableMod%20Basics%20RT-Series%2012VHPWR/ HTTP/1.1" 404 - "-" "Mozilla/5.0 AppleWebKit/537.36 (KHTML, like Gecko; compatible; GPTBot/1.2; +https://openai.com/gptbot)"
4.227.36.71 - - [18/Jan/2025:15:26:18 +0530] "GET /keywords=%E3%80%90BRKENSTOCK%E3%80%91LINDON%20BS/ HTTP/1.1" 404 - "-" "Mozilla/5.0 AppleWebKit/537.36 (KHTML, like Gecko; compatible; GPTBot/1.2; +https://openai.com/gptbot)"
66.249.66.41 - - [18/Jan/2025:15:26:20 +0530] "GET /?shopdetail/14207970.html HTTP/1.1" 200 57770 "-" "Mozilla/5.0 (Linux; Android 6.0.1; Nexus 5X Build/MMB29P) AppleWebKit/537.36 (KHTML, like Gecko) Chrome/132.0.6834.83 Mobile Safari/537.36 (compatible; Googlebot/2.1; +http://www.google.com/bot.html)"
4.227.36.71 - - [18/Jan/2025:15:26:20 +0530] "GET /keywords=SPECIALIZED%20S-WORKS%206%20Lace%2027cm/ HTTP/1.1" 404 - "-" "Mozilla/5.0 AppleWebKit/537.36 (KHTML, like Gecko; compatible; GPTBot/1.2; +https://openai.com/gptbot)"
4.227.36.71 - - [18/Jan/2025:15:26:24 +0530] "GET /keywords=NikeAirJordan%201%20Retro%20Low%20OG%20/ HTTP/1.1" 404 - "-" "Mozilla/5.0 AppleWebKit/537.36 (KHTML, like Gecko; compatible; GPTBot/1.2; +https://openai.com/gptbot)"
4.227.36.71 - - [18/Jan/2025:15:26:26 +0530] "GET /keywords=WILDTHINGS%20INNER%20PRIMALOFT%20JACKET/ HTTP/1.1" 404 - "-" "Mozilla/5.0 AppleWebKit/537.36 (KHTML, like Gecko; compatible; GPTBot/1.2; +https://openai.com/gptbot)"
4.227.36.71 - - [18/Jan/2025:15:26:29 +0530] "GET /keywords=ROSSIGNOL%20DEMO%20ALPHA%20SOFT%20167cm/ HTTP/1.1" 404 - "-" "Mozilla/5.0 AppleWebKit/537.36 (KHTML, like Gecko; compatible; GPTBot/1.2; +https://openai.com/gptbot)"
4.227.36.71 - - [18/Jan/2025:15:26:33 +0530] "GET /keywords=RM%20GANG%20%E3%83%91%E3%83%B3%E3%83%84/ HTTP/1.1" 404 - "-" "Mozilla/5.0 AppleWebKit/537.36 (KHTML, like Gecko; compatible; GPTBot/1.2; +https://openai.com/gptbot)"
4.227.36.71 - - [18/Jan/2025:15:26:35 +0530] "GET /keywords=GR10K%20GORE-TEX%20Windstopper%20Jacket/ HTTP/1.1" 404 - "-" "Mozilla/5.0 AppleWebKit/537.36 (KHTML, like Gecko; compatible; GPTBot/1.2; +https://openai.com/gptbot)"
4.227.36.71 - - [18/Jan/2025:15:26:39 +0530] "GET /keywords=soduk%20%20slit%20open%20ribbon%20shirt/ HTTP/1.1" 404 - "-" "Mozilla/5.0 AppleWebKit/537.36 (KHTML, like Gecko; compatible; GPTBot/1.2; +https://openai.com/gptbot)"
4.227.36.71 - - [18/Jan/2025:15:26:42 +0530] "GET /keywords=misha%26puff%20striped%20short%20sleeve/ HTTP/1.1" 404 - "-" "Mozilla/5.0 AppleWebKit/537.36 (KHTML, like Gecko; compatible; GPTBot/1.2; +https://openai.com/gptbot)"
66.249.66.37 - - [18/Jan/2025:15:26:44 +0530] "GET /?shopdetail/4451792.html HTTP/1.1" 200 57770 "-" "Mozilla/5.0 (Linux; Android 6.0.1; Nexus 5X Build/MMB29P) AppleWebKit/537.36 (KHTML, like Gecko) Chrome/132.0.6834.83 Mobile Safari/537.36 (compatible; Googlebot/2.1; +http://www.google.com/bot.html)"
4.227.36.71 - - [18/Jan/2025:15:26:44 +0530] "GET /keywords=SAKI%20%2F%20The%20One%20CD%EF%BC%86DVD/ HTTP/1.1" 404 - "-" "Mozilla/5.0 AppleWebKit/537.36 (KHTML, like Gecko; compatible; GPTBot/1.2; +https://openai.com/gptbot)"
4.227.36.71 - - [18/Jan/2025:15:26:48 +0530] "GET /keywords=Supreme%20Big%20Stripe%20Beanie%20Brown/ HTTP/1.1" 404 - "-" "Mozilla/5.0 AppleWebKit/537.36 (KHTML, like Gecko; compatible; GPTBot/1.2; +https://openai.com/gptbot)"
66.249.66.37 - - [18/Jan/2025:15:26:48 +0530] "GET /assets/vendors/timepicker/timePicker.js HTTP/1.1" 404 - "https://sgmassage.in/?shopdetail/4451792.html" "Mozilla/5.0 (Linux; Android 6.0.1; Nexus 5X Build/MMB29P) AppleWebKit/537.36 (KHTML, like Gecko) Chrome/131.0.6778.204 Mobile Safari/537.36 (compatible; Googlebot/2.1; +http://www.google.com/bot.html)"
66.249.66.38 - - [18/Jan/2025:15:26:48 +0530] "GET /assets/vendors/jquery-circle-progress/jquery.circle-progress.min.js HTTP/1.1" 404 - "https://sgmassage.in/?shopdetail/4451792.html" "Mozilla/5.0 (Linux; Android 6.0.1; Nexus 5X Build/MMB29P) AppleWebKit/537.36 (KHTML, like Gecko) Chrome/131.0.6778.204 Mobile Safari/537.36 (compatible; Googlebot/2.1; +http://www.google.com/bot.html)"
66.249.66.37 - - [18/Jan/2025:15:26:48 +0530] "GET /assets/vendors/tiny-slider/tiny-slider.min.js HTTP/1.1" 404 - "https://sgmassage.in/?shopdetail/4451792.html" "Mozilla/5.0 (Linux; Android 6.0.1; Nexus 5X Build/MMB29P) AppleWebKit/537.36 (KHTML, like Gecko) Chrome/131.0.6778.204 Mobile Safari/537.36 (compatible; Googlebot/2.1; +http://www.google.com/bot.html)"
66.249.66.38 - - [18/Jan/2025:15:26:48 +0530] "GET /assets/vendors/isotope/isotope.js HTTP/1.1" 404 - "https://sgmassage.in/?shopdetail/4451792.html" "Mozilla/5.0 (Linux; Android 6.0.1; Nexus 5X Build/MMB29P) AppleWebKit/537.36 (KHTML, like Gecko) Chrome/131.0.6778.204 Mobile Safari/537.36 (compatible; Googlebot/2.1; +http://www.google.com/bot.html)"
66.249.66.37 - - [18/Jan/2025:15:26:48 +0530] "GET /assets/vendors/twenty-twenty/twentytwenty.js HTTP/1.1" 404 - "https://sgmassage.in/?shopdetail/4451792.html" "Mozilla/5.0 (Linux; Android 6.0.1; Nexus 5X Build/MMB29P) AppleWebKit/537.36 (KHTML, like Gecko) Chrome/131.0.6778.204 Mobile Safari/537.36 (compatible; Googlebot/2.1; +http://www.google.com/bot.html)"
66.249.66.38 - - [18/Jan/2025:15:26:48 +0530] "GET /assets/vendors/bxslider/jquery.bxslider.min.js HTTP/1.1" 404 - "https://sgmassage.in/?shopdetail/4451792.html" "Mozilla/5.0 (Linux; Android 6.0.1; Nexus 5X Build/MMB29P) AppleWebKit/537.36 (KHTML, like Gecko) Chrome/131.0.6778.204 Mobile Safari/537.36 (compatible; Googlebot/2.1; +http://www.google.com/bot.html)"
66.249.66.38 - - [18/Jan/2025:15:26:48 +0530] "GET /assets/vendors/swiper/swiper.min.js HTTP/1.1" 404 - "https://sgmassage.in/?shopdetail/4451792.html" "Mozilla/5.0 (Linux; Android 6.0.1; Nexus 5X Build/MMB29P) AppleWebKit/537.36 (KHTML, like Gecko) Chrome/131.0.6778.204 Mobile Safari/537.36 (compatible; Googlebot/2.1; +http://www.google.com/bot.html)"
66.249.66.38 - - [18/Jan/2025:15:26:48 +0530] "GET /assets/vendors/jquery-ui/jquery-ui.js HTTP/1.1" 404 - "https://sgmassage.in/?shopdetail/4451792.html" "Mozilla/5.0 (Linux; Android 6.0.1; Nexus 5X Build/MMB29P) AppleWebKit/537.36 (KHTML, like Gecko) Chrome/131.0.6778.204 Mobile Safari/537.36 (compatible; Googlebot/2.1; +http://www.google.com/bot.html)"
66.249.66.37 - - [18/Jan/2025:15:26:49 +0530] "GET /assets/vendors/jquery-ajaxchimp/jquery.ajaxchimp.min.js HTTP/1.1" 404 - "https://sgmassage.in/?shopdetail/4451792.html" "Mozilla/5.0 (Linux; Android 6.0.1; Nexus 5X Build/MMB29P) AppleWebKit/537.36 (KHTML, like Gecko) Chrome/131.0.6778.204 Mobile Safari/537.36 (compatible; Googlebot/2.1; +http://www.google.com/bot.html)"
66.249.66.37 - - [18/Jan/2025:15:26:49 +0530] "GET /assets/vendors/vegas/vegas.min.js HTTP/1.1" 404 - "https://sgmassage.in/?shopdetail/4451792.html" "Mozilla/5.0 (Linux; Android 6.0.1; Nexus 5X Build/MMB29P) AppleWebKit/537.36 (KHTML, like Gecko) Chrome/131.0.6778.204 Mobile Safari/537.36 (compatible; Googlebot/2.1; +http://www.google.com/bot.html)"
66.249.66.37 - - [18/Jan/2025:15:26:49 +0530] "GET /assets/vendors/wnumb/wNumb.min.js HTTP/1.1" 404 - "https://sgmassage.in/?shopdetail/4451792.html" "Mozilla/5.0 (Linux; Android 6.0.1; Nexus 5X Build/MMB29P) AppleWebKit/537.36 (KHTML, like Gecko) Chrome/131.0.6778.204 Mobile Safari/537.36 (compatible; Googlebot/2.1; +http://www.google.com/bot.html)"
66.249.66.37 - - [18/Jan/2025:15:26:49 +0530] "GET /assets/vendors/jquery-validate/jquery.validate.min.js HTTP/1.1" 404 - "https://sgmassage.in/?shopdetail/4451792.html" "Mozilla/5.0 (Linux; Android 6.0.1; Nexus 5X Build/MMB29P) AppleWebKit/537.36 (KHTML, like Gecko) Chrome/131.0.6778.204 Mobile Safari/537.36 (compatible; Googlebot/2.1; +http://www.google.com/bot.html)"
66.249.66.37 - - [18/Jan/2025:15:26:49 +0530] "GET /assets/vendors/jquery-magnific-popup/jquery.magnific-popup.min.js HTTP/1.1" 404 - "https://sgmassage.in/?shopdetail/4451792.html" "Mozilla/5.0 (Linux; Android 6.0.1; Nexus 5X Build/MMB29P) AppleWebKit/537.36 (KHTML, like Gecko) Chrome/131.0.6778.204 Mobile Safari/537.36 (compatible; Googlebot/2.1; +http://www.google.com/bot.html)"
66.249.66.38 - - [18/Jan/2025:15:26:49 +0530] "GET /assets/vendors/bootstrap/js/bootstrap.bundle.min.js HTTP/1.1" 404 - "https://sgmassage.in/?shopdetail/4451792.html" "Mozilla/5.0 (Linux; Android 6.0.1; Nexus 5X Build/MMB29P) AppleWebKit/537.36 (KHTML, like Gecko) Chrome/131.0.6778.204 Mobile Safari/537.36 (compatible; Googlebot/2.1; +http://www.google.com/bot.html)"
66.249.66.38 - - [18/Jan/2025:15:26:49 +0530] "GET /assets/vendors/wow/wow.js HTTP/1.1" 404 - "https://sgmassage.in/?shopdetail/4451792.html" "Mozilla/5.0 (Linux; Android 6.0.1; Nexus 5X Build/MMB29P) AppleWebKit/537.36 (KHTML, like Gecko) Chrome/131.0.6778.204 Mobile Safari/537.36 (compatible; Googlebot/2.1; +http://www.google.com/bot.html)"
66.249.66.38 - - [18/Jan/2025:15:26:49 +0530] "GET /assets/vendors/circleType/jquery.lettering.min.js HTTP/1.1" 404 - "https://sgmassage.in/?shopdetail/4451792.html" "Mozilla/5.0 (Linux; Android 6.0.1; Nexus 5X Build/MMB29P) AppleWebKit/537.36 (KHTML, like Gecko) Chrome/131.0.6778.204 Mobile Safari/537.36 (compatible; Googlebot/2.1; +http://www.google.com/bot.html)"
4.227.36.71 - - [18/Jan/2025:15:26:50 +0530] "GET /keywords=FEATHER%20OVER%20CARDIGAN%20WITH%20VEST/ HTTP/1.1" 404 - "-" "Mozilla/5.0 AppleWebKit/537.36 (KHTML, like Gecko; compatible; GPTBot/1.2; +https://openai.com/gptbot)"
66.249.66.38 - - [18/Jan/2025:15:26:51 +0530] "GET /assets/vendors/sidebar-content/jquery-sidebar-content.js HTTP/1.1" 404 - "https://sgmassage.in/?shopdetail/4451792.html" "Mozilla/5.0 (Linux; Android 6.0.1; Nexus 5X Build/MMB29P) AppleWebKit/537.36 (KHTML, like Gecko) Chrome/131.0.6778.204 Mobile Safari/537.36 (compatible; Googlebot/2.1; +http://www.google.com/bot.html)"
66.249.66.41 - - [18/Jan/2025:15:26:52 +0530] "GET /?shopdetail/1394592.html HTTP/1.1" 200 57770 "-" "Mozilla/5.0 (Linux; Android 6.0.1; Nexus 5X Build/MMB29P) AppleWebKit/537.36 (KHTML, like Gecko) Chrome/132.0.6834.83 Mobile Safari/537.36 (compatible; Googlebot/2.1; +http://www.google.com/bot.html)"
4.227.36.71 - - [18/Jan/2025:15:26:54 +0530] "GET /keywords=PORTER%20%2F%20CRAG%20SHOULDER%20BAG(L)/ HTTP/1.1" 404 - "-" "Mozilla/5.0 AppleWebKit/537.36 (KHTML, like Gecko; compatible; GPTBot/1.2; +https://openai.com/gptbot)"
4.227.36.71 - - [18/Jan/2025:15:26:57 +0530] "GET /keywords=,Xiaomi%20Redmi%20Note%2013%20Pro+%205G/ HTTP/1.1" 404 - "-" "Mozilla/5.0 AppleWebKit/537.36 (KHTML, like Gecko; compatible; GPTBot/1.2; +https://openai.com/gptbot)"
66.249.66.41 - - [18/Jan/2025:15:26:59 +0530] "GET /assets/vendors/jquery-ui/jquery-ui.js HTTP/1.1" 404 - "https://www.sgmassage.in/?shopdetail/1394592.html" "Mozilla/5.0 (Linux; Android 6.0.1; Nexus 5X Build/MMB29P) AppleWebKit/537.36 (KHTML, like Gecko) Chrome/131.0.6778.264 Mobile Safari/537.36 (compatible; Googlebot/2.1; +http://www.google.com/bot.html)"
66.249.66.41 - - [18/Jan/2025:15:26:59 +0530] "GET /assets/vendors/jquery-magnific-popup/jquery.magnific-popup.min.js HTTP/1.1" 404 - "https://www.sgmassage.in/?shopdetail/1394592.html" "Mozilla/5.0 (Linux; Android 6.0.1; Nexus 5X Build/MMB29P) AppleWebKit/537.36 (KHTML, like Gecko) Chrome/131.0.6778.264 Mobile Safari/537.36 (compatible; Googlebot/2.1; +http://www.google.com/bot.html)"
4.227.36.71 - - [18/Jan/2025:15:27:00 +0530] "GET /keywords=NTT%20ZXSM%204BRU%20%EF%BC%9C1%EF%BC%9E/ HTTP/1.1" 404 - "-" "Mozilla/5.0 AppleWebKit/537.36 (KHTML, like Gecko; compatible; GPTBot/1.2; +https://openai.com/gptbot)"
66.249.66.41 - - [18/Jan/2025:15:27:00 +0530] "GET /assets/vendors/jquery-validate/jquery.validate.min.js HTTP/1.1" 404 - "https://www.sgmassage.in/?shopdetail/1394592.html" "Mozilla/5.0 (Linux; Android 6.0.1; Nexus 5X Build/MMB29P) AppleWebKit/537.36 (KHTML, like Gecko) Chrome/131.0.6778.264 Mobile Safari/537.36 (compatible; Googlebot/2.1; +http://www.google.com/bot.html)"
66.249.66.41 - - [18/Jan/2025:15:27:00 +0530] "GET /assets/vendors/nouislider/nouislider.min.js HTTP/1.1" 404 - "https://www.sgmassage.in/?shopdetail/1394592.html" "Mozilla/5.0 (Linux; Android 6.0.1; Nexus 5X Build/MMB29P) AppleWebKit/537.36 (KHTML, like Gecko) Chrome/131.0.6778.264 Mobile Safari/537.36 (compatible; Googlebot/2.1; +http://www.google.com/bot.html)"
66.249.66.41 - - [18/Jan/2025:15:27:00 +0530] "GET /assets/vendors/timepicker/timePicker.js HTTP/1.1" 404 - "https://www.sgmassage.in/?shopdetail/1394592.html" "Mozilla/5.0 (Linux; Android 6.0.1; Nexus 5X Build/MMB29P) AppleWebKit/537.36 (KHTML, like Gecko) Chrome/131.0.6778.264 Mobile Safari/537.36 (compatible; Googlebot/2.1; +http://www.google.com/bot.html)"
66.249.66.41 - - [18/Jan/2025:15:27:00 +0530] "GET /assets/vendors/jquery-circle-progress/jquery.circle-progress.min.js HTTP/1.1" 404 - "https://www.sgmassage.in/?shopdetail/1394592.html" "Mozilla/5.0 (Linux; Android 6.0.1; Nexus 5X Build/MMB29P) AppleWebKit/537.36 (KHTML, like Gecko) Chrome/131.0.6778.264 Mobile Safari/537.36 (compatible; Googlebot/2.1; +http://www.google.com/bot.html)"
66.249.66.41 - - [18/Jan/2025:15:27:01 +0530] "GET /assets/vendors/countdown/countdown.min.js HTTP/1.1" 404 - "https://www.sgmassage.in/?shopdetail/1394592.html" "Mozilla/5.0 (Linux; Android 6.0.1; Nexus 5X Build/MMB29P) AppleWebKit/537.36 (KHTML, like Gecko) Chrome/131.0.6778.264 Mobile Safari/537.36 (compatible; Googlebot/2.1; +http://www.google.com/bot.html)"
66.249.66.41 - - [18/Jan/2025:15:27:01 +0530] "GET /assets/vendors/owl-carousel/owl.carousel.min.js HTTP/1.1" 404 - "https://www.sgmassage.in/?shopdetail/1394592.html" "Mozilla/5.0 (Linux; Android 6.0.1; Nexus 5X Build/MMB29P) AppleWebKit/537.36 (KHTML, like Gecko) Chrome/131.0.6778.264 Mobile Safari/537.36 (compatible; Googlebot/2.1; +http://www.google.com/bot.html)"
66.249.66.41 - - [18/Jan/2025:15:27:01 +0530] "GET /assets/vendors/bootstrap/js/bootstrap.bundle.min.js HTTP/1.1" 404 - "https://www.sgmassage.in/?shopdetail/1394592.html" "Mozilla/5.0 (Linux; Android 6.0.1; Nexus 5X Build/MMB29P) AppleWebKit/537.36 (KHTML, like Gecko) Chrome/131.0.6778.264 Mobile Safari/537.36 (compatible; Googlebot/2.1; +http://www.google.com/bot.html)"
66.249.66.41 - - [18/Jan/2025:15:27:01 +0530] "GET /assets/vendors/sidebar-content/jquery-sidebar-content.js HTTP/1.1" 404 - "https://www.sgmassage.in/?shopdetail/1394592.html" "Mozilla/5.0 (Linux; Android 6.0.1; Nexus 5X Build/MMB29P) AppleWebKit/537.36 (KHTML, like Gecko) Chrome/131.0.6778.264 Mobile Safari/537.36 (compatible; Googlebot/2.1; +http://www.google.com/bot.html)"
66.249.66.41 - - [18/Jan/2025:15:27:02 +0530] "GET /assets/vendors/jquery-appear/jquery.appear.min.js HTTP/1.1" 404 - "https://www.sgmassage.in/?shopdetail/1394592.html" "Mozilla/5.0 (Linux; Android 6.0.1; Nexus 5X Build/MMB29P) AppleWebKit/537.36 (KHTML, like Gecko) Chrome/131.0.6778.264 Mobile Safari/537.36 (compatible; Googlebot/2.1; +http://www.google.com/bot.html)"
66.249.66.41 - - [18/Jan/2025:15:27:02 +0530] "GET /assets/vendors/wow/wow.js HTTP/1.1" 404 - "https://www.sgmassage.in/?shopdetail/1394592.html" "Mozilla/5.0 (Linux; Android 6.0.1; Nexus 5X Build/MMB29P) AppleWebKit/537.36 (KHTML, like Gecko) Chrome/131.0.6778.264 Mobile Safari/537.36 (compatible; Googlebot/2.1; +http://www.google.com/bot.html)"
66.249.66.41 - - [18/Jan/2025:15:27:02 +0530] "GET /assets/vendors/bxslider/jquery.bxslider.min.js HTTP/1.1" 404 - "https://www.sgmassage.in/?shopdetail/1394592.html" "Mozilla/5.0 (Linux; Android 6.0.1; Nexus 5X Build/MMB29P) AppleWebKit/537.36 (KHTML, like Gecko) Chrome/131.0.6778.264 Mobile Safari/537.36 (compatible; Googlebot/2.1; +http://www.google.com/bot.html)"
66.249.66.41 - - [18/Jan/2025:15:27:02 +0530] "GET /assets/vendors/swiper/swiper.min.js HTTP/1.1" 404 - "https://www.sgmassage.in/?shopdetail/1394592.html" "Mozilla/5.0 (Linux; Android 6.0.1; Nexus 5X Build/MMB29P) AppleWebKit/537.36 (KHTML, like Gecko) Chrome/131.0.6778.264 Mobile Safari/537.36 (compatible; Googlebot/2.1; +http://www.google.com/bot.html)"
66.249.66.41 - - [18/Jan/2025:15:27:02 +0530] "GET /assets/vendors/circleType/jquery.circleType.js HTTP/1.1" 404 - "https://www.sgmassage.in/?shopdetail/1394592.html" "Mozilla/5.0 (Linux; Android 6.0.1; Nexus 5X Build/MMB29P) AppleWebKit/537.36 (KHTML, like Gecko) Chrome/131.0.6778.264 Mobile Safari/537.36 (compatible; Googlebot/2.1; +http://www.google.com/bot.html)"
66.249.66.41 - - [18/Jan/2025:15:27:03 +0530] "GET /assets/vendors/vegas/vegas.min.js HTTP/1.1" 404 - "https://www.sgmassage.in/?shopdetail/1394592.html" "Mozilla/5.0 (Linux; Android 6.0.1; Nexus 5X Build/MMB29P) AppleWebKit/537.36 (KHTML, like Gecko) Chrome/131.0.6778.264 Mobile Safari/537.36 (compatible; Googlebot/2.1; +http://www.google.com/bot.html)"
4.227.36.71 - - [18/Jan/2025:15:27:03 +0530] "GET /keywords=D-CLAW%20%E3%83%9C%E3%83%AB%E3%83%87145/ HTTP/1.1" 404 - "-" "Mozilla/5.0 AppleWebKit/537.36 (KHTML, like Gecko; compatible; GPTBot/1.2; +https://openai.com/gptbot)"
4.227.36.71 - - [18/Jan/2025:15:27:06 +0530] "GET /keywords=Apple%20Macmini%20M1%2016g%20ssd%20512g/ HTTP/1.1" 404 - "-" "Mozilla/5.0 AppleWebKit/537.36 (KHTML, like Gecko; compatible; GPTBot/1.2; +https://openai.com/gptbot)"
4.227.36.71 - - [18/Jan/2025:15:27:08 +0530] "GET /keywords=TATRAS%20%20%E3%82%B3%E3%83%BC%E3%83%88/ HTTP/1.1" 404 - "-" "Mozilla/5.0 AppleWebKit/537.36 (KHTML, like Gecko; compatible; GPTBot/1.2; +https://openai.com/gptbot)"
4.227.36.71 - - [18/Jan/2025:15:27:12 +0530] "GET /keywords=DENHAM%20CROP%20CANDIANI%20DENIM%20PANT/ HTTP/1.1" 404 - "-" "Mozilla/5.0 AppleWebKit/537.36 (KHTML, like Gecko; compatible; GPTBot/1.2; +https://openai.com/gptbot)"
4.227.36.71 - - [18/Jan/2025:15:27:14 +0530] "GET /keywords=msi%20GeForce%20GTX1050%20Ti%204GT%20LP/ HTTP/1.1" 404 - "-" "Mozilla/5.0 AppleWebKit/537.36 (KHTML, like Gecko; compatible; GPTBot/1.2; +https://openai.com/gptbot)"
4.227.36.71 - - [18/Jan/2025:15:27:18 +0530] "GET /keywords=KE%20SHIMI%20SHIWA%20%EF%BC%92%E6%9C%AC/ HTTP/1.1" 404 - "-" "Mozilla/5.0 AppleWebKit/537.36 (KHTML, like Gecko; compatible; GPTBot/1.2; +https://openai.com/gptbot)"
4.227.36.71 - - [18/Jan/2025:15:27:21 +0530] "GET /keywords=Snow%20Man%20LIVE%20TOUR%202021%20Mania/ HTTP/1.1" 404 - "-" "Mozilla/5.0 AppleWebKit/537.36 (KHTML, like Gecko; compatible; GPTBot/1.2; +https://openai.com/gptbot)"
4.227.36.71 - - [18/Jan/2025:15:27:24 +0530] "GET /keywords=FISH4DOGS%20WORKING%20DOG%20FOOD%2015kg/ HTTP/1.1" 404 - "-" "Mozilla/5.0 AppleWebKit/537.36 (KHTML, like Gecko; compatible; GPTBot/1.2; +https://openai.com/gptbot)"
4.227.36.71 - - [18/Jan/2025:15:27:27 +0530] "GET /keywords=adidas%20YEEZY%20Foam%20Runner%20Carbon/ HTTP/1.1" 404 - "-" "Mozilla/5.0 AppleWebKit/537.36 (KHTML, like Gecko; compatible; GPTBot/1.2; +https://openai.com/gptbot)"
4.227.36.71 - - [18/Jan/2025:15:27:29 +0530] "GET /keywords=Manlay%20Sound%20%20Tone%20Bender%20mk3/ HTTP/1.1" 404 - "-" "Mozilla/5.0 AppleWebKit/537.36 (KHTML, like Gecko; compatible; GPTBot/1.2; +https://openai.com/gptbot)"
4.227.36.71 - - [18/Jan/2025:15:27:33 +0530] "GET /keywords=vinyl%20figure%20wsb%20kid%20you%20tooz/ HTTP/1.1" 404 - "-" "Mozilla/5.0 AppleWebKit/537.36 (KHTML, like Gecko; compatible; GPTBot/1.2; +https://openai.com/gptbot)"
4.227.36.71 - - [18/Jan/2025:15:27:36 +0530] "GET /keywords=Apple%20Watch%20series7%20PRODUCT%20RED/ HTTP/1.1" 404 - "-" "Mozilla/5.0 AppleWebKit/537.36 (KHTML, like Gecko; compatible; GPTBot/1.2; +https://openai.com/gptbot)"
4.227.36.71 - - [18/Jan/2025:15:27:38 +0530] "GET /keywords=forme%20short%20wallet%20crispel%20calf/ HTTP/1.1" 404 - "-" "Mozilla/5.0 AppleWebKit/537.36 (KHTML, like Gecko; compatible; GPTBot/1.2; +https://openai.com/gptbot)"
4.227.36.71 - - [18/Jan/2025:15:27:42 +0530] "GET /keywords=SetloWear%20by%20Dickies%20WORK%20PANTS/ HTTP/1.1" 404 - "-" "Mozilla/5.0 AppleWebKit/537.36 (KHTML, like Gecko; compatible; GPTBot/1.2; +https://openai.com/gptbot)"
4.227.36.71 - - [18/Jan/2025:15:27:45 +0530] "GET /keywords=Hughes%26Kettner%20GrandMeisterDeluxe40/ HTTP/1.1" 404 - "-" "Mozilla/5.0 AppleWebKit/537.36 (KHTML, like Gecko; compatible; GPTBot/1.2; +https://openai.com/gptbot)"
4.227.36.71 - - [18/Jan/2025:15:27:47 +0530] "GET /keywords=HP%20Pro%20x2%20612%20G2%20|%20128%20GB/ HTTP/1.1" 404 - "-" "Mozilla/5.0 AppleWebKit/537.36 (KHTML, like Gecko; compatible; GPTBot/1.2; +https://openai.com/gptbot)"
4.227.36.71 - - [18/Jan/2025:15:27:50 +0530] "GET /keywords=BOWWOW%20UNISPHERE%20TURTLE%20NECK%20LS/ HTTP/1.1" 404 - "-" "Mozilla/5.0 AppleWebKit/537.36 (KHTML, like Gecko; compatible; GPTBot/1.2; +https://openai.com/gptbot)"
4.227.36.71 - - [18/Jan/2025:15:27:54 +0530] "GET /keywords=23AW%20entire%20studios%20heavy%20gocar/ HTTP/1.1" 404 - "-" "Mozilla/5.0 AppleWebKit/537.36 (KHTML, like Gecko; compatible; GPTBot/1.2; +https://openai.com/gptbot)"
4.227.36.71 - - [18/Jan/2025:15:27:57 +0530] "GET /keywords=BOSE%20SoundLink%20Mobile%20speaker%202/ HTTP/1.1" 404 - "-" "Mozilla/5.0 AppleWebKit/537.36 (KHTML, like Gecko; compatible; GPTBot/1.2; +https://openai.com/gptbot)"
4.227.36.71 - - [18/Jan/2025:15:28:00 +0530] "GET /keywords=S.H.MonsterArts%20MECHAGODZILLA%20(2021) HTTP/1.1" 404 - "-" "Mozilla/5.0 AppleWebKit/537.36 (KHTML, like Gecko; compatible; GPTBot/1.2; +https://openai.com/gptbot)"
4.227.36.71 - - [18/Jan/2025:15:28:02 +0530] "GET /keywords=GARMIN%20%20GHS11i%20%E6%9C%89%E7%B7%9A/ HTTP/1.1" 404 - "-" "Mozilla/5.0 AppleWebKit/537.36 (KHTML, like Gecko; compatible; GPTBot/1.2; +https://openai.com/gptbot)"
4.227.36.71 - - [18/Jan/2025:15:28:06 +0530] "GET /keywords=Yarmo%20%2F%20Smock%20Top%20beams%20boy/ HTTP/1.1" 404 - "-" "Mozilla/5.0 AppleWebKit/537.36 (KHTML, like Gecko; compatible; GPTBot/1.2; +https://openai.com/gptbot)"
4.227.36.71 - - [18/Jan/2025:15:28:08 +0530] "GET /keywords=6(ROKU)LILY%20YARN%20SUKASHI%20CARDIGAN/ HTTP/1.1" 404 - "-" "Mozilla/5.0 AppleWebKit/537.36 (KHTML, like Gecko; compatible; GPTBot/1.2; +https://openai.com/gptbot)"
4.227.36.71 - - [18/Jan/2025:15:28:12 +0530] "GET /keywords=CLANE%20W%20FACE%20FRINGE%20KNIT%20VEST/ HTTP/1.1" 404 - "-" "Mozilla/5.0 AppleWebKit/537.36 (KHTML, like Gecko; compatible; GPTBot/1.2; +https://openai.com/gptbot)"
4.227.36.71 - - [18/Jan/2025:15:28:14 +0530] "GET /keywords=h'eres%20TOBARI%20ZO%C3%89%20EAR%20CUFF/ HTTP/1.1" 404 - "-" "Mozilla/5.0 AppleWebKit/537.36 (KHTML, like Gecko; compatible; GPTBot/1.2; +https://openai.com/gptbot)"
4.227.36.71 - - [18/Jan/2025:15:28:17 +0530] "GET /keywords=1PIU1UGUALE3%E3%83%8B%E3%83%83%E3%83%88/ HTTP/1.1" 404 - "-" "Mozilla/5.0 AppleWebKit/537.36 (KHTML, like Gecko; compatible; GPTBot/1.2; +https://openai.com/gptbot)"
4.227.36.71 - - [18/Jan/2025:15:28:21 +0530] "GET /keywords=SMITH%20SCABS%20ELITE%20KNEE%20PAD(S~M)/ HTTP/1.1" 404 - "-" "Mozilla/5.0 AppleWebKit/537.36 (KHTML, like Gecko; compatible; GPTBot/1.2; +https://openai.com/gptbot)"
4.227.36.71 - - [18/Jan/2025:15:28:24 +0530] "GET /keywords=coach%202way%E3%83%90%E3%83%83%E3%82%B0/ HTTP/1.1" 404 - "-" "Mozilla/5.0 AppleWebKit/537.36 (KHTML, like Gecko; compatible; GPTBot/1.2; +https://openai.com/gptbot)"
4.227.36.71 - - [18/Jan/2025:15:28:27 +0530] "GET /keywords=Herlipto%20Simone%20Knit%20Long%20Dress/ HTTP/1.1" 404 - "-" "Mozilla/5.0 AppleWebKit/537.36 (KHTML, like Gecko; compatible; GPTBot/1.2; +https://openai.com/gptbot)"
66.249.66.38 - - [18/Jan/2025:15:28:28 +0530] "GET / HTTP/1.1" 200 57770 "-" "Mozilla/5.0 (compatible; Googlebot/2.1; +http://www.google.com/bot.html)"
66.249.66.37 - - [18/Jan/2025:15:28:28 +0530] "GET / HTTP/1.1" 200 57770 "-" "Mozilla/5.0 (Linux; Android 6.0.1; Nexus 5X Build/MMB29P) AppleWebKit/537.36 (KHTML, like Gecko) Chrome/99.0.4844.84 Mobile Safari/537.36 (compatible; Googlebot/2.1; +http://www.google.com/bot.html)"
66.249.66.38 - - [18/Jan/2025:15:28:29 +0530] "GET /assets/vendors/jquery-magnific-popup/jquery.magnific-popup.min.js HTTP/1.1" 404 - "https://sgmassage.in/" "Mozilla/5.0 AppleWebKit/537.36 (KHTML, like Gecko; compatible; Googlebot/2.1; +http://www.google.com/bot.html) Chrome/131.0.6778.264 Safari/537.36"
66.249.66.39 - - [18/Jan/2025:15:28:29 +0530] "GET /assets/vendors/owl-carousel/owl.carousel.min.js HTTP/1.1" 404 - "https://sgmassage.in/" "Mozilla/5.0 AppleWebKit/537.36 (KHTML, like Gecko; compatible; Googlebot/2.1; +http://www.google.com/bot.html) Chrome/131.0.6778.264 Safari/537.36"
66.249.66.38 - - [18/Jan/2025:15:28:29 +0530] "GET /assets/vendors/timepicker/timePicker.js HTTP/1.1" 404 - "https://sgmassage.in/" "Mozilla/5.0 (Linux; Android 6.0.1; Nexus 5X Build/MMB29P) AppleWebKit/537.36 (KHTML, like Gecko) Chrome/131.0.6778.264 Mobile Safari/537.36 (compatible; Googlebot/2.1; +http://www.google.com/bot.html)"
66.249.66.39 - - [18/Jan/2025:15:28:29 +0530] "GET /assets/vendors/bootstrap-select/js/bootstrap-select.min.js HTTP/1.1" 404 - "https://sgmassage.in/" "Mozilla/5.0 (Linux; Android 6.0.1; Nexus 5X Build/MMB29P) AppleWebKit/537.36 (KHTML, like Gecko) Chrome/131.0.6778.264 Mobile Safari/537.36 (compatible; Googlebot/2.1; +http://www.google.com/bot.html)"
66.249.66.39 - - [18/Jan/2025:15:28:29 +0530] "GET /assets/vendors/circleType/jquery.circleType.js HTTP/1.1" 404 - "https://sgmassage.in/" "Mozilla/5.0 AppleWebKit/537.36 (KHTML, like Gecko; compatible; Googlebot/2.1; +http://www.google.com/bot.html) Chrome/131.0.6778.264 Safari/537.36"
66.249.66.39 - - [18/Jan/2025:15:28:29 +0530] "GET /assets/vendors/odometer/odometer.min.js HTTP/1.1" 404 - "https://sgmassage.in/" "Mozilla/5.0 AppleWebKit/537.36 (KHTML, like Gecko; compatible; Googlebot/2.1; +http://www.google.com/bot.html) Chrome/131.0.6778.264 Safari/537.36"
66.249.66.38 - - [18/Jan/2025:15:28:29 +0530] "GET /assets/vendors/jquery-magnific-popup/jquery.magnific-popup.min.js HTTP/1.1" 404 - "https://sgmassage.in/" "Mozilla/5.0 (Linux; Android 6.0.1; Nexus 5X Build/MMB29P) AppleWebKit/537.36 (KHTML, like Gecko) Chrome/131.0.6778.264 Mobile Safari/537.36 (compatible; Googlebot/2.1; +http://www.google.com/bot.html)"
4.227.36.71 - - [18/Jan/2025:15:28:29 +0530] "GET /keywords=Shimano%20105%20FC-R7000%2050-34%20172.5 HTTP/1.1" 404 - "-" "Mozilla/5.0 AppleWebKit/537.36 (KHTML, like Gecko; compatible; GPTBot/1.2; +https://openai.com/gptbot)"
66.249.66.38 - - [18/Jan/2025:15:28:29 +0530] "GET /assets/vendors/twenty-twenty/jquery.event.move.js HTTP/1.1" 404 - "https://sgmassage.in/" "Mozilla/5.0 AppleWebKit/537.36 (KHTML, like Gecko; compatible; Googlebot/2.1; +http://www.google.com/bot.html) Chrome/131.0.6778.264 Safari/537.36"
66.249.66.39 - - [18/Jan/2025:15:28:29 +0530] "GET /assets/vendors/jquery/jquery-3.6.0.min.js HTTP/1.1" 404 - "https://sgmassage.in/" "Mozilla/5.0 AppleWebKit/537.36 (KHTML, like Gecko; compatible; Googlebot/2.1; +http://www.google.com/bot.html) Chrome/131.0.6778.264 Safari/537.36"
66.249.66.39 - - [18/Jan/2025:15:28:30 +0530] "GET /assets/vendors/bootstrap/js/bootstrap.bundle.min.js HTTP/1.1" 404 - "https://sgmassage.in/" "Mozilla/5.0 AppleWebKit/537.36 (KHTML, like Gecko; compatible; Googlebot/2.1; +http://www.google.com/bot.html) Chrome/131.0.6778.264 Safari/537.36"
66.249.66.39 - - [18/Jan/2025:15:28:30 +0530] "GET /assets/vendors/jquery-validate/jquery.validate.min.js HTTP/1.1" 404 - "https://sgmassage.in/" "Mozilla/5.0 AppleWebKit/537.36 (KHTML, like Gecko; compatible; Googlebot/2.1; +http://www.google.com/bot.html) Chrome/131.0.6778.264 Safari/537.36"
66.249.66.39 - - [18/Jan/2025:15:28:30 +0530] "GET /assets/vendors/jquery-validate/jquery.validate.min.js HTTP/1.1" 404 - "https://sgmassage.in/" "Mozilla/5.0 (Linux; Android 6.0.1; Nexus 5X Build/MMB29P) AppleWebKit/537.36 (KHTML, like Gecko) Chrome/131.0.6778.264 Mobile Safari/537.36 (compatible; Googlebot/2.1; +http://www.google.com/bot.html)"
66.249.66.39 - - [18/Jan/2025:15:28:30 +0530] "GET /assets/vendors/timepicker/timePicker.js HTTP/1.1" 404 - "https://sgmassage.in/" "Mozilla/5.0 AppleWebKit/537.36 (KHTML, like Gecko; compatible; Googlebot/2.1; +http://www.google.com/bot.html) Chrome/131.0.6778.264 Safari/537.36"
66.249.66.37 - - [18/Jan/2025:15:28:31 +0530] "GET /assets/vendors/bootstrap-select/js/bootstrap-select.min.js HTTP/1.1" 404 - "https://sgmassage.in/" "Mozilla/5.0 AppleWebKit/537.36 (KHTML, like Gecko; compatible; Googlebot/2.1; +http://www.google.com/bot.html) Chrome/131.0.6778.264 Safari/537.36"
66.249.66.39 - - [18/Jan/2025:15:28:31 +0530] "GET /assets/vendors/odometer/odometer.min.js HTTP/1.1" 404 - "https://sgmassage.in/" "Mozilla/5.0 (Linux; Android 6.0.1; Nexus 5X Build/MMB29P) AppleWebKit/537.36 (KHTML, like Gecko) Chrome/131.0.6778.264 Mobile Safari/537.36 (compatible; Googlebot/2.1; +http://www.google.com/bot.html)"
66.249.66.37 - - [18/Jan/2025:15:28:31 +0530] "GET /assets/vendors/countdown/countdown.min.js HTTP/1.1" 404 - "https://sgmassage.in/" "Mozilla/5.0 (Linux; Android 6.0.1; Nexus 5X Build/MMB29P) AppleWebKit/537.36 (KHTML, like Gecko) Chrome/131.0.6778.264 Mobile Safari/537.36 (compatible; Googlebot/2.1; +http://www.google.com/bot.html)"
66.249.66.37 - - [18/Jan/2025:15:28:31 +0530] "GET /assets/vendors/bootstrap/js/bootstrap.bundle.min.js HTTP/1.1" 404 - "https://sgmassage.in/" "Mozilla/5.0 (Linux; Android 6.0.1; Nexus 5X Build/MMB29P) AppleWebKit/537.36 (KHTML, like Gecko) Chrome/131.0.6778.264 Mobile Safari/537.36 (compatible; Googlebot/2.1; +http://www.google.com/bot.html)"
66.249.66.38 - - [18/Jan/2025:15:28:31 +0530] "GET /assets/vendors/jquery/jquery-3.6.0.min.js HTTP/1.1" 404 - "https://sgmassage.in/" "Mozilla/5.0 (Linux; Android 6.0.1; Nexus 5X Build/MMB29P) AppleWebKit/537.36 (KHTML, like Gecko) Chrome/131.0.6778.264 Mobile Safari/537.36 (compatible; Googlebot/2.1; +http://www.google.com/bot.html)"
66.249.66.39 - - [18/Jan/2025:15:28:31 +0530] "GET /assets/vendors/owl-carousel/owl.carousel.min.js HTTP/1.1" 404 - "https://sgmassage.in/" "Mozilla/5.0 (Linux; Android 6.0.1; Nexus 5X Build/MMB29P) AppleWebKit/537.36 (KHTML, like Gecko) Chrome/131.0.6778.264 Mobile Safari/537.36 (compatible; Googlebot/2.1; +http://www.google.com/bot.html)"
66.249.66.37 - - [18/Jan/2025:15:28:31 +0530] "GET /assets/vendors/circleType/jquery.circleType.js HTTP/1.1" 404 - "https://sgmassage.in/" "Mozilla/5.0 (Linux; Android 6.0.1; Nexus 5X Build/MMB29P) AppleWebKit/537.36 (KHTML, like Gecko) Chrome/131.0.6778.264 Mobile Safari/537.36 (compatible; Googlebot/2.1; +http://www.google.com/bot.html)"
66.249.66.37 - - [18/Jan/2025:15:28:31 +0530] "GET /assets/vendors/countdown/countdown.min.js HTTP/1.1" 404 - "https://sgmassage.in/" "Mozilla/5.0 AppleWebKit/537.36 (KHTML, like Gecko; compatible; Googlebot/2.1; +http://www.google.com/bot.html) Chrome/131.0.6778.264 Safari/537.36"
66.249.66.39 - - [18/Jan/2025:15:28:31 +0530] "GET /assets/vendors/twenty-twenty/jquery.event.move.js HTTP/1.1" 404 - "https://sgmassage.in/" "Mozilla/5.0 (Linux; Android 6.0.1; Nexus 5X Build/MMB29P) AppleWebKit/537.36 (KHTML, like Gecko) Chrome/131.0.6778.264 Mobile Safari/537.36 (compatible; Googlebot/2.1; +http://www.google.com/bot.html)"
4.227.36.71 - - [18/Jan/2025:15:28:32 +0530] "GET /keywords=TTT%20MSW%20%E3%83%87%E3%83%8B%E3%83%A0/ HTTP/1.1" 404 - "-" "Mozilla/5.0 AppleWebKit/537.36 (KHTML, like Gecko; compatible; GPTBot/1.2; +https://openai.com/gptbot)"
4.227.36.71 - - [18/Jan/2025:15:28:36 +0530] "GET /keywords=asics%20METASPEED%20EDGE%20PARIS%2026cm/ HTTP/1.1" 404 - "-" "Mozilla/5.0 AppleWebKit/537.36 (KHTML, like Gecko; compatible; GPTBot/1.2; +https://openai.com/gptbot)"
4.227.36.71 - - [18/Jan/2025:15:28:39 +0530] "GET /keywords=Aiam%20chapter%2029%20Eau%20de%20Parfum/ HTTP/1.1" 404 - "-" "Mozilla/5.0 AppleWebKit/537.36 (KHTML, like Gecko; compatible; GPTBot/1.2; +https://openai.com/gptbot)"
4.227.36.71 - - [18/Jan/2025:15:28:42 +0530] "GET /keywords=Intel%20Core%20i7-10700K%20CPU%203.80GHz HTTP/1.1" 404 - "-" "Mozilla/5.0 AppleWebKit/537.36 (KHTML, like Gecko; compatible; GPTBot/1.2; +https://openai.com/gptbot)"
66.249.66.42 - - [18/Jan/2025:15:28:45 +0530] "GET /?shopdetail/1866158.html HTTP/1.1" 200 57770 "-" "Mozilla/5.0 (Linux; Android 6.0.1; Nexus 5X Build/MMB29P) AppleWebKit/537.36 (KHTML, like Gecko) Chrome/132.0.6834.83 Mobile Safari/537.36 (compatible; Googlebot/2.1; +http://www.google.com/bot.html)"
4.227.36.71 - - [18/Jan/2025:15:28:45 +0530] "GET /keywords=Apple%20iPhone%2012%20%E9%9D%92%20128GB/ HTTP/1.1" 404 - "-" "Mozilla/5.0 AppleWebKit/537.36 (KHTML, like Gecko; compatible; GPTBot/1.2; +https://openai.com/gptbot)"
4.227.36.71 - - [18/Jan/2025:15:28:48 +0530] "GET /keywords=Supreme%2017FW%20Hooded%20Jacket%20%2FM/ HTTP/1.1" 404 - "-" "Mozilla/5.0 AppleWebKit/537.36 (KHTML, like Gecko; compatible; GPTBot/1.2; +https://openai.com/gptbot)"
4.227.36.71 - - [18/Jan/2025:15:28:51 +0530] "GET /keywords=epine%20pleats%20frill%20jacket%20setup/ HTTP/1.1" 404 - "-" "Mozilla/5.0 AppleWebKit/537.36 (KHTML, like Gecko; compatible; GPTBot/1.2; +https://openai.com/gptbot)"
4.227.36.71 - - [18/Jan/2025:15:28:53 +0530] "GET /keywords=PLEATS%20PLEASE%20ISSEY%20MIYAKE%20WARP/ HTTP/1.1" 404 - "-" "Mozilla/5.0 AppleWebKit/537.36 (KHTML, like Gecko; compatible; GPTBot/1.2; +https://openai.com/gptbot)"
4.227.36.71 - - [18/Jan/2025:15:28:57 +0530] "GET /keywords=Baby%20knit%20babushka%20andmary%20gray/ HTTP/1.1" 404 - "-" "Mozilla/5.0 AppleWebKit/537.36 (KHTML, like Gecko; compatible; GPTBot/1.2; +https://openai.com/gptbot)"
4.227.36.71 - - [18/Jan/2025:15:28:59 +0530] "GET /keywords=GENTLE%20MONSTER%C3%97Masion%20Margiela/ HTTP/1.1" 404 - "-" "Mozilla/5.0 AppleWebKit/537.36 (KHTML, like Gecko; compatible; GPTBot/1.2; +https://openai.com/gptbot)"
4.227.36.71 - - [18/Jan/2025:15:29:02 +0530] "GET /keywords=90s%20NIKE%20ACG%20Fleece%20Jacket%20XL/ HTTP/1.1" 404 - "-" "Mozilla/5.0 AppleWebKit/537.36 (KHTML, like Gecko; compatible; GPTBot/1.2; +https://openai.com/gptbot)"
4.227.36.71 - - [18/Jan/2025:15:29:05 +0530] "GET /keywords=Nike%20W%20DUNK%20LOW%20Premium%2024.5cm HTTP/1.1" 404 - "-" "Mozilla/5.0 AppleWebKit/537.36 (KHTML, like Gecko; compatible; GPTBot/1.2; +https://openai.com/gptbot)"
4.227.36.71 - - [18/Jan/2025:15:29:08 +0530] "GET /keywords=%E3%81%AC%E3%82%8A%E7%B5%B5%20flk011185/ HTTP/1.1" 404 - "-" "Mozilla/5.0 AppleWebKit/537.36 (KHTML, like Gecko; compatible; GPTBot/1.2; +https://openai.com/gptbot)"
4.227.36.71 - - [18/Jan/2025:15:29:12 +0530] "GET /keywords=HEAD%20WCR%20E.GS%20REBEL%20TEAM%20166cm HTTP/1.1" 404 - "-" "Mozilla/5.0 AppleWebKit/537.36 (KHTML, like Gecko; compatible; GPTBot/1.2; +https://openai.com/gptbot)"
4.227.36.71 - - [18/Jan/2025:15:29:15 +0530] "GET /keywords=Aer%20Travel%20Pack%203%20Small%20Black/ HTTP/1.1" 404 - "-" "Mozilla/5.0 AppleWebKit/537.36 (KHTML, like Gecko; compatible; GPTBot/1.2; +https://openai.com/gptbot)"
4.227.36.71 - - [18/Jan/2025:15:29:17 +0530] "GET /keywords=WILD%20TURKEY%20MASTER'S%20KEEP%20750ml/ HTTP/1.1" 404 - "-" "Mozilla/5.0 AppleWebKit/537.36 (KHTML, like Gecko; compatible; GPTBot/1.2; +https://openai.com/gptbot)"
4.227.36.71 - - [18/Jan/2025:15:29:20 +0530] "GET /keywords=Hey%21Say%21JUMP%20Live%20DVD%2FBlu-ray/ HTTP/1.1" 404 - "-" "Mozilla/5.0 AppleWebKit/537.36 (KHTML, like Gecko; compatible; GPTBot/1.2; +https://openai.com/gptbot)"
4.227.36.71 - - [18/Jan/2025:15:29:24 +0530] "GET /keywords=MELT%20THE%20LADY%20sheer%20hook%20tops/ HTTP/1.1" 404 - "-" "Mozilla/5.0 AppleWebKit/537.36 (KHTML, like Gecko; compatible; GPTBot/1.2; +https://openai.com/gptbot)"
4.227.36.71 - - [18/Jan/2025:15:29:27 +0530] "GET /keywords=iphone%20SE%E7%AC%AC2%E4%B8%96%E4%BB%A3/ HTTP/1.1" 404 - "-" "Mozilla/5.0 AppleWebKit/537.36 (KHTML, like Gecko; compatible; GPTBot/1.2; +https://openai.com/gptbot)"
4.227.36.71 - - [18/Jan/2025:15:29:30 +0530] "GET /keywords=%E3%82%AD%E3%83%B3%E3%83%97%E3%83%AA%20/ HTTP/1.1" 404 - "-" "Mozilla/5.0 AppleWebKit/537.36 (KHTML, like Gecko; compatible; GPTBot/1.2; +https://openai.com/gptbot)"
4.227.36.71 - - [18/Jan/2025:15:29:33 +0530] "GET /keywords=Inspiron%203471%20i3-9100%2F256GB%20SSD/ HTTP/1.1" 404 - "-" "Mozilla/5.0 AppleWebKit/537.36 (KHTML, like Gecko; compatible; GPTBot/1.2; +https://openai.com/gptbot)"
4.227.36.71 - - [18/Jan/2025:15:29:36 +0530] "GET /keywords=Yellows2.0%20Tokyo%201993%20AKILA%20GOMI HTTP/1.1" 404 - "-" "Mozilla/5.0 AppleWebKit/537.36 (KHTML, like Gecko; compatible; GPTBot/1.2; +https://openai.com/gptbot)"
4.227.36.71 - - [18/Jan/2025:15:29:39 +0530] "GET /keywords=Victoria%20Lace%20Belted%20Knit%20Dress/ HTTP/1.1" 404 - "-" "Mozilla/5.0 AppleWebKit/537.36 (KHTML, like Gecko; compatible; GPTBot/1.2; +https://openai.com/gptbot)"
4.227.36.71 - - [18/Jan/2025:15:29:41 +0530] "GET /keywords=universal%20audio%20apollo%20twin%20USB/ HTTP/1.1" 404 - "-" "Mozilla/5.0 AppleWebKit/537.36 (KHTML, like Gecko; compatible; GPTBot/1.2; +https://openai.com/gptbot)"
4.227.36.71 - - [18/Jan/2025:15:29:44 +0530] "GET /keywords=LP%20DJ%20PAUL%20NICE%20DRUM%20LIBRARY:/ HTTP/1.1" 404 - "-" "Mozilla/5.0 AppleWebKit/537.36 (KHTML, like Gecko; compatible; GPTBot/1.2; +https://openai.com/gptbot)"
