4.227.36.71 - - [18/Jan/2025:20:14:23 +0530] "GET /keywords=LIXIL%20UF-27A%20%E6%8F%9B%E6%B0%97%E6%89%87/ HTTP/1.1" 404 - "-" "Mozilla/5.0 AppleWebKit/537.36 (KHTML, like Gecko; compatible; GPTBot/1.2; +https://openai.com/gptbot)"
4.227.36.71 - - [18/Jan/2025:20:14:25 +0530] "GET /keywords=NIKE%20JORDAN%20ZION%203%20PF%2026.5%E3%8E%9D HTTP/1.1" 404 - "-" "Mozilla/5.0 AppleWebKit/537.36 (KHTML, like Gecko; compatible; GPTBot/1.2; +https://openai.com/gptbot)"
4.227.36.71 - - [18/Jan/2025:20:14:30 +0530] "GET /keywords=Citizen%20daichi%20Collection%20EE1000%2058L/ HTTP/1.1" 404 - "-" "Mozilla/5.0 AppleWebKit/537.36 (KHTML, like Gecko; compatible; GPTBot/1.2; +https://openai.com/gptbot)"
104.219.214.16 - - [18/Jan/2025:20:14:33 +0530] "GET /wp-includes/wp-configs.php HTTP/1.1" 404 - "https://sgmassage.in/wp-includes/wp-configs.php" "Mozilla/5.0 (Windows NT 10.0; Win64; x64) AppleWebKit/537.36 (KHTML, like Gecko) Chrome/58.0.3029.110 Safari/537.3"
4.227.36.71 - - [18/Jan/2025:20:14:33 +0530] "GET /keywords=00s%20oakley%20metal%203D%20logo%20cap%20y2k/ HTTP/1.1" 404 - "-" "Mozilla/5.0 AppleWebKit/537.36 (KHTML, like Gecko; compatible; GPTBot/1.2; +https://openai.com/gptbot)"
4.227.36.71 - - [18/Jan/2025:20:14:35 +0530] "GET /keywords=KISHIDA%20MIKI%20poodle%20fur%20mini%20skirt/ HTTP/1.1" 404 - "-" "Mozilla/5.0 AppleWebKit/537.36 (KHTML, like Gecko; compatible; GPTBot/1.2; +https://openai.com/gptbot)"
104.219.214.16 - - [18/Jan/2025:20:14:38 +0530] "GET / HTTP/1.1" 200 57770 "https://sgmassage.in" "Mozilla/5.0 (Windows NT 10.0; Win64; x64) AppleWebKit/537.36 (KHTML, like Gecko) Chrome/58.0.3029.110 Safari/537.3"
4.227.36.71 - - [18/Jan/2025:20:14:39 +0530] "GET /keywords=balenciaga%20sneaker%20head%20shoulder%20bag/ HTTP/1.1" 404 - "-" "Mozilla/5.0 AppleWebKit/537.36 (KHTML, like Gecko; compatible; GPTBot/1.2; +https://openai.com/gptbot)"
4.227.36.71 - - [18/Jan/2025:20:14:42 +0530] "GET /keywords=YOKE%205G%20OVERSIZED%20V-NECK%20KNIT%20VEST/ HTTP/1.1" 404 - "-" "Mozilla/5.0 AppleWebKit/537.36 (KHTML, like Gecko; compatible; GPTBot/1.2; +https://openai.com/gptbot)"
4.227.36.71 - - [18/Jan/2025:20:14:44 +0530] "GET /keywords=American%20Vintage%20II%201966%20Jazz%20Bass/ HTTP/1.1" 404 - "-" "Mozilla/5.0 AppleWebKit/537.36 (KHTML, like Gecko; compatible; GPTBot/1.2; +https://openai.com/gptbot)"
4.227.36.71 - - [18/Jan/2025:20:14:47 +0530] "GET /keywords=Supreme%20x%20Hanes%20Bones%20Thermal%20Crew/ HTTP/1.1" 404 - "-" "Mozilla/5.0 AppleWebKit/537.36 (KHTML, like Gecko; compatible; GPTBot/1.2; +https://openai.com/gptbot)"
4.227.36.71 - - [18/Jan/2025:20:14:51 +0530] "GET /keywords=vemuram%20myriad%20fuzz500%E7%95%AA%E5%8F%B0/ HTTP/1.1" 404 - "-" "Mozilla/5.0 AppleWebKit/537.36 (KHTML, like Gecko; compatible; GPTBot/1.2; +https://openai.com/gptbot)"
4.227.36.71 - - [18/Jan/2025:20:14:53 +0530] "GET /keywords=CALEE%20Allover%20feather%20amunzen%20shorts/ HTTP/1.1" 404 - "-" "Mozilla/5.0 AppleWebKit/537.36 (KHTML, like Gecko; compatible; GPTBot/1.2; +https://openai.com/gptbot)"
4.227.36.71 - - [18/Jan/2025:20:14:57 +0530] "GET /keywords=Barbie%20Kelly%20Surprise%20Birthday%20Party/ HTTP/1.1" 404 - "-" "Mozilla/5.0 AppleWebKit/537.36 (KHTML, like Gecko; compatible; GPTBot/1.2; +https://openai.com/gptbot)"
4.227.36.71 - - [18/Jan/2025:20:14:58 +0530] "GET /keywords=Epiphone%20LIMITED%20MODEL%20CASINO%20bigsby/ HTTP/1.1" 404 - "-" "Mozilla/5.0 AppleWebKit/537.36 (KHTML, like Gecko; compatible; GPTBot/1.2; +https://openai.com/gptbot)"
4.227.36.71 - - [18/Jan/2025:20:15:02 +0530] "GET /keywords=mikuo%20%E3%82%B3%E3%82%B9%E3%83%97%E3%83%AC/ HTTP/1.1" 404 - "-" "Mozilla/5.0 AppleWebKit/537.36 (KHTML, like Gecko; compatible; GPTBot/1.2; +https://openai.com/gptbot)"
4.227.36.71 - - [18/Jan/2025:20:15:06 +0530] "GET /keywords=ps4%20pro%201T%20%E7%AE%B1%E4%BB%98%E3%81%8D/ HTTP/1.1" 404 - "-" "Mozilla/5.0 AppleWebKit/537.36 (KHTML, like Gecko; compatible; GPTBot/1.2; +https://openai.com/gptbot)"
66.249.66.41 - - [18/Jan/2025:20:15:07 +0530] "GET /?shopdetail/26723458.html HTTP/1.1" 200 57770 "-" "Mozilla/5.0 (Linux; Android 6.0.1; Nexus 5X Build/MMB29P) AppleWebKit/537.36 (KHTML, like Gecko) Chrome/132.0.6834.83 Mobile Safari/537.36 (compatible; Googlebot/2.1; +http://www.google.com/bot.html)"
4.227.36.71 - - [18/Jan/2025:20:15:07 +0530] "GET /keywords=Toshiba%20dynabook%20T55%2FTWE%20PT55TWE-SNA/ HTTP/1.1" 404 - "-" "Mozilla/5.0 AppleWebKit/537.36 (KHTML, like Gecko; compatible; GPTBot/1.2; +https://openai.com/gptbot)"
4.227.36.71 - - [18/Jan/2025:20:15:11 +0530] "GET /keywords=X-LARGE%20S%2FS%200G%20WORK%20SHIRT%20ORANGE/ HTTP/1.1" 404 - "-" "Mozilla/5.0 AppleWebKit/537.36 (KHTML, like Gecko; compatible; GPTBot/1.2; +https://openai.com/gptbot)"
4.227.36.71 - - [18/Jan/2025:20:15:15 +0530] "GET /keywords=Supreme%20ENO%20Islande%20Nylon%20Blanket%20/ HTTP/1.1" 404 - "-" "Mozilla/5.0 AppleWebKit/537.36 (KHTML, like Gecko; compatible; GPTBot/1.2; +https://openai.com/gptbot)"
4.227.36.71 - - [18/Jan/2025:20:15:18 +0530] "GET /keywords=Jordan%20Air%20Jordan%201%20Retro%20Low%20OG/ HTTP/1.1" 404 - "-" "Mozilla/5.0 AppleWebKit/537.36 (KHTML, like Gecko; compatible; GPTBot/1.2; +https://openai.com/gptbot)"
4.227.36.71 - - [18/Jan/2025:20:15:19 +0530] "GET /keywords=Herlipto%20Hemingway%20Check%20Tweed%20Skirt/ HTTP/1.1" 404 - "-" "Mozilla/5.0 AppleWebKit/537.36 (KHTML, like Gecko; compatible; GPTBot/1.2; +https://openai.com/gptbot)"
4.227.36.71 - - [18/Jan/2025:20:15:23 +0530] "GET /keywords=Olympus%20ZUIKO%20DIGITAL%2040-150mm%20NO.224 HTTP/1.1" 404 - "-" "Mozilla/5.0 AppleWebKit/537.36 (KHTML, like Gecko; compatible; GPTBot/1.2; +https://openai.com/gptbot)"
4.227.36.71 - - [18/Jan/2025:20:15:27 +0530] "GET /keywords=SHARP%20%E8%84%B1%E8%87%AD%E6%A9%9F%20DY-S01/ HTTP/1.1" 404 - "-" "Mozilla/5.0 AppleWebKit/537.36 (KHTML, like Gecko; compatible; GPTBot/1.2; +https://openai.com/gptbot)"
4.227.36.71 - - [18/Jan/2025:20:15:30 +0530] "GET /keywords=laubeblanc%20%20Narrow%20line%20Cape%20Dress/ HTTP/1.1" 404 - "-" "Mozilla/5.0 AppleWebKit/537.36 (KHTML, like Gecko; compatible; GPTBot/1.2; +https://openai.com/gptbot)"
4.227.36.71 - - [18/Jan/2025:20:15:32 +0530] "GET /keywords=WTAPS%2023AW%20WAFFLE%2001%2FLS%2FCOTTON.SIGN HTTP/1.1" 404 - "-" "Mozilla/5.0 AppleWebKit/537.36 (KHTML, like Gecko; compatible; GPTBot/1.2; +https://openai.com/gptbot)"
4.227.36.71 - - [18/Jan/2025:20:15:34 +0530] "GET /keywords=Supreme%2FFrank%20Frazetta%20Soccer%20Jersey/ HTTP/1.1" 404 - "-" "Mozilla/5.0 AppleWebKit/537.36 (KHTML, like Gecko; compatible; GPTBot/1.2; +https://openai.com/gptbot)"
4.227.36.71 - - [18/Jan/2025:20:15:38 +0530] "GET /keywords=Victoria's%20Secret%20The%20Best%20of%20Mist/ HTTP/1.1" 404 - "-" "Mozilla/5.0 AppleWebKit/537.36 (KHTML, like Gecko; compatible; GPTBot/1.2; +https://openai.com/gptbot)"
4.227.36.71 - - [18/Jan/2025:20:15:42 +0530] "GET /keywords=GARMIN%20Fenix7pro%20sapphire%20dual%20power/ HTTP/1.1" 404 - "-" "Mozilla/5.0 AppleWebKit/537.36 (KHTML, like Gecko; compatible; GPTBot/1.2; +https://openai.com/gptbot)"
4.227.36.71 - - [18/Jan/2025:20:15:45 +0530] "GET /keywords=PRADA%20%E3%83%96%E3%83%A9%E3%82%A6%E3%82%B9/ HTTP/1.1" 404 - "-" "Mozilla/5.0 AppleWebKit/537.36 (KHTML, like Gecko; compatible; GPTBot/1.2; +https://openai.com/gptbot)"
4.227.36.71 - - [18/Jan/2025:20:15:47 +0530] "GET /keywords=Apple%20iPhone%2013%20%E3%83%9F%E3%83%8Bmini/ HTTP/1.1" 404 - "-" "Mozilla/5.0 AppleWebKit/537.36 (KHTML, like Gecko; compatible; GPTBot/1.2; +https://openai.com/gptbot)"
4.227.36.71 - - [18/Jan/2025:20:15:51 +0530] "GET /keywords=%E8%B6%85%E5%90%88%E9%87%91%E9%AD%82%20GX-04/ HTTP/1.1" 404 - "-" "Mozilla/5.0 AppleWebKit/537.36 (KHTML, like Gecko; compatible; GPTBot/1.2; +https://openai.com/gptbot)"
4.227.36.71 - - [18/Jan/2025:20:15:53 +0530] "GET /keywords=22-23%20ATOMIC%20BOOT%20REDSTER%20STI%2090LC/ HTTP/1.1" 404 - "-" "Mozilla/5.0 AppleWebKit/537.36 (KHTML, like Gecko; compatible; GPTBot/1.2; +https://openai.com/gptbot)"
4.227.36.71 - - [18/Jan/2025:20:15:57 +0530] "GET /keywords=iPhone8%20%E3%83%AC%E3%83%83%E3%83%89%2064GB/ HTTP/1.1" 404 - "-" "Mozilla/5.0 AppleWebKit/537.36 (KHTML, like Gecko; compatible; GPTBot/1.2; +https://openai.com/gptbot)"
4.227.36.71 - - [18/Jan/2025:20:15:59 +0530] "GET /keywords=RONSON%20standard%20long%20England%20vintage/ HTTP/1.1" 404 - "-" "Mozilla/5.0 AppleWebKit/537.36 (KHTML, like Gecko; compatible; GPTBot/1.2; +https://openai.com/gptbot)"
4.227.36.71 - - [18/Jan/2025:20:16:03 +0530] "GET /keywords=slack%20s.l.a.c.k.%20(wharabout%20my%20space) HTTP/1.1" 404 - "-" "Mozilla/5.0 AppleWebKit/537.36 (KHTML, like Gecko; compatible; GPTBot/1.2; +https://openai.com/gptbot)"
4.227.36.71 - - [18/Jan/2025:20:16:06 +0530] "GET /keywords=BE@RBRICK%20WORLD%20WIDE%20TOUR%205%E4%BD%93/ HTTP/1.1" 404 - "-" "Mozilla/5.0 AppleWebKit/537.36 (KHTML, like Gecko; compatible; GPTBot/1.2; +https://openai.com/gptbot)"
4.227.36.71 - - [18/Jan/2025:20:16:08 +0530] "GET /keywords=JIKON%20%E6%97%A5%E6%9C%AC%E9%85%92%201800ml/ HTTP/1.1" 404 - "-" "Mozilla/5.0 AppleWebKit/537.36 (KHTML, like Gecko; compatible; GPTBot/1.2; +https://openai.com/gptbot)"
4.227.36.71 - - [18/Jan/2025:20:16:11 +0530] "GET /keywords=coach%20%E3%83%AA%E3%83%A5%E3%83%83%E3%82%AF/ HTTP/1.1" 404 - "-" "Mozilla/5.0 AppleWebKit/537.36 (KHTML, like Gecko; compatible; GPTBot/1.2; +https://openai.com/gptbot)"
4.227.36.71 - - [18/Jan/2025:20:16:14 +0530] "GET /keywords=LIMITED%20WOODEN%20SOLE%20%E3%82%B5%E3%83%9C/ HTTP/1.1" 404 - "-" "Mozilla/5.0 AppleWebKit/537.36 (KHTML, like Gecko; compatible; GPTBot/1.2; +https://openai.com/gptbot)"
4.227.36.71 - - [18/Jan/2025:20:16:16 +0530] "GET /keywords=mystrada%E3%81%AE%E3%82%B3%E3%83%BC%E3%83%88/ HTTP/1.1" 404 - "-" "Mozilla/5.0 AppleWebKit/537.36 (KHTML, like Gecko; compatible; GPTBot/1.2; +https://openai.com/gptbot)"
4.227.36.71 - - [18/Jan/2025:20:16:19 +0530] "GET /keywords=OAKLEY%20fleece%20logo%20sweat%20black%20y2k/ HTTP/1.1" 404 - "-" "Mozilla/5.0 AppleWebKit/537.36 (KHTML, like Gecko; compatible; GPTBot/1.2; +https://openai.com/gptbot)"
4.227.36.71 - - [18/Jan/2025:20:16:24 +0530] "GET /keywords=THEREDRED%20G%20tech%20tops%20lace%20TR33332/ HTTP/1.1" 404 - "-" "Mozilla/5.0 AppleWebKit/537.36 (KHTML, like Gecko; compatible; GPTBot/1.2; +https://openai.com/gptbot)"
4.227.36.71 - - [18/Jan/2025:20:16:26 +0530] "GET /keywords=NBA%202023-24%20Donruss%20Optic%20MEGA%20Box/ HTTP/1.1" 404 - "-" "Mozilla/5.0 AppleWebKit/537.36 (KHTML, like Gecko; compatible; GPTBot/1.2; +https://openai.com/gptbot)"
4.227.36.71 - - [18/Jan/2025:20:16:29 +0530] "GET /keywords=DUNLOP%20RIM2000TOUR%20%26Diacluster%20RIM1.0 HTTP/1.1" 404 - "-" "Mozilla/5.0 AppleWebKit/537.36 (KHTML, like Gecko; compatible; GPTBot/1.2; +https://openai.com/gptbot)"
4.227.36.71 - - [18/Jan/2025:20:16:31 +0530] "GET /keywords=BEIGE%20%E3%83%96%E3%83%A9%E3%82%A6%E3%82%B9/ HTTP/1.1" 404 - "-" "Mozilla/5.0 AppleWebKit/537.36 (KHTML, like Gecko; compatible; GPTBot/1.2; +https://openai.com/gptbot)"
4.227.36.71 - - [18/Jan/2025:20:16:36 +0530] "GET /keywords=90s%20jil%20sander%20shearling%20coat%20mode/ HTTP/1.1" 404 - "-" "Mozilla/5.0 AppleWebKit/537.36 (KHTML, like Gecko; compatible; GPTBot/1.2; +https://openai.com/gptbot)"
4.227.36.71 - - [18/Jan/2025:20:16:38 +0530] "GET /keywords=Sacai%20%E3%82%AD%E3%83%A3%E3%83%83%E3%83%97/ HTTP/1.1" 404 - "-" "Mozilla/5.0 AppleWebKit/537.36 (KHTML, like Gecko; compatible; GPTBot/1.2; +https://openai.com/gptbot)"
4.227.36.71 - - [18/Jan/2025:20:16:40 +0530] "GET /keywords=Zippo%20%E3%83%A9%E3%82%A4%E3%82%BF%E3%83%BC/ HTTP/1.1" 404 - "-" "Mozilla/5.0 AppleWebKit/537.36 (KHTML, like Gecko; compatible; GPTBot/1.2; +https://openai.com/gptbot)"
4.227.36.71 - - [18/Jan/2025:20:16:44 +0530] "GET /keywords=Salem%20%E3%82%AD%E3%83%A3%E3%83%83%E3%83%97/ HTTP/1.1" 404 - "-" "Mozilla/5.0 AppleWebKit/537.36 (KHTML, like Gecko; compatible; GPTBot/1.2; +https://openai.com/gptbot)"
4.227.36.71 - - [18/Jan/2025:20:16:47 +0530] "GET /keywords=FURY3%20%E4%B8%87%E8%83%BD%E4%B8%B8%E9%8B%B8/ HTTP/1.1" 404 - "-" "Mozilla/5.0 AppleWebKit/537.36 (KHTML, like Gecko; compatible; GPTBot/1.2; +https://openai.com/gptbot)"
4.227.36.71 - - [18/Jan/2025:20:16:51 +0530] "GET /keywords=FUELFEST%E3%83%81%E3%82%B1%E3%83%83%E3%83%88/ HTTP/1.1" 404 - "-" "Mozilla/5.0 AppleWebKit/537.36 (KHTML, like Gecko; compatible; GPTBot/1.2; +https://openai.com/gptbot)"
4.227.36.71 - - [18/Jan/2025:20:16:52 +0530] "GET /keywords=Synology%20DS120j%20SSD1TB%E4%BB%98%E3%81%8D/ HTTP/1.1" 404 - "-" "Mozilla/5.0 AppleWebKit/537.36 (KHTML, like Gecko; compatible; GPTBot/1.2; +https://openai.com/gptbot)"
4.227.36.71 - - [18/Jan/2025:20:16:57 +0530] "GET /keywords=Onkyo%20R-805X%20%E8%A8%B3%E3%81%82%E3%82%8A/ HTTP/1.1" 404 - "-" "Mozilla/5.0 AppleWebKit/537.36 (KHTML, like Gecko; compatible; GPTBot/1.2; +https://openai.com/gptbot)"
4.227.36.71 - - [18/Jan/2025:20:16:59 +0530] "GET /keywords=g-rap%20YOUNG%20ED%20%2F%20TIME%20TO%20$TACK/ HTTP/1.1" 404 - "-" "Mozilla/5.0 AppleWebKit/537.36 (KHTML, like Gecko; compatible; GPTBot/1.2; +https://openai.com/gptbot)"
4.227.36.71 - - [18/Jan/2025:20:17:03 +0530] "GET /keywords=I%20love%20U%20from%20Hell%20DES%20feat.MEIKO HTTP/1.1" 404 - "-" "Mozilla/5.0 AppleWebKit/537.36 (KHTML, like Gecko; compatible; GPTBot/1.2; +https://openai.com/gptbot)"
4.227.36.71 - - [18/Jan/2025:20:17:05 +0530] "GET /keywords=Wrinkle%20Beauty%20Pro%20NEEDLE%20LIFT%20GEL/ HTTP/1.1" 404 - "-" "Mozilla/5.0 AppleWebKit/537.36 (KHTML, like Gecko; compatible; GPTBot/1.2; +https://openai.com/gptbot)"
4.227.36.71 - - [18/Jan/2025:20:17:07 +0530] "GET /keywords=AMIRI%20%E3%82%AD%E3%83%A3%E3%83%83%E3%83%97/ HTTP/1.1" 404 - "-" "Mozilla/5.0 AppleWebKit/537.36 (KHTML, like Gecko; compatible; GPTBot/1.2; +https://openai.com/gptbot)"
4.227.36.71 - - [18/Jan/2025:20:17:11 +0530] "GET /keywords=%E3%83%99%E3%82%B9%E3%83%91125%20Vespa%20ET4/ HTTP/1.1" 404 - "-" "Mozilla/5.0 AppleWebKit/537.36 (KHTML, like Gecko; compatible; GPTBot/1.2; +https://openai.com/gptbot)"
4.227.36.71 - - [18/Jan/2025:20:17:13 +0530] "GET /keywords=%E3%83%BB%20Supreme%20Longevity%20Soup%20Set/ HTTP/1.1" 404 - "-" "Mozilla/5.0 AppleWebKit/537.36 (KHTML, like Gecko; compatible; GPTBot/1.2; +https://openai.com/gptbot)"
4.227.36.71 - - [18/Jan/2025:20:17:18 +0530] "GET /keywords=%E3%80%90QUALIA%E3%80%91BELLEQUAGE%20Essence/ HTTP/1.1" 404 - "-" "Mozilla/5.0 AppleWebKit/537.36 (KHTML, like Gecko; compatible; GPTBot/1.2; +https://openai.com/gptbot)"
4.227.36.71 - - [18/Jan/2025:20:17:20 +0530] "GET /keywords=Louis%20Poulsen%20First%20House%20of%20Light/ HTTP/1.1" 404 - "-" "Mozilla/5.0 AppleWebKit/537.36 (KHTML, like Gecko; compatible; GPTBot/1.2; +https://openai.com/gptbot)"
4.227.36.71 - - [18/Jan/2025:20:17:23 +0530] "GET /keywords=WORK%20vs-mx%2017%E3%82%A4%E3%83%B3%E3%83%81/ HTTP/1.1" 404 - "-" "Mozilla/5.0 AppleWebKit/537.36 (KHTML, like Gecko; compatible; GPTBot/1.2; +https://openai.com/gptbot)"
4.227.36.71 - - [18/Jan/2025:20:17:27 +0530] "GET /keywords=An%20Ode%20HMV%20%E3%82%A6%E3%82%A9%E3%83%8C/ HTTP/1.1" 404 - "-" "Mozilla/5.0 AppleWebKit/537.36 (KHTML, like Gecko; compatible; GPTBot/1.2; +https://openai.com/gptbot)"
4.227.36.71 - - [18/Jan/2025:20:17:29 +0530] "GET /keywords=%E3%80%90Vintage%2080s%20Zaspel%E3%80%9180's/ HTTP/1.1" 404 - "-" "Mozilla/5.0 AppleWebKit/537.36 (KHTML, like Gecko; compatible; GPTBot/1.2; +https://openai.com/gptbot)"
4.227.36.71 - - [18/Jan/2025:20:17:33 +0530] "GET /keywords=Apple%20Mac%20mini(Late2014)CPU:I7-3Ghz-16GB/ HTTP/1.1" 404 - "-" "Mozilla/5.0 AppleWebKit/537.36 (KHTML, like Gecko; compatible; GPTBot/1.2; +https://openai.com/gptbot)"
4.227.36.71 - - [18/Jan/2025:20:17:36 +0530] "GET /keywords=DENON%202000IV%20%E3%82%A2%E3%83%B3%E3%83%97/ HTTP/1.1" 404 - "-" "Mozilla/5.0 AppleWebKit/537.36 (KHTML, like Gecko; compatible; GPTBot/1.2; +https://openai.com/gptbot)"
4.227.36.71 - - [18/Jan/2025:20:17:38 +0530] "GET /keywords=valo%20shade%20aozakura%20%E9%9D%92%E6%A1%9C/ HTTP/1.1" 404 - "-" "Mozilla/5.0 AppleWebKit/537.36 (KHTML, like Gecko; compatible; GPTBot/1.2; +https://openai.com/gptbot)"
4.227.36.71 - - [18/Jan/2025:20:17:42 +0530] "GET /keywords=THE%20RERACS%20Short%20Balcoller%20Coat%2048/ HTTP/1.1" 404 - "-" "Mozilla/5.0 AppleWebKit/537.36 (KHTML, like Gecko; compatible; GPTBot/1.2; +https://openai.com/gptbot)"
4.227.36.71 - - [18/Jan/2025:20:17:44 +0530] "GET /keywords=BM11-SEC3%20LC%20%E5%AD%AB%E6%82%9F%E7%A9%BA/ HTTP/1.1" 404 - "-" "Mozilla/5.0 AppleWebKit/537.36 (KHTML, like Gecko; compatible; GPTBot/1.2; +https://openai.com/gptbot)"
4.227.36.71 - - [18/Jan/2025:20:17:46 +0530] "GET /keywords=kolor%20%E3%82%B9%E3%82%AB%E3%83%BC%E3%83%88/ HTTP/1.1" 404 - "-" "Mozilla/5.0 AppleWebKit/537.36 (KHTML, like Gecko; compatible; GPTBot/1.2; +https://openai.com/gptbot)"
4.227.36.71 - - [18/Jan/2025:20:17:50 +0530] "GET /keywords=LYRIK%20ULTIMATE%20CHARGER%203.0%2029%20160mm HTTP/1.1" 404 - "-" "Mozilla/5.0 AppleWebKit/537.36 (KHTML, like Gecko; compatible; GPTBot/1.2; +https://openai.com/gptbot)"
4.227.36.71 - - [18/Jan/2025:20:17:52 +0530] "GET /keywords=stockholmsurfboardclub%20vans%20OgLampinDeco/ HTTP/1.1" 404 - "-" "Mozilla/5.0 AppleWebKit/537.36 (KHTML, like Gecko; compatible; GPTBot/1.2; +https://openai.com/gptbot)"
4.227.36.71 - - [18/Jan/2025:20:17:56 +0530] "GET /keywords=BURTON%20MISSION%20M%20%C3%97%20SIONYX%20144/ HTTP/1.1" 404 - "-" "Mozilla/5.0 AppleWebKit/537.36 (KHTML, like Gecko; compatible; GPTBot/1.2; +https://openai.com/gptbot)"
4.227.36.71 - - [18/Jan/2025:20:17:59 +0530] "GET /keywords=Allen%20Edmonds%209523%20Leeds%20Plain%20Toe/ HTTP/1.1" 404 - "-" "Mozilla/5.0 AppleWebKit/537.36 (KHTML, like Gecko; compatible; GPTBot/1.2; +https://openai.com/gptbot)"
66.249.66.43 - - [18/Jan/2025:20:18:01 +0530] "GET /considerable001000141.html HTTP/1.1" 404 - "-" "Mozilla/5.0 (Linux; Android 6.0.1; Nexus 5X Build/MMB29P) AppleWebKit/537.36 (KHTML, like Gecko) Chrome/132.0.6834.83 Mobile Safari/537.36 (compatible; Googlebot/2.1; +http://www.google.com/bot.html)"
66.249.66.42 - - [18/Jan/2025:20:18:02 +0530] "GET /number026000382.html HTTP/1.1" 404 - "-" "Mozilla/5.0 (Linux; Android 6.0.1; Nexus 5X Build/MMB29P) AppleWebKit/537.36 (KHTML, like Gecko) Chrome/132.0.6834.83 Mobile Safari/537.36 (compatible; Googlebot/2.1; +http://www.google.com/bot.html)"
4.227.36.71 - - [18/Jan/2025:20:18:02 +0530] "GET /keywords=MacBookAir%202019%208GB%2F128GB%20MVFH2J%2FA/ HTTP/1.1" 404 - "-" "Mozilla/5.0 AppleWebKit/537.36 (KHTML, like Gecko; compatible; GPTBot/1.2; +https://openai.com/gptbot)"
66.249.66.41 - - [18/Jan/2025:20:18:03 +0530] "GET /industry054000042.html HTTP/1.1" 404 - "-" "Mozilla/5.0 (Linux; Android 6.0.1; Nexus 5X Build/MMB29P) AppleWebKit/537.36 (KHTML, like Gecko) Chrome/132.0.6834.83 Mobile Safari/537.36 (compatible; Googlebot/2.1; +http://www.google.com/bot.html)"
66.249.66.41 - - [18/Jan/2025:20:18:03 +0530] "GET /sum017000883.html HTTP/1.1" 404 - "-" "Mozilla/5.0 (Linux; Android 6.0.1; Nexus 5X Build/MMB29P) AppleWebKit/537.36 (KHTML, like Gecko) Chrome/132.0.6834.83 Mobile Safari/537.36 (compatible; Googlebot/2.1; +http://www.google.com/bot.html)"
4.227.36.71 - - [18/Jan/2025:20:18:05 +0530] "GET /keywords=Ryu]%20Havana%20PLAIN%20L-Zip%20(L)%20WALLET/ HTTP/1.1" 404 - "-" "Mozilla/5.0 AppleWebKit/537.36 (KHTML, like Gecko; compatible; GPTBot/1.2; +https://openai.com/gptbot)"
4.227.36.71 - - [18/Jan/2025:20:18:07 +0530] "GET /keywords=MASU%20WING-CUT%20LEATHER%20TRUCKER%20JACKET/ HTTP/1.1" 404 - "-" "Mozilla/5.0 AppleWebKit/537.36 (KHTML, like Gecko; compatible; GPTBot/1.2; +https://openai.com/gptbot)"
4.227.36.71 - - [18/Jan/2025:20:18:11 +0530] "GET /keywords=YONEX%20%E3%83%8D%E3%82%A4%E3%83%93%E3%83%BC/ HTTP/1.1" 404 - "-" "Mozilla/5.0 AppleWebKit/537.36 (KHTML, like Gecko; compatible; GPTBot/1.2; +https://openai.com/gptbot)"
4.227.36.71 - - [18/Jan/2025:20:18:15 +0530] "GET /keywords=%E7%9B%B8%E6%A3%92%20DVD%20season1%E3%80%9C5/ HTTP/1.1" 404 - "-" "Mozilla/5.0 AppleWebKit/537.36 (KHTML, like Gecko; compatible; GPTBot/1.2; +https://openai.com/gptbot)"
4.227.36.71 - - [18/Jan/2025:20:18:17 +0530] "GET /keywords=cootieT%2FCWEATHER%20HOODED%20SHELL%20JACKET/ HTTP/1.1" 404 - "-" "Mozilla/5.0 AppleWebKit/537.36 (KHTML, like Gecko; compatible; GPTBot/1.2; +https://openai.com/gptbot)"
4.227.36.71 - - [18/Jan/2025:20:18:19 +0530] "GET /keywords=PERVERZE%20Double%20Stripe%20Knit%20Cardigan/ HTTP/1.1" 404 - "-" "Mozilla/5.0 AppleWebKit/537.36 (KHTML, like Gecko; compatible; GPTBot/1.2; +https://openai.com/gptbot)"
4.227.36.71 - - [18/Jan/2025:20:18:23 +0530] "GET /keywords=MELT%20THE%20LADY%20sheer%20cover%20camisole/ HTTP/1.1" 404 - "-" "Mozilla/5.0 AppleWebKit/537.36 (KHTML, like Gecko; compatible; GPTBot/1.2; +https://openai.com/gptbot)"
4.227.36.71 - - [18/Jan/2025:20:18:26 +0530] "GET /keywords=thisisneverthat%20%C3%97%20Timberland%2026cm/ HTTP/1.1" 404 - "-" "Mozilla/5.0 AppleWebKit/537.36 (KHTML, like Gecko; compatible; GPTBot/1.2; +https://openai.com/gptbot)"
4.227.36.71 - - [18/Jan/2025:20:18:30 +0530] "GET /keywords=%E3%83%9F%E3%83%8BPC%20MINIS%20FORUM%20UM250/ HTTP/1.1" 404 - "-" "Mozilla/5.0 AppleWebKit/537.36 (KHTML, like Gecko; compatible; GPTBot/1.2; +https://openai.com/gptbot)"
4.227.36.71 - - [18/Jan/2025:20:18:32 +0530] "GET /keywords=adidas%20foot%20indastory%20GAZELLE%20INDOOR/ HTTP/1.1" 404 - "-" "Mozilla/5.0 AppleWebKit/537.36 (KHTML, like Gecko; compatible; GPTBot/1.2; +https://openai.com/gptbot)"
66.249.66.41 - - [18/Jan/2025:20:18:33 +0530] "GET /product/come15?c=g&l=858 HTTP/1.1" 404 - "-" "Mozilla/5.0 (Linux; Android 6.0.1; Nexus 5X Build/MMB29P) AppleWebKit/537.36 (KHTML, like Gecko) Chrome/132.0.6834.83 Mobile Safari/537.36 (compatible; Googlebot/2.1; +http://www.google.com/bot.html)"
66.249.66.42 - - [18/Jan/2025:20:18:33 +0530] "GET /honey063000199.html HTTP/1.1" 404 - "-" "Mozilla/5.0 (Linux; Android 6.0.1; Nexus 5X Build/MMB29P) AppleWebKit/537.36 (KHTML, like Gecko) Chrome/132.0.6834.83 Mobile Safari/537.36 (compatible; Googlebot/2.1; +http://www.google.com/bot.html)"
66.249.66.41 - - [18/Jan/2025:20:18:33 +0530] "GET /?shopdetail/27608425.html HTTP/1.1" 200 57770 "-" "Mozilla/5.0 (Linux; Android 6.0.1; Nexus 5X Build/MMB29P) AppleWebKit/537.36 (KHTML, like Gecko) Chrome/132.0.6834.83 Mobile Safari/537.36 (compatible; Googlebot/2.1; +http://www.google.com/bot.html)"
4.227.36.71 - - [18/Jan/2025:20:18:35 +0530] "GET /keywords=STABRIDGE%20Marmot%20GTX%20ALPINIST%20JACKET/ HTTP/1.1" 404 - "-" "Mozilla/5.0 AppleWebKit/537.36 (KHTML, like Gecko; compatible; GPTBot/1.2; +https://openai.com/gptbot)"
4.227.36.71 - - [18/Jan/2025:20:18:38 +0530] "GET /keywords=New%20Balance%20990GR4%20990V4%2027cm%20GREY/ HTTP/1.1" 404 - "-" "Mozilla/5.0 AppleWebKit/537.36 (KHTML, like Gecko; compatible; GPTBot/1.2; +https://openai.com/gptbot)"
4.227.36.71 - - [18/Jan/2025:20:18:41 +0530] "GET /keywords=4WAY%20SIDE%20LINE%20CHECKERED%20ZIP%20OUTER/ HTTP/1.1" 404 - "-" "Mozilla/5.0 AppleWebKit/537.36 (KHTML, like Gecko; compatible; GPTBot/1.2; +https://openai.com/gptbot)"
4.227.36.71 - - [18/Jan/2025:20:18:45 +0530] "GET /keywords=90s%20HUGO%20BOSS%20Black%20Linen%20Trousers/ HTTP/1.1" 404 - "-" "Mozilla/5.0 AppleWebKit/537.36 (KHTML, like Gecko; compatible; GPTBot/1.2; +https://openai.com/gptbot)"
4.227.36.71 - - [18/Jan/2025:20:18:47 +0530] "GET /keywords=CFI-1000A01%20PlayStation5%E6%9C%AC%E4%BD%93/ HTTP/1.1" 404 - "-" "Mozilla/5.0 AppleWebKit/537.36 (KHTML, like Gecko; compatible; GPTBot/1.2; +https://openai.com/gptbot)"
4.227.36.71 - - [18/Jan/2025:20:18:50 +0530] "GET /keywords=Kota%20Gushiken%2021ss%20tete%20polo%20shirt/ HTTP/1.1" 404 - "-" "Mozilla/5.0 AppleWebKit/537.36 (KHTML, like Gecko; compatible; GPTBot/1.2; +https://openai.com/gptbot)"
4.227.36.71 - - [18/Jan/2025:20:18:53 +0530] "GET /keywords=DrMartensxRICKOWENS1460DMXLJUMBO%20LACE%20UP/ HTTP/1.1" 404 - "-" "Mozilla/5.0 AppleWebKit/537.36 (KHTML, like Gecko; compatible; GPTBot/1.2; +https://openai.com/gptbot)"
4.227.36.71 - - [18/Jan/2025:20:18:56 +0530] "GET /keywords=room306contemporary%20Belted%20Trench%20Coat/ HTTP/1.1" 404 - "-" "Mozilla/5.0 AppleWebKit/537.36 (KHTML, like Gecko; compatible; GPTBot/1.2; +https://openai.com/gptbot)"
66.249.66.41 - - [18/Jan/2025:20:18:57 +0530] "GET /product/weight22?c=g&l=681 HTTP/1.1" 404 - "-" "Mozilla/5.0 (Linux; Android 6.0.1; Nexus 5X Build/MMB29P) AppleWebKit/537.36 (KHTML, like Gecko) Chrome/132.0.6834.83 Mobile Safari/537.36 (compatible; Googlebot/2.1; +http://www.google.com/bot.html)"
66.249.66.41 - - [18/Jan/2025:20:18:57 +0530] "GET /nature045000943.html HTTP/1.1" 404 - "-" "Mozilla/5.0 (Linux; Android 6.0.1; Nexus 5X Build/MMB29P) AppleWebKit/537.36 (KHTML, like Gecko) Chrome/132.0.6834.83 Mobile Safari/537.36 (compatible; Googlebot/2.1; +http://www.google.com/bot.html)"
66.249.66.41 - - [18/Jan/2025:20:18:57 +0530] "GET /?shopdetail/18668614.html HTTP/1.1" 200 57770 "-" "Mozilla/5.0 (Linux; Android 6.0.1; Nexus 5X Build/MMB29P) AppleWebKit/537.36 (KHTML, like Gecko) Chrome/132.0.6834.83 Mobile Safari/537.36 (compatible; Googlebot/2.1; +http://www.google.com/bot.html)"
4.227.36.71 - - [18/Jan/2025:20:18:58 +0530] "GET /keywords=WTAPS%20New%20Balance%20998%20%2028cm%20US10/ HTTP/1.1" 404 - "-" "Mozilla/5.0 AppleWebKit/537.36 (KHTML, like Gecko; compatible; GPTBot/1.2; +https://openai.com/gptbot)"
4.227.36.71 - - [18/Jan/2025:20:19:02 +0530] "GET /keywords=BETTY'S%20BLUE%20%E3%83%90%E3%83%83%E3%82%B0/ HTTP/1.1" 404 - "-" "Mozilla/5.0 AppleWebKit/537.36 (KHTML, like Gecko; compatible; GPTBot/1.2; +https://openai.com/gptbot)"
4.227.36.71 - - [18/Jan/2025:20:19:05 +0530] "GET /keywords=Ugg%20Classic%20Ultra%20Mini%20New%20Heights/ HTTP/1.1" 404 - "-" "Mozilla/5.0 AppleWebKit/537.36 (KHTML, like Gecko; compatible; GPTBot/1.2; +https://openai.com/gptbot)"
4.227.36.71 - - [18/Jan/2025:20:19:09 +0530] "GET /keywords=LITMUS%20seasonal%20classic%20biker%20shorts/ HTTP/1.1" 404 - "-" "Mozilla/5.0 AppleWebKit/537.36 (KHTML, like Gecko; compatible; GPTBot/1.2; +https://openai.com/gptbot)"
4.227.36.71 - - [18/Jan/2025:20:19:10 +0530] "GET /keywords=WIND%20AND%20SEA%20STITCH%20LOGO%20SWEATPANT/ HTTP/1.1" 404 - "-" "Mozilla/5.0 AppleWebKit/537.36 (KHTML, like Gecko; compatible; GPTBot/1.2; +https://openai.com/gptbot)"
4.227.36.71 - - [18/Jan/2025:20:19:14 +0530] "GET /keywords=Bonjour%20Diary%20%20HANDSMOCK%20BLOUSE%206y/ HTTP/1.1" 404 - "-" "Mozilla/5.0 AppleWebKit/537.36 (KHTML, like Gecko; compatible; GPTBot/1.2; +https://openai.com/gptbot)"
4.227.36.71 - - [18/Jan/2025:20:19:16 +0530] "GET /keywords=SAVAGE%20BLOCK%20HOMBRE%20CHECK%20SHIRT%20LS/ HTTP/1.1" 404 - "-" "Mozilla/5.0 AppleWebKit/537.36 (KHTML, like Gecko; compatible; GPTBot/1.2; +https://openai.com/gptbot)"
66.249.66.41 - - [18/Jan/2025:20:19:19 +0530] "GET /assets/vendors/bxslider/jquery.bxslider.min.js HTTP/1.1" 404 - "https://www.sgmassage.in/?shopdetail/18668614.html" "Mozilla/5.0 (Linux; Android 6.0.1; Nexus 5X Build/MMB29P) AppleWebKit/537.36 (KHTML, like Gecko) Chrome/131.0.6778.204 Mobile Safari/537.36 (compatible; Googlebot/2.1; +http://www.google.com/bot.html)"
66.249.66.41 - - [18/Jan/2025:20:19:19 +0530] "GET /assets/vendors/jquery-ajaxchimp/jquery.ajaxchimp.min.js HTTP/1.1" 404 - "https://www.sgmassage.in/?shopdetail/18668614.html" "Mozilla/5.0 (Linux; Android 6.0.1; Nexus 5X Build/MMB29P) AppleWebKit/537.36 (KHTML, like Gecko) Chrome/131.0.6778.204 Mobile Safari/537.36 (compatible; Googlebot/2.1; +http://www.google.com/bot.html)"
66.249.66.42 - - [18/Jan/2025:20:19:20 +0530] "GET /assets/vendors/jquery-magnific-popup/jquery.magnific-popup.min.js HTTP/1.1" 404 - "https://www.sgmassage.in/?shopdetail/18668614.html" "Mozilla/5.0 (Linux; Android 6.0.1; Nexus 5X Build/MMB29P) AppleWebKit/537.36 (KHTML, like Gecko) Chrome/131.0.6778.204 Mobile Safari/537.36 (compatible; Googlebot/2.1; +http://www.google.com/bot.html)"
66.249.66.41 - - [18/Jan/2025:20:19:20 +0530] "GET /assets/vendors/twenty-twenty/twentytwenty.js HTTP/1.1" 404 - "https://www.sgmassage.in/?shopdetail/18668614.html" "Mozilla/5.0 (Linux; Android 6.0.1; Nexus 5X Build/MMB29P) AppleWebKit/537.36 (KHTML, like Gecko) Chrome/131.0.6778.204 Mobile Safari/537.36 (compatible; Googlebot/2.1; +http://www.google.com/bot.html)"
66.249.66.42 - - [18/Jan/2025:20:19:20 +0530] "GET /assets/vendors/swiper/swiper.min.js HTTP/1.1" 404 - "https://www.sgmassage.in/?shopdetail/18668614.html" "Mozilla/5.0 (Linux; Android 6.0.1; Nexus 5X Build/MMB29P) AppleWebKit/537.36 (KHTML, like Gecko) Chrome/131.0.6778.204 Mobile Safari/537.36 (compatible; Googlebot/2.1; +http://www.google.com/bot.html)"
66.249.66.42 - - [18/Jan/2025:20:19:20 +0530] "GET /assets/vendors/nouislider/nouislider.min.js HTTP/1.1" 404 - "https://www.sgmassage.in/?shopdetail/18668614.html" "Mozilla/5.0 (Linux; Android 6.0.1; Nexus 5X Build/MMB29P) AppleWebKit/537.36 (KHTML, like Gecko) Chrome/131.0.6778.204 Mobile Safari/537.36 (compatible; Googlebot/2.1; +http://www.google.com/bot.html)"
66.249.66.43 - - [18/Jan/2025:20:19:20 +0530] "GET /assets/vendors/bootstrap-select/js/bootstrap-select.min.js HTTP/1.1" 404 - "https://www.sgmassage.in/?shopdetail/18668614.html" "Mozilla/5.0 (Linux; Android 6.0.1; Nexus 5X Build/MMB29P) AppleWebKit/537.36 (KHTML, like Gecko) Chrome/131.0.6778.204 Mobile Safari/537.36 (compatible; Googlebot/2.1; +http://www.google.com/bot.html)"
66.249.66.42 - - [18/Jan/2025:20:19:20 +0530] "GET /assets/vendors/countdown/countdown.min.js HTTP/1.1" 404 - "https://www.sgmassage.in/?shopdetail/18668614.html" "Mozilla/5.0 (Linux; Android 6.0.1; Nexus 5X Build/MMB29P) AppleWebKit/537.36 (KHTML, like Gecko) Chrome/131.0.6778.204 Mobile Safari/537.36 (compatible; Googlebot/2.1; +http://www.google.com/bot.html)"
66.249.66.41 - - [18/Jan/2025:20:19:20 +0530] "GET /assets/vendors/jquery-circle-progress/jquery.circle-progress.min.js HTTP/1.1" 404 - "https://www.sgmassage.in/?shopdetail/18668614.html" "Mozilla/5.0 (Linux; Android 6.0.1; Nexus 5X Build/MMB29P) AppleWebKit/537.36 (KHTML, like Gecko) Chrome/131.0.6778.204 Mobile Safari/537.36 (compatible; Googlebot/2.1; +http://www.google.com/bot.html)"
66.249.66.41 - - [18/Jan/2025:20:19:20 +0530] "GET /assets/vendors/odometer/odometer.min.js HTTP/1.1" 404 - "https://www.sgmassage.in/?shopdetail/18668614.html" "Mozilla/5.0 (Linux; Android 6.0.1; Nexus 5X Build/MMB29P) AppleWebKit/537.36 (KHTML, like Gecko) Chrome/131.0.6778.204 Mobile Safari/537.36 (compatible; Googlebot/2.1; +http://www.google.com/bot.html)"
66.249.66.41 - - [18/Jan/2025:20:19:20 +0530] "GET /assets/vendors/jquery-appear/jquery.appear.min.js HTTP/1.1" 404 - "https://www.sgmassage.in/?shopdetail/18668614.html" "Mozilla/5.0 (Linux; Android 6.0.1; Nexus 5X Build/MMB29P) AppleWebKit/537.36 (KHTML, like Gecko) Chrome/131.0.6778.204 Mobile Safari/537.36 (compatible; Googlebot/2.1; +http://www.google.com/bot.html)"
66.249.66.41 - - [18/Jan/2025:20:19:20 +0530] "GET /assets/vendors/twenty-twenty/jquery.event.move.js HTTP/1.1" 404 - "https://www.sgmassage.in/?shopdetail/18668614.html" "Mozilla/5.0 (Linux; Android 6.0.1; Nexus 5X Build/MMB29P) AppleWebKit/537.36 (KHTML, like Gecko) Chrome/131.0.6778.204 Mobile Safari/537.36 (compatible; Googlebot/2.1; +http://www.google.com/bot.html)"
66.249.66.41 - - [18/Jan/2025:20:19:21 +0530] "GET /assets/vendors/isotope/isotope.js HTTP/1.1" 404 - "https://www.sgmassage.in/?shopdetail/18668614.html" "Mozilla/5.0 (Linux; Android 6.0.1; Nexus 5X Build/MMB29P) AppleWebKit/537.36 (KHTML, like Gecko) Chrome/131.0.6778.204 Mobile Safari/537.36 (compatible; Googlebot/2.1; +http://www.google.com/bot.html)"
4.227.36.71 - - [18/Jan/2025:20:19:21 +0530] "GET /keywords=FENDI%20%E3%83%93%E3%83%BC%E3%83%8B%E3%83%BC/ HTTP/1.1" 404 - "-" "Mozilla/5.0 AppleWebKit/537.36 (KHTML, like Gecko; compatible; GPTBot/1.2; +https://openai.com/gptbot)"
66.249.66.43 - - [18/Jan/2025:20:19:21 +0530] "GET /assets/vendors/jquery/jquery-3.6.0.min.js HTTP/1.1" 404 - "https://www.sgmassage.in/?shopdetail/18668614.html" "Mozilla/5.0 (Linux; Android 6.0.1; Nexus 5X Build/MMB29P) AppleWebKit/537.36 (KHTML, like Gecko) Chrome/131.0.6778.204 Mobile Safari/537.36 (compatible; Googlebot/2.1; +http://www.google.com/bot.html)"
66.249.66.43 - - [18/Jan/2025:20:19:21 +0530] "GET /assets/vendors/sidebar-content/jquery-sidebar-content.js HTTP/1.1" 404 - "https://www.sgmassage.in/?shopdetail/18668614.html" "Mozilla/5.0 (Linux; Android 6.0.1; Nexus 5X Build/MMB29P) AppleWebKit/537.36 (KHTML, like Gecko) Chrome/131.0.6778.204 Mobile Safari/537.36 (compatible; Googlebot/2.1; +http://www.google.com/bot.html)"
66.249.66.42 - - [18/Jan/2025:20:19:21 +0530] "GET /assets/vendors/wow/wow.js HTTP/1.1" 404 - "https://www.sgmassage.in/?shopdetail/18668614.html" "Mozilla/5.0 (Linux; Android 6.0.1; Nexus 5X Build/MMB29P) AppleWebKit/537.36 (KHTML, like Gecko) Chrome/131.0.6778.204 Mobile Safari/537.36 (compatible; Googlebot/2.1; +http://www.google.com/bot.html)"
66.249.66.41 - - [18/Jan/2025:20:19:21 +0530] "GET /assets/vendors/owl-carousel/owl.carousel.min.js HTTP/1.1" 404 - "https://www.sgmassage.in/?shopdetail/18668614.html" "Mozilla/5.0 (Linux; Android 6.0.1; Nexus 5X Build/MMB29P) AppleWebKit/537.36 (KHTML, like Gecko) Chrome/131.0.6778.204 Mobile Safari/537.36 (compatible; Googlebot/2.1; +http://www.google.com/bot.html)"
66.249.66.41 - - [18/Jan/2025:20:19:21 +0530] "GET /assets/vendors/jarallax/jarallax.min.js HTTP/1.1" 404 - "https://www.sgmassage.in/?shopdetail/18668614.html" "Mozilla/5.0 (Linux; Android 6.0.1; Nexus 5X Build/MMB29P) AppleWebKit/537.36 (KHTML, like Gecko) Chrome/131.0.6778.204 Mobile Safari/537.36 (compatible; Googlebot/2.1; +http://www.google.com/bot.html)"
66.249.66.41 - - [18/Jan/2025:20:19:21 +0530] "GET /assets/vendors/jquery-ui/jquery-ui.js HTTP/1.1" 404 - "https://www.sgmassage.in/?shopdetail/18668614.html" "Mozilla/5.0 (Linux; Android 6.0.1; Nexus 5X Build/MMB29P) AppleWebKit/537.36 (KHTML, like Gecko) Chrome/131.0.6778.204 Mobile Safari/537.36 (compatible; Googlebot/2.1; +http://www.google.com/bot.html)"
66.249.66.42 - - [18/Jan/2025:20:19:22 +0530] "GET /assets/vendors/circleType/jquery.lettering.min.js HTTP/1.1" 404 - "https://www.sgmassage.in/?shopdetail/18668614.html" "Mozilla/5.0 (Linux; Android 6.0.1; Nexus 5X Build/MMB29P) AppleWebKit/537.36 (KHTML, like Gecko) Chrome/131.0.6778.204 Mobile Safari/537.36 (compatible; Googlebot/2.1; +http://www.google.com/bot.html)"
66.249.66.42 - - [18/Jan/2025:20:19:22 +0530] "GET /assets/vendors/timepicker/timePicker.js HTTP/1.1" 404 - "https://www.sgmassage.in/?shopdetail/18668614.html" "Mozilla/5.0 (Linux; Android 6.0.1; Nexus 5X Build/MMB29P) AppleWebKit/537.36 (KHTML, like Gecko) Chrome/131.0.6778.204 Mobile Safari/537.36 (compatible; Googlebot/2.1; +http://www.google.com/bot.html)"
66.249.66.42 - - [18/Jan/2025:20:19:22 +0530] "GET /assets/js/mellis.js HTTP/1.1" 404 - "https://www.sgmassage.in/?shopdetail/18668614.html" "Mozilla/5.0 (Linux; Android 6.0.1; Nexus 5X Build/MMB29P) AppleWebKit/537.36 (KHTML, like Gecko) Chrome/131.0.6778.204 Mobile Safari/537.36 (compatible; Googlebot/2.1; +http://www.google.com/bot.html)"
66.249.66.41 - - [18/Jan/2025:20:19:22 +0530] "GET /assets/vendors/bootstrap/js/bootstrap.bundle.min.js HTTP/1.1" 404 - "https://www.sgmassage.in/?shopdetail/18668614.html" "Mozilla/5.0 (Linux; Android 6.0.1; Nexus 5X Build/MMB29P) AppleWebKit/537.36 (KHTML, like Gecko) Chrome/131.0.6778.204 Mobile Safari/537.36 (compatible; Googlebot/2.1; +http://www.google.com/bot.html)"
66.249.66.43 - - [18/Jan/2025:20:19:22 +0530] "GET /assets/vendors/vegas/vegas.min.js HTTP/1.1" 404 - "https://www.sgmassage.in/?shopdetail/18668614.html" "Mozilla/5.0 (Linux; Android 6.0.1; Nexus 5X Build/MMB29P) AppleWebKit/537.36 (KHTML, like Gecko) Chrome/131.0.6778.204 Mobile Safari/537.36 (compatible; Googlebot/2.1; +http://www.google.com/bot.html)"
66.249.66.41 - - [18/Jan/2025:20:19:22 +0530] "GET /assets/vendors/circleType/jquery.circleType.js HTTP/1.1" 404 - "https://www.sgmassage.in/?shopdetail/18668614.html" "Mozilla/5.0 (Linux; Android 6.0.1; Nexus 5X Build/MMB29P) AppleWebKit/537.36 (KHTML, like Gecko) Chrome/131.0.6778.204 Mobile Safari/537.36 (compatible; Googlebot/2.1; +http://www.google.com/bot.html)"
66.249.66.42 - - [18/Jan/2025:20:19:35 +0530] "GET /product/beautiful61?c=g&l=312 HTTP/1.1" 404 - "-" "Mozilla/5.0 (Linux; Android 6.0.1; Nexus 5X Build/MMB29P) AppleWebKit/537.36 (KHTML, like Gecko) Chrome/132.0.6834.83 Mobile Safari/537.36 (compatible; Googlebot/2.1; +http://www.google.com/bot.html)"
66.249.66.42 - - [18/Jan/2025:20:19:36 +0530] "GET /?shopdetail/3359425.html HTTP/1.1" 200 57770 "-" "Mozilla/5.0 (Linux; Android 6.0.1; Nexus 5X Build/MMB29P) AppleWebKit/537.36 (KHTML, like Gecko) Chrome/132.0.6834.83 Mobile Safari/537.36 (compatible; Googlebot/2.1; +http://www.google.com/bot.html)"
4.227.36.71 - - [18/Jan/2025:20:20:58 +0530] "GET /keywords=Supreme%20Tonal%20Box%20Logo%20Skateboard%20/ HTTP/1.1" 404 - "-" "Mozilla/5.0 AppleWebKit/537.36 (KHTML, like Gecko; compatible; GPTBot/1.2; +https://openai.com/gptbot)"
4.227.36.71 - - [18/Jan/2025:20:21:00 +0530] "GET /keywords=Supreme%2020FW%20Stone%20Washed%20Sweater%20/ HTTP/1.1" 404 - "-" "Mozilla/5.0 AppleWebKit/537.36 (KHTML, like Gecko; compatible; GPTBot/1.2; +https://openai.com/gptbot)"
4.227.36.71 - - [18/Jan/2025:20:21:04 +0530] "GET /keywords=Ans%20Dotsloevner%20Shoulder%20Turtle%20neck/ HTTP/1.1" 404 - "-" "Mozilla/5.0 AppleWebKit/537.36 (KHTML, like Gecko; compatible; GPTBot/1.2; +https://openai.com/gptbot)"
4.227.36.71 - - [18/Jan/2025:20:21:06 +0530] "GET /keywords=RUSSELL%20ATHLETIC%20Russell*Berklry%20C%2FN/ HTTP/1.1" 404 - "-" "Mozilla/5.0 AppleWebKit/537.36 (KHTML, like Gecko; compatible; GPTBot/1.2; +https://openai.com/gptbot)"
4.227.36.71 - - [18/Jan/2025:20:21:09 +0530] "GET /keywords=%E3%82%B9%E3%83%BC%E3%83%91%E3%83%BCDio%20sr/ HTTP/1.1" 404 - "-" "Mozilla/5.0 AppleWebKit/537.36 (KHTML, like Gecko; compatible; GPTBot/1.2; +https://openai.com/gptbot)"
4.227.36.71 - - [18/Jan/2025:20:21:13 +0530] "GET /keywords=Sigiswald%20Kuijken%20Chamber%20Music%2020CD/ HTTP/1.1" 404 - "-" "Mozilla/5.0 AppleWebKit/537.36 (KHTML, like Gecko; compatible; GPTBot/1.2; +https://openai.com/gptbot)"
4.227.36.71 - - [18/Jan/2025:20:21:16 +0530] "GET /keywords=EKATO%20%E3%83%AD%E3%83%BC%E3%83%A9%E3%83%BC/ HTTP/1.1" 404 - "-" "Mozilla/5.0 AppleWebKit/537.36 (KHTML, like Gecko; compatible; GPTBot/1.2; +https://openai.com/gptbot)"
4.227.36.71 - - [18/Jan/2025:20:21:19 +0530] "GET /keywords=vintage%20archive%20gimmick%20jacket%20black/ HTTP/1.1" 404 - "-" "Mozilla/5.0 AppleWebKit/537.36 (KHTML, like Gecko; compatible; GPTBot/1.2; +https://openai.com/gptbot)"
4.227.36.71 - - [18/Jan/2025:20:21:21 +0530] "GET /keywords=Apogee%20Duet%203%20+%20Apogee%20Duet%20Dock/ HTTP/1.1" 404 - "-" "Mozilla/5.0 AppleWebKit/537.36 (KHTML, like Gecko; compatible; GPTBot/1.2; +https://openai.com/gptbot)"
4.227.36.71 - - [18/Jan/2025:20:21:24 +0530] "GET /keywords=F.C.%20Real%20Bristol%20FCRB%20Shoulder%20Bag HTTP/1.1" 404 - "-" "Mozilla/5.0 AppleWebKit/537.36 (KHTML, like Gecko; compatible; GPTBot/1.2; +https://openai.com/gptbot)"
4.227.36.71 - - [18/Jan/2025:20:21:28 +0530] "GET /keywords=ICOM%20CW%20NARROW%20FILTER%20500Hz%20FL-52A/ HTTP/1.1" 404 - "-" "Mozilla/5.0 AppleWebKit/537.36 (KHTML, like Gecko; compatible; GPTBot/1.2; +https://openai.com/gptbot)"
4.227.36.71 - - [18/Jan/2025:20:21:30 +0530] "GET /keywords=kaoyorinakami%20connie%20bag%20check%20green/ HTTP/1.1" 404 - "-" "Mozilla/5.0 AppleWebKit/537.36 (KHTML, like Gecko; compatible; GPTBot/1.2; +https://openai.com/gptbot)"
4.227.36.71 - - [18/Jan/2025:20:21:34 +0530] "GET /keywords=SHINee%20WORLD%20VI%20PERFECT%20ILLUMINATION/ HTTP/1.1" 404 - "-" "Mozilla/5.0 AppleWebKit/537.36 (KHTML, like Gecko; compatible; GPTBot/1.2; +https://openai.com/gptbot)"
4.227.36.71 - - [18/Jan/2025:20:21:37 +0530] "GET /keywords=JBL%20FLIP%205%20JBLFLIP5BLK%20Black%20Matte/ HTTP/1.1" 404 - "-" "Mozilla/5.0 AppleWebKit/537.36 (KHTML, like Gecko; compatible; GPTBot/1.2; +https://openai.com/gptbot)"
4.227.36.71 - - [18/Jan/2025:20:21:39 +0530] "GET /keywords=Undermycar%2023SS%20Death%20Eaters%20T-shirt/ HTTP/1.1" 404 - "-" "Mozilla/5.0 AppleWebKit/537.36 (KHTML, like Gecko; compatible; GPTBot/1.2; +https://openai.com/gptbot)"
4.227.36.71 - - [18/Jan/2025:20:21:42 +0530] "GET /keywords=[Lsoul]Ngoctrinhwith%20RUTALDRESS%20FULLSIZE/ HTTP/1.1" 404 - "-" "Mozilla/5.0 AppleWebKit/537.36 (KHTML, like Gecko; compatible; GPTBot/1.2; +https://openai.com/gptbot)"
4.227.36.71 - - [18/Jan/2025:20:21:46 +0530] "GET /keywords=XS%20VALIEM%20MONSTER%20MOUTH%20SKULL%20BOWL/ HTTP/1.1" 404 - "-" "Mozilla/5.0 AppleWebKit/537.36 (KHTML, like Gecko; compatible; GPTBot/1.2; +https://openai.com/gptbot)"
4.227.36.71 - - [18/Jan/2025:20:21:48 +0530] "GET /keywords=PSA10%20N%20THE%20BEST%20OF%20XY%20180%2F171/ HTTP/1.1" 404 - "-" "Mozilla/5.0 AppleWebKit/537.36 (KHTML, like Gecko; compatible; GPTBot/1.2; +https://openai.com/gptbot)"
4.227.36.71 - - [18/Jan/2025:20:21:51 +0530] "GET /keywords=CTHY%20WINDING%20RING%20SILVER%2013%E5%8F%B7/ HTTP/1.1" 404 - "-" "Mozilla/5.0 AppleWebKit/537.36 (KHTML, like Gecko; compatible; GPTBot/1.2; +https://openai.com/gptbot)"
4.227.36.71 - - [18/Jan/2025:20:21:55 +0530] "GET /keywords=ATOMIC%20REDSTER%20G9%20RS%20+%20X16%20183cm/ HTTP/1.1" 404 - "-" "Mozilla/5.0 AppleWebKit/537.36 (KHTML, like Gecko; compatible; GPTBot/1.2; +https://openai.com/gptbot)"
4.227.36.71 - - [18/Jan/2025:20:21:57 +0530] "GET /keywords=Theredthread%20S%20ring%20asymmetry%20hoodie/ HTTP/1.1" 404 - "-" "Mozilla/5.0 AppleWebKit/537.36 (KHTML, like Gecko; compatible; GPTBot/1.2; +https://openai.com/gptbot)"
4.227.36.71 - - [18/Jan/2025:20:22:01 +0530] "GET /keywords=AUSTINN%20Carmella%20Ranch%20Coat%20-%20Navy/ HTTP/1.1" 404 - "-" "Mozilla/5.0 AppleWebKit/537.36 (KHTML, like Gecko; compatible; GPTBot/1.2; +https://openai.com/gptbot)"
4.227.36.71 - - [18/Jan/2025:20:22:04 +0530] "GET /keywords=Viviennewestwood%20MAN%20MINI%20BAS%20RELIEF/ HTTP/1.1" 404 - "-" "Mozilla/5.0 AppleWebKit/537.36 (KHTML, like Gecko; compatible; GPTBot/1.2; +https://openai.com/gptbot)"
4.227.36.71 - - [18/Jan/2025:20:22:06 +0530] "GET /keywords=IDA%20SPLY%20V3%20IDA%20ESSENTIAL%20ZIP%20UP/ HTTP/1.1" 404 - "-" "Mozilla/5.0 AppleWebKit/537.36 (KHTML, like Gecko; compatible; GPTBot/1.2; +https://openai.com/gptbot)"
4.227.36.71 - - [18/Jan/2025:20:22:09 +0530] "GET /keywords=Nike%20Phantom%20GX%20II%20Academy%20TF%208.5 HTTP/1.1" 404 - "-" "Mozilla/5.0 AppleWebKit/537.36 (KHTML, like Gecko; compatible; GPTBot/1.2; +https://openai.com/gptbot)"
4.227.36.71 - - [18/Jan/2025:20:22:13 +0530] "GET /keywords=442%20Lifebook%20U938%20SSD256GB%20Windows11/ HTTP/1.1" 404 - "-" "Mozilla/5.0 AppleWebKit/537.36 (KHTML, like Gecko; compatible; GPTBot/1.2; +https://openai.com/gptbot)"
4.227.36.71 - - [18/Jan/2025:20:22:15 +0530] "GET /keywords=ayakawasaki%E2%99%A1small%20drawstring%20bag/ HTTP/1.1" 404 - "-" "Mozilla/5.0 AppleWebKit/537.36 (KHTML, like Gecko; compatible; GPTBot/1.2; +https://openai.com/gptbot)"
4.227.36.71 - - [18/Jan/2025:20:22:18 +0530] "GET /keywords=WACKO%20MARIA%20MOHAIR%20CARDIGAN%20(TYPE-1)/ HTTP/1.1" 404 - "-" "Mozilla/5.0 AppleWebKit/537.36 (KHTML, like Gecko; compatible; GPTBot/1.2; +https://openai.com/gptbot)"
4.227.36.71 - - [18/Jan/2025:20:22:22 +0530] "GET /keywords=YELLOTOKYOBLACKDOUBLESNEAKER%20SHORT%20BOOTS/ HTTP/1.1" 404 - "-" "Mozilla/5.0 AppleWebKit/537.36 (KHTML, like Gecko; compatible; GPTBot/1.2; +https://openai.com/gptbot)"
4.227.36.71 - - [18/Jan/2025:20:22:24 +0530] "GET /keywords=Jean%20Paul%20Gaultier%20Skull%20Power%20Net/ HTTP/1.1" 404 - "-" "Mozilla/5.0 AppleWebKit/537.36 (KHTML, like Gecko; compatible; GPTBot/1.2; +https://openai.com/gptbot)"
4.227.36.71 - - [18/Jan/2025:20:22:28 +0530] "GET /keywords=Wasted%20Youth%20x%20G-Shock%20DW-5900WY-2JR/ HTTP/1.1" 404 - "-" "Mozilla/5.0 AppleWebKit/537.36 (KHTML, like Gecko; compatible; GPTBot/1.2; +https://openai.com/gptbot)"
4.227.36.71 - - [18/Jan/2025:20:22:30 +0530] "GET /keywords=Jung%20Kook%20Exhibition%20GOLDEN%20NECKLACE/ HTTP/1.1" 404 - "-" "Mozilla/5.0 AppleWebKit/537.36 (KHTML, like Gecko; compatible; GPTBot/1.2; +https://openai.com/gptbot)"
4.227.36.71 - - [18/Jan/2025:20:22:33 +0530] "GET /keywords=M-SOUNDS%20MS-TW11RD%20MS-TW11BL%20MS-TW11RG/ HTTP/1.1" 404 - "-" "Mozilla/5.0 AppleWebKit/537.36 (KHTML, like Gecko; compatible; GPTBot/1.2; +https://openai.com/gptbot)"
4.227.36.71 - - [18/Jan/2025:20:22:36 +0530] "GET /keywords=URBAN%20RESEARCH%20%20XX87-2HU0201%20EMELINA/ HTTP/1.1" 404 - "-" "Mozilla/5.0 AppleWebKit/537.36 (KHTML, like Gecko; compatible; GPTBot/1.2; +https://openai.com/gptbot)"
4.227.36.71 - - [18/Jan/2025:20:22:40 +0530] "GET /keywords=comfortable%20reason%20Duck%20Daily%20Slacks/ HTTP/1.1" 404 - "-" "Mozilla/5.0 AppleWebKit/537.36 (KHTML, like Gecko; compatible; GPTBot/1.2; +https://openai.com/gptbot)"
4.227.36.71 - - [18/Jan/2025:20:22:43 +0530] "GET /keywords=ALIEN%20MAGIC%20-%20E.T%20CERAMIC%20WAX%20KIT HTTP/1.1" 404 - "-" "Mozilla/5.0 AppleWebKit/537.36 (KHTML, like Gecko; compatible; GPTBot/1.2; +https://openai.com/gptbot)"
4.227.36.71 - - [18/Jan/2025:20:22:46 +0530] "GET /keywords=Supreme%20Hearts%20Arc%20Hooded%20Sweatshirt/ HTTP/1.1" 404 - "-" "Mozilla/5.0 AppleWebKit/537.36 (KHTML, like Gecko; compatible; GPTBot/1.2; +https://openai.com/gptbot)"
4.227.36.71 - - [18/Jan/2025:20:22:48 +0530] "GET /keywords=OFF-WHITE%20FOR%20MONEY%20%E8%B2%A1%E5%B8%83/ HTTP/1.1" 404 - "-" "Mozilla/5.0 AppleWebKit/537.36 (KHTML, like Gecko; compatible; GPTBot/1.2; +https://openai.com/gptbot)"
66.249.66.41 - - [18/Jan/2025:20:22:49 +0530] "GET /?shopdetail/30275625.html HTTP/1.1" 200 57770 "-" "Mozilla/5.0 (Linux; Android 6.0.1; Nexus 5X Build/MMB29P) AppleWebKit/537.36 (KHTML, like Gecko) Chrome/132.0.6834.83 Mobile Safari/537.36 (compatible; Googlebot/2.1; +http://www.google.com/bot.html)"
4.227.36.71 - - [18/Jan/2025:20:22:52 +0530] "GET /keywords=BENNU%20%E3%82%B8%E3%83%BC%E3%83%B3%E3%82%BA/ HTTP/1.1" 404 - "-" "Mozilla/5.0 AppleWebKit/537.36 (KHTML, like Gecko; compatible; GPTBot/1.2; +https://openai.com/gptbot)"
4.227.36.71 - - [18/Jan/2025:20:22:54 +0530] "GET /keywords=METAL%20GEAR%20SOLID%20V%20PREMIUM%20PACKAGE/ HTTP/1.1" 404 - "-" "Mozilla/5.0 AppleWebKit/537.36 (KHTML, like Gecko; compatible; GPTBot/1.2; +https://openai.com/gptbot)"
4.227.36.71 - - [18/Jan/2025:20:22:58 +0530] "GET /keywords=%E3%83%92%E3%82%B9%E3%83%9F%E3%83%8B%20130cm/ HTTP/1.1" 404 - "-" "Mozilla/5.0 AppleWebKit/537.36 (KHTML, like Gecko; compatible; GPTBot/1.2; +https://openai.com/gptbot)"
4.227.36.71 - - [18/Jan/2025:20:23:01 +0530] "GET /keywords=MARC%20JACOBS%20THE%20TOTE%20BAG%20%E9%BB%92/ HTTP/1.1" 404 - "-" "Mozilla/5.0 AppleWebKit/537.36 (KHTML, like Gecko; compatible; GPTBot/1.2; +https://openai.com/gptbot)"
4.227.36.71 - - [18/Jan/2025:20:23:04 +0530] "GET /keywords=PRO-AUR-SPC%20FISHMAN%20Aura%20Spectrum%20DI/ HTTP/1.1" 404 - "-" "Mozilla/5.0 AppleWebKit/537.36 (KHTML, like Gecko; compatible; GPTBot/1.2; +https://openai.com/gptbot)"
4.227.36.71 - - [18/Jan/2025:20:23:06 +0530] "GET /keywords=ARTS%26SCIENCARTS%26SCIENCE%20Gather%20Dress/ HTTP/1.1" 404 - "-" "Mozilla/5.0 AppleWebKit/537.36 (KHTML, like Gecko; compatible; GPTBot/1.2; +https://openai.com/gptbot)"
4.227.36.71 - - [18/Jan/2025:20:23:09 +0530] "GET /keywords=Tamagotchi%20Uni%20Angel%20Festival%E3%83%BB/ HTTP/1.1" 404 - "-" "Mozilla/5.0 AppleWebKit/537.36 (KHTML, like Gecko; compatible; GPTBot/1.2; +https://openai.com/gptbot)"
66.249.66.42 - - [18/Jan/2025:20:23:13 +0530] "GET /product/decline15?c=g&l=704 HTTP/1.1" 404 - "-" "Mozilla/5.0 (Linux; Android 6.0.1; Nexus 5X Build/MMB29P) AppleWebKit/537.36 (KHTML, like Gecko) Chrome/132.0.6834.83 Mobile Safari/537.36 (compatible; Googlebot/2.1; +http://www.google.com/bot.html)"
4.227.36.71 - - [18/Jan/2025:20:23:13 +0530] "GET /keywords=HERA%20BLACK%20CUSHION%20SPF34%2FPA++%2021N1/ HTTP/1.1" 404 - "-" "Mozilla/5.0 AppleWebKit/537.36 (KHTML, like Gecko; compatible; GPTBot/1.2; +https://openai.com/gptbot)"
66.249.66.41 - - [18/Jan/2025:20:23:13 +0530] "GET /drain075000217.html HTTP/1.1" 404 - "-" "Mozilla/5.0 (Linux; Android 6.0.1; Nexus 5X Build/MMB29P) AppleWebKit/537.36 (KHTML, like Gecko) Chrome/132.0.6834.83 Mobile Safari/537.36 (compatible; Googlebot/2.1; +http://www.google.com/bot.html)"
4.227.36.71 - - [18/Jan/2025:20:23:15 +0530] "GET /keywords=NB2002%C3%97beams%E3%82%B3%E3%83%A9%E3%83%9C/ HTTP/1.1" 404 - "-" "Mozilla/5.0 AppleWebKit/537.36 (KHTML, like Gecko; compatible; GPTBot/1.2; +https://openai.com/gptbot)"
4.227.36.71 - - [18/Jan/2025:20:23:18 +0530] "GET /keywords=%E2%98%85%E2%98%86mikity%E2%98%86%E2%98%85OK/ HTTP/1.1" 404 - "-" "Mozilla/5.0 AppleWebKit/537.36 (KHTML, like Gecko; compatible; GPTBot/1.2; +https://openai.com/gptbot)"
4.227.36.71 - - [18/Jan/2025:20:23:22 +0530] "GET /keywords=ENFOLD%20RIB%C3%97CABLE%20LAYERED%20PULLOVER/ HTTP/1.1" 404 - "-" "Mozilla/5.0 AppleWebKit/537.36 (KHTML, like Gecko; compatible; GPTBot/1.2; +https://openai.com/gptbot)"
4.227.36.71 - - [18/Jan/2025:20:23:24 +0530] "GET /keywords=Chloe%20%E3%83%AA%E3%83%A5%E3%83%83%E3%82%AF/ HTTP/1.1" 404 - "-" "Mozilla/5.0 AppleWebKit/537.36 (KHTML, like Gecko; compatible; GPTBot/1.2; +https://openai.com/gptbot)"
4.227.36.71 - - [18/Jan/2025:20:23:28 +0530] "GET /keywords=Canon%20ZOOM%20LENS%20EF%2020~35mm%20F2.8%20L HTTP/1.1" 404 - "-" "Mozilla/5.0 AppleWebKit/537.36 (KHTML, like Gecko; compatible; GPTBot/1.2; +https://openai.com/gptbot)"
4.227.36.71 - - [18/Jan/2025:20:23:31 +0530] "GET /keywords=%EF%BC%81DJI%20RC%E9%80%81%E4%BF%A1%E6%A9%9F/ HTTP/1.1" 404 - "-" "Mozilla/5.0 AppleWebKit/537.36 (KHTML, like Gecko; compatible; GPTBot/1.2; +https://openai.com/gptbot)"
4.227.36.71 - - [18/Jan/2025:20:23:33 +0530] "GET /keywords=A.P.C.%20%E3%82%A2%E3%82%A6%E3%82%BF%E3%83%BC HTTP/1.1" 404 - "-" "Mozilla/5.0 AppleWebKit/537.36 (KHTML, like Gecko; compatible; GPTBot/1.2; +https://openai.com/gptbot)"
