4.227.36.71 - - [18/Jan/2025:16:12:06 +0530] "GET /keywords=Dice%20Open%20Collar%20Shirts%20size46/ HTTP/1.1" 404 - "-" "Mozilla/5.0 AppleWebKit/537.36 (KHTML, like Gecko; compatible; GPTBot/1.2; +https://openai.com/gptbot)"
4.227.36.71 - - [18/Jan/2025:16:12:09 +0530] "GET /keywords=P%E3%83%BB790%20%20(2021)%207%E6%9C%AC/ HTTP/1.1" 404 - "-" "Mozilla/5.0 AppleWebKit/537.36 (KHTML, like Gecko; compatible; GPTBot/1.2; +https://openai.com/gptbot)"
4.227.36.71 - - [18/Jan/2025:16:12:13 +0530] "GET /keywords=ink%20remake%20leather%20riders%20vest/ HTTP/1.1" 404 - "-" "Mozilla/5.0 AppleWebKit/537.36 (KHTML, like Gecko; compatible; GPTBot/1.2; +https://openai.com/gptbot)"
4.227.36.71 - - [18/Jan/2025:16:12:15 +0530] "GET /keywords=[]%20Nikon%20NIKKOR%20Z%2040mm%20f%2F2/ HTTP/1.1" 404 - "-" "Mozilla/5.0 AppleWebKit/537.36 (KHTML, like Gecko; compatible; GPTBot/1.2; +https://openai.com/gptbot)"
4.227.36.71 - - [18/Jan/2025:16:12:18 +0530] "GET /keywords=supreme%2021SS%20Small%20Box%20Sweater/ HTTP/1.1" 404 - "-" "Mozilla/5.0 AppleWebKit/537.36 (KHTML, like Gecko; compatible; GPTBot/1.2; +https://openai.com/gptbot)"
4.227.36.71 - - [18/Jan/2025:16:12:21 +0530] "GET /keywords=Barbour%20OS%20Beaufort%20Wax%20Jacket/ HTTP/1.1" 404 - "-" "Mozilla/5.0 AppleWebKit/537.36 (KHTML, like Gecko; compatible; GPTBot/1.2; +https://openai.com/gptbot)"
4.227.36.71 - - [18/Jan/2025:16:12:24 +0530] "GET /keywords=PlayStation5%20Pro%20PS5%20CFI-7000B01/ HTTP/1.1" 404 - "-" "Mozilla/5.0 AppleWebKit/537.36 (KHTML, like Gecko; compatible; GPTBot/1.2; +https://openai.com/gptbot)"
4.227.36.71 - - [18/Jan/2025:16:12:27 +0530] "GET /keywords=SAMURAI%20CHAMPLOO%20MUSIC%20RECORD%20/ HTTP/1.1" 404 - "-" "Mozilla/5.0 AppleWebKit/537.36 (KHTML, like Gecko; compatible; GPTBot/1.2; +https://openai.com/gptbot)"
4.227.36.71 - - [18/Jan/2025:16:12:30 +0530] "GET /keywords=FISHING%20TACKLE%20PACK%20VER.2%20BLACK HTTP/1.1" 404 - "-" "Mozilla/5.0 AppleWebKit/537.36 (KHTML, like Gecko; compatible; GPTBot/1.2; +https://openai.com/gptbot)"
4.227.36.71 - - [18/Jan/2025:16:12:33 +0530] "GET /keywords=Ameri%20LADY%20LIKE%20TWEED%20SET%20UP/ HTTP/1.1" 404 - "-" "Mozilla/5.0 AppleWebKit/537.36 (KHTML, like Gecko; compatible; GPTBot/1.2; +https://openai.com/gptbot)"
4.227.36.71 - - [18/Jan/2025:16:12:37 +0530] "GET /keywords=Supreme%20military%20camp%20cap%2024FW/ HTTP/1.1" 404 - "-" "Mozilla/5.0 AppleWebKit/537.36 (KHTML, like Gecko; compatible; GPTBot/1.2; +https://openai.com/gptbot)"
66.249.66.42 - - [18/Jan/2025:16:12:37 +0530] "GET /376904161916064.html HTTP/1.1" 404 - "-" "Mozilla/5.0 (Linux; Android 6.0.1; Nexus 5X Build/MMB29P) AppleWebKit/537.36 (KHTML, like Gecko) Chrome/132.0.6834.83 Mobile Safari/537.36 (compatible; GoogleOther)"
4.227.36.71 - - [18/Jan/2025:16:12:39 +0530] "GET /keywords=MHL.%E3%83%91%E3%83%B3%E3%83%84%2FBLACK HTTP/1.1" 404 - "-" "Mozilla/5.0 AppleWebKit/537.36 (KHTML, like Gecko; compatible; GPTBot/1.2; +https://openai.com/gptbot)"
4.227.36.71 - - [18/Jan/2025:16:12:42 +0530] "GET /keywords=Hokkaido%20Air%20System%20ATR%2042-600/ HTTP/1.1" 404 - "-" "Mozilla/5.0 AppleWebKit/537.36 (KHTML, like Gecko; compatible; GPTBot/1.2; +https://openai.com/gptbot)"
4.227.36.71 - - [18/Jan/2025:16:12:44 +0530] "GET /keywords=Herlipto%20Las%20Flores%20Cami%20Dress/ HTTP/1.1" 404 - "-" "Mozilla/5.0 AppleWebKit/537.36 (KHTML, like Gecko; compatible; GPTBot/1.2; +https://openai.com/gptbot)"
4.227.36.71 - - [18/Jan/2025:16:12:48 +0530] "GET /keywords=%E3%82%B3%E3%82%A4%E3%82%B117mm%2013mm/ HTTP/1.1" 404 - "-" "Mozilla/5.0 AppleWebKit/537.36 (KHTML, like Gecko; compatible; GPTBot/1.2; +https://openai.com/gptbot)"
4.227.36.71 - - [18/Jan/2025:16:12:52 +0530] "GET /keywords=FaxCopyExpress%2Fhandinfrontpocket%20S/ HTTP/1.1" 404 - "-" "Mozilla/5.0 AppleWebKit/537.36 (KHTML, like Gecko; compatible; GPTBot/1.2; +https://openai.com/gptbot)"
4.227.36.71 - - [18/Jan/2025:16:12:54 +0530] "GET /keywords=MSI%20B450%20GAMING%20PLUS%20MAX%20AM4/ HTTP/1.1" 404 - "-" "Mozilla/5.0 AppleWebKit/537.36 (KHTML, like Gecko; compatible; GPTBot/1.2; +https://openai.com/gptbot)"
4.227.36.71 - - [18/Jan/2025:16:12:58 +0530] "GET /keywords=Apple%20iPhone%208%2064GB%20(MQ792JJA)/ HTTP/1.1" 404 - "-" "Mozilla/5.0 AppleWebKit/537.36 (KHTML, like Gecko; compatible; GPTBot/1.2; +https://openai.com/gptbot)"
4.227.36.71 - - [18/Jan/2025:16:13:01 +0530] "GET /keywords=%E3%82%B7%E3%83%A0%E3%82%B9%20Simms%20/ HTTP/1.1" 404 - "-" "Mozilla/5.0 AppleWebKit/537.36 (KHTML, like Gecko; compatible; GPTBot/1.2; +https://openai.com/gptbot)"
4.227.36.71 - - [18/Jan/2025:16:13:04 +0530] "GET /keywords=ARC'TERYX%20VENTA%20GLOVE%20Forage%20S/ HTTP/1.1" 404 - "-" "Mozilla/5.0 AppleWebKit/537.36 (KHTML, like Gecko; compatible; GPTBot/1.2; +https://openai.com/gptbot)"
4.227.36.71 - - [18/Jan/2025:16:13:06 +0530] "GET /keywords=JULIUS%20TART%20OPTICAL%20AR%2044%2022/ HTTP/1.1" 404 - "-" "Mozilla/5.0 AppleWebKit/537.36 (KHTML, like Gecko; compatible; GPTBot/1.2; +https://openai.com/gptbot)"
4.227.36.71 - - [18/Jan/2025:16:13:09 +0530] "GET /keywords=theredthread%20S%20cutting%20denim%202/ HTTP/1.1" 404 - "-" "Mozilla/5.0 AppleWebKit/537.36 (KHTML, like Gecko; compatible; GPTBot/1.2; +https://openai.com/gptbot)"
4.227.36.71 - - [18/Jan/2025:16:13:11 +0530] "GET /keywords=27.5%E3%8E%9D%20JORDAN%20COURTSIDE%2023 HTTP/1.1" 404 - "-" "Mozilla/5.0 AppleWebKit/537.36 (KHTML, like Gecko; compatible; GPTBot/1.2; +https://openai.com/gptbot)"
4.227.36.71 - - [18/Jan/2025:16:13:15 +0530] "GET /keywords=%E3%80%90PROTOconcept%E3%80%91C03tc%20/ HTTP/1.1" 404 - "-" "Mozilla/5.0 AppleWebKit/537.36 (KHTML, like Gecko; compatible; GPTBot/1.2; +https://openai.com/gptbot)"
4.227.36.71 - - [18/Jan/2025:16:13:19 +0530] "GET /keywords=PRS%2025%20Years%20Anniversary%20Strap/ HTTP/1.1" 404 - "-" "Mozilla/5.0 AppleWebKit/537.36 (KHTML, like Gecko; compatible; GPTBot/1.2; +https://openai.com/gptbot)"
66.249.66.41 - - [18/Jan/2025:16:13:19 +0530] "GET /50136616191978.html HTTP/1.1" 404 - "-" "Mozilla/5.0 (Linux; Android 6.0.1; Nexus 5X Build/MMB29P) AppleWebKit/537.36 (KHTML, like Gecko) Chrome/132.0.6834.83 Mobile Safari/537.36 (compatible; GoogleOther)"
4.227.36.71 - - [18/Jan/2025:16:13:20 +0530] "GET /keywords=anthuriumdorayaki%20%C3%97%20luxurians/ HTTP/1.1" 404 - "-" "Mozilla/5.0 AppleWebKit/537.36 (KHTML, like Gecko; compatible; GPTBot/1.2; +https://openai.com/gptbot)"
4.227.36.71 - - [18/Jan/2025:16:13:24 +0530] "GET /keywords=Mizuno%20Morelia%20Neo%203%20MIX%2028.5 HTTP/1.1" 404 - "-" "Mozilla/5.0 AppleWebKit/537.36 (KHTML, like Gecko; compatible; GPTBot/1.2; +https://openai.com/gptbot)"
4.227.36.71 - - [18/Jan/2025:16:13:27 +0530] "GET /keywords=Palace%20Oktoberfest%20T-Shirt%20White/ HTTP/1.1" 404 - "-" "Mozilla/5.0 AppleWebKit/537.36 (KHTML, like Gecko; compatible; GPTBot/1.2; +https://openai.com/gptbot)"
4.227.36.71 - - [18/Jan/2025:16:13:30 +0530] "GET /keywords=Soor%20Ploom%20Agatha%20Tunic%20%206yr/ HTTP/1.1" 404 - "-" "Mozilla/5.0 AppleWebKit/537.36 (KHTML, like Gecko; compatible; GPTBot/1.2; +https://openai.com/gptbot)"
4.227.36.71 - - [18/Jan/2025:16:13:32 +0530] "GET /keywords=90s%20Schott%20CWU-R%20flight%20jacket/ HTTP/1.1" 404 - "-" "Mozilla/5.0 AppleWebKit/537.36 (KHTML, like Gecko; compatible; GPTBot/1.2; +https://openai.com/gptbot)"
4.227.36.71 - - [18/Jan/2025:16:13:36 +0530] "GET /keywords=ARC'TERYX%20BIRD%20WORD%20TOQUE%20orca/ HTTP/1.1" 404 - "-" "Mozilla/5.0 AppleWebKit/537.36 (KHTML, like Gecko; compatible; GPTBot/1.2; +https://openai.com/gptbot)"
4.227.36.71 - - [18/Jan/2025:16:13:40 +0530] "GET /keywords=HAY%20%E7%85%A7%E6%98%8E%20matin%20380/ HTTP/1.1" 404 - "-" "Mozilla/5.0 AppleWebKit/537.36 (KHTML, like Gecko; compatible; GPTBot/1.2; +https://openai.com/gptbot)"
4.227.36.71 - - [18/Jan/2025:16:13:42 +0530] "GET /keywords=old%20stussy%20mohair%20cardigan%2090s/ HTTP/1.1" 404 - "-" "Mozilla/5.0 AppleWebKit/537.36 (KHTML, like Gecko; compatible; GPTBot/1.2; +https://openai.com/gptbot)"
4.227.36.71 - - [18/Jan/2025:16:13:45 +0530] "GET /keywords=PowerColor%20RED%20DEVIL%20RX%207900XT/ HTTP/1.1" 404 - "-" "Mozilla/5.0 AppleWebKit/537.36 (KHTML, like Gecko; compatible; GPTBot/1.2; +https://openai.com/gptbot)"
4.227.36.71 - - [18/Jan/2025:16:13:48 +0530] "GET /keywords=Supreme%20Bone%20Zip%20Up%20Sweatshirt/ HTTP/1.1" 404 - "-" "Mozilla/5.0 AppleWebKit/537.36 (KHTML, like Gecko; compatible; GPTBot/1.2; +https://openai.com/gptbot)"
4.227.36.71 - - [18/Jan/2025:16:13:51 +0530] "GET /keywords=PERFECT%20PERSONALIZED%20PROGRAM%20NNM/ HTTP/1.1" 404 - "-" "Mozilla/5.0 AppleWebKit/537.36 (KHTML, like Gecko; compatible; GPTBot/1.2; +https://openai.com/gptbot)"
4.227.36.71 - - [18/Jan/2025:16:13:54 +0530] "GET /keywords=BRIEFING%20POCKETABLE%20WIND%20BLOUSON/ HTTP/1.1" 404 - "-" "Mozilla/5.0 AppleWebKit/537.36 (KHTML, like Gecko; compatible; GPTBot/1.2; +https://openai.com/gptbot)"
4.227.36.71 - - [18/Jan/2025:16:13:57 +0530] "GET /keywords=RX8%20%E5%89%8D%E6%9C%9F%20typeS%206MT/ HTTP/1.1" 404 - "-" "Mozilla/5.0 AppleWebKit/537.36 (KHTML, like Gecko; compatible; GPTBot/1.2; +https://openai.com/gptbot)"
4.227.36.71 - - [18/Jan/2025:16:14:00 +0530] "GET /keywords=briefing%20%E3%83%99%E3%83%AB%E3%83%88/ HTTP/1.1" 404 - "-" "Mozilla/5.0 AppleWebKit/537.36 (KHTML, like Gecko; compatible; GPTBot/1.2; +https://openai.com/gptbot)"
4.227.36.71 - - [18/Jan/2025:16:14:03 +0530] "GET /keywords=SLIDE%20SurfSkateboards%20size32%20MRJ/ HTTP/1.1" 404 - "-" "Mozilla/5.0 AppleWebKit/537.36 (KHTML, like Gecko; compatible; GPTBot/1.2; +https://openai.com/gptbot)"
4.227.36.71 - - [18/Jan/2025:16:14:06 +0530] "GET /keywords=YONEX%20ARMORTEC900%20TECHNIQUE%203UG5/ HTTP/1.1" 404 - "-" "Mozilla/5.0 AppleWebKit/537.36 (KHTML, like Gecko; compatible; GPTBot/1.2; +https://openai.com/gptbot)"
4.227.36.71 - - [18/Jan/2025:16:14:09 +0530] "GET /keywords=Kith%20x%20Batman%2085th%20Anniversary/ HTTP/1.1" 404 - "-" "Mozilla/5.0 AppleWebKit/537.36 (KHTML, like Gecko; compatible; GPTBot/1.2; +https://openai.com/gptbot)"
4.227.36.71 - - [18/Jan/2025:16:14:12 +0530] "GET /keywords=Kolor%2019AW%20DSMG%20EXCLUSIVE%20COAT/ HTTP/1.1" 404 - "-" "Mozilla/5.0 AppleWebKit/537.36 (KHTML, like Gecko; compatible; GPTBot/1.2; +https://openai.com/gptbot)"
4.227.36.71 - - [18/Jan/2025:16:14:15 +0530] "GET /keywords=Nike%20Dunk%20Low%20PRM%20DQ5009%20268/ HTTP/1.1" 404 - "-" "Mozilla/5.0 AppleWebKit/537.36 (KHTML, like Gecko; compatible; GPTBot/1.2; +https://openai.com/gptbot)"
4.227.36.71 - - [18/Jan/2025:16:14:18 +0530] "GET /keywords=Google%20Nest%20Hub%20Max%20(Charcoal)/ HTTP/1.1" 404 - "-" "Mozilla/5.0 AppleWebKit/537.36 (KHTML, like Gecko; compatible; GPTBot/1.2; +https://openai.com/gptbot)"
4.227.36.71 - - [18/Jan/2025:16:14:21 +0530] "GET /keywords=GENTLE%20MONSTER%20-%20Palette%20BRC11/ HTTP/1.1" 404 - "-" "Mozilla/5.0 AppleWebKit/537.36 (KHTML, like Gecko; compatible; GPTBot/1.2; +https://openai.com/gptbot)"
4.227.36.71 - - [18/Jan/2025:16:14:25 +0530] "GET /keywords=Zowie%20Fk2-dw%204k%20wireless%20mouse/ HTTP/1.1" 404 - "-" "Mozilla/5.0 AppleWebKit/537.36 (KHTML, like Gecko; compatible; GPTBot/1.2; +https://openai.com/gptbot)"
4.227.36.71 - - [18/Jan/2025:16:14:28 +0530] "GET /keywords=P3%20NMN%20%E3%83%92%E3%82%AB%E3%83%AB/ HTTP/1.1" 404 - "-" "Mozilla/5.0 AppleWebKit/537.36 (KHTML, like Gecko; compatible; GPTBot/1.2; +https://openai.com/gptbot)"
4.227.36.71 - - [18/Jan/2025:16:14:30 +0530] "GET /keywords=Bowers%26Wilkins%20Px8%20007%20Edition/ HTTP/1.1" 404 - "-" "Mozilla/5.0 AppleWebKit/537.36 (KHTML, like Gecko; compatible; GPTBot/1.2; +https://openai.com/gptbot)"
4.227.36.71 - - [18/Jan/2025:16:14:33 +0530] "GET /keywords=RONIN%20SNOW%20BORD%20PANTS%20SIZE%20M/ HTTP/1.1" 404 - "-" "Mozilla/5.0 AppleWebKit/537.36 (KHTML, like Gecko; compatible; GPTBot/1.2; +https://openai.com/gptbot)"
4.227.36.71 - - [18/Jan/2025:16:14:36 +0530] "GET /keywords=Numark%20PARTY%20MIX%20DJ%20Controller/ HTTP/1.1" 404 - "-" "Mozilla/5.0 AppleWebKit/537.36 (KHTML, like Gecko; compatible; GPTBot/1.2; +https://openai.com/gptbot)"
4.227.36.71 - - [18/Jan/2025:16:14:39 +0530] "GET /keywords=Graphpaper%20Broad%20Oversized%20Shirt/ HTTP/1.1" 404 - "-" "Mozilla/5.0 AppleWebKit/537.36 (KHTML, like Gecko; compatible; GPTBot/1.2; +https://openai.com/gptbot)"
4.227.36.71 - - [18/Jan/2025:16:14:42 +0530] "GET /keywords=Novation%20Launch%20Control%20XL%20MK2/ HTTP/1.1" 404 - "-" "Mozilla/5.0 AppleWebKit/537.36 (KHTML, like Gecko; compatible; GPTBot/1.2; +https://openai.com/gptbot)"
66.249.66.42 - - [18/Jan/2025:16:14:43 +0530] "GET /37690416193213.html HTTP/1.1" 404 - "-" "Mozilla/5.0 (Linux; Android 6.0.1; Nexus 5X Build/MMB29P) AppleWebKit/537.36 (KHTML, like Gecko) Chrome/132.0.6834.83 Mobile Safari/537.36 (compatible; GoogleOther)"
4.227.36.71 - - [18/Jan/2025:16:14:45 +0530] "GET /keywords=CARRY%20SPEED%20PRO%20MARK%20%E2%85%A3/ HTTP/1.1" 404 - "-" "Mozilla/5.0 AppleWebKit/537.36 (KHTML, like Gecko; compatible; GPTBot/1.2; +https://openai.com/gptbot)"
4.227.36.71 - - [18/Jan/2025:16:14:48 +0530] "GET /keywords=JOHN%20LOBB%20PENZANCE%206%201%2F2%20E/ HTTP/1.1" 404 - "-" "Mozilla/5.0 AppleWebKit/537.36 (KHTML, like Gecko; compatible; GPTBot/1.2; +https://openai.com/gptbot)"
4.227.36.71 - - [18/Jan/2025:16:14:51 +0530] "GET /keywords=GRIVEL%20AIR%20TECH%20EVOLUTION%2052cm/ HTTP/1.1" 404 - "-" "Mozilla/5.0 AppleWebKit/537.36 (KHTML, like Gecko; compatible; GPTBot/1.2; +https://openai.com/gptbot)"
4.227.36.71 - - [18/Jan/2025:16:14:54 +0530] "GET /keywords=moogerfooger%20ANALOG%20DELAY%20MF-104/ HTTP/1.1" 404 - "-" "Mozilla/5.0 AppleWebKit/537.36 (KHTML, like Gecko; compatible; GPTBot/1.2; +https://openai.com/gptbot)"
4.227.36.71 - - [18/Jan/2025:16:14:57 +0530] "GET /keywords=stussy%20BIG%20OL'%20JEAN%20DENIM%2030/ HTTP/1.1" 404 - "-" "Mozilla/5.0 AppleWebKit/537.36 (KHTML, like Gecko; compatible; GPTBot/1.2; +https://openai.com/gptbot)"
4.227.36.71 - - [18/Jan/2025:16:15:00 +0530] "GET /keywords=Samsung%20Galaxy%20S24%20Ultra%20SCG26/ HTTP/1.1" 404 - "-" "Mozilla/5.0 AppleWebKit/537.36 (KHTML, like Gecko; compatible; GPTBot/1.2; +https://openai.com/gptbot)"
4.227.36.71 - - [18/Jan/2025:16:15:03 +0530] "GET /keywords=moscot%20LEMTOSH%2046%20JPN%20LTD%2016/ HTTP/1.1" 404 - "-" "Mozilla/5.0 AppleWebKit/537.36 (KHTML, like Gecko; compatible; GPTBot/1.2; +https://openai.com/gptbot)"
4.227.36.71 - - [18/Jan/2025:16:15:05 +0530] "GET /keywords=old%20%2F%20work%20bullson%20%2F%20c17/ HTTP/1.1" 404 - "-" "Mozilla/5.0 AppleWebKit/537.36 (KHTML, like Gecko; compatible; GPTBot/1.2; +https://openai.com/gptbot)"
4.227.36.71 - - [18/Jan/2025:16:15:10 +0530] "GET /keywords=Visvim%20Impressionist%20jacket%20grey/ HTTP/1.1" 404 - "-" "Mozilla/5.0 AppleWebKit/537.36 (KHTML, like Gecko; compatible; GPTBot/1.2; +https://openai.com/gptbot)"
4.227.36.71 - - [18/Jan/2025:16:15:13 +0530] "GET /keywords=G%2FFORE%20%E3%83%99%E3%82%B9%E3%83%88/ HTTP/1.1" 404 - "-" "Mozilla/5.0 AppleWebKit/537.36 (KHTML, like Gecko; compatible; GPTBot/1.2; +https://openai.com/gptbot)"
4.227.36.71 - - [18/Jan/2025:16:15:15 +0530] "GET /keywords=DIANTE%20FLUFFY%20BOA%20PUFFY%20JACKET/ HTTP/1.1" 404 - "-" "Mozilla/5.0 AppleWebKit/537.36 (KHTML, like Gecko; compatible; GPTBot/1.2; +https://openai.com/gptbot)"
4.227.36.71 - - [18/Jan/2025:16:15:18 +0530] "GET /keywords=GHOSPELL%20%E3%83%89%E3%83%AC%E3%82%B9/ HTTP/1.1" 404 - "-" "Mozilla/5.0 AppleWebKit/537.36 (KHTML, like Gecko; compatible; GPTBot/1.2; +https://openai.com/gptbot)"
4.227.36.71 - - [18/Jan/2025:16:15:20 +0530] "GET /keywords=WATER%20PROOF%20TRAINING%20KIT%20(GLD)/ HTTP/1.1" 404 - "-" "Mozilla/5.0 AppleWebKit/537.36 (KHTML, like Gecko; compatible; GPTBot/1.2; +https://openai.com/gptbot)"
4.227.36.71 - - [18/Jan/2025:16:15:24 +0530] "GET /keywords=Dream%20Gamer%20Float%20Glass%E6%B5%AE/ HTTP/1.1" 404 - "-" "Mozilla/5.0 AppleWebKit/537.36 (KHTML, like Gecko; compatible; GPTBot/1.2; +https://openai.com/gptbot)"
4.227.36.71 - - [18/Jan/2025:16:15:27 +0530] "GET /keywords=kannaway%20%E3%83%99%E3%82%A4%E3%83%97/ HTTP/1.1" 404 - "-" "Mozilla/5.0 AppleWebKit/537.36 (KHTML, like Gecko; compatible; GPTBot/1.2; +https://openai.com/gptbot)"
4.227.36.71 - - [18/Jan/2025:16:15:31 +0530] "GET /keywords=MORABITO%20%E3%83%90%E3%83%83%E3%82%B0/ HTTP/1.1" 404 - "-" "Mozilla/5.0 AppleWebKit/537.36 (KHTML, like Gecko; compatible; GPTBot/1.2; +https://openai.com/gptbot)"
4.227.36.71 - - [18/Jan/2025:16:15:34 +0530] "GET /keywords=Carvin%20VL300%20legacy3%20Steve%20Vai/ HTTP/1.1" 404 - "-" "Mozilla/5.0 AppleWebKit/537.36 (KHTML, like Gecko; compatible; GPTBot/1.2; +https://openai.com/gptbot)"
4.227.36.71 - - [18/Jan/2025:16:15:36 +0530] "GET /keywords=USN%20Pant%20-%20Corduroy%20Embroidery/ HTTP/1.1" 404 - "-" "Mozilla/5.0 AppleWebKit/537.36 (KHTML, like Gecko; compatible; GPTBot/1.2; +https://openai.com/gptbot)"
4.227.36.71 - - [18/Jan/2025:16:15:39 +0530] "GET /keywords=Givenchy%20%E3%83%96%E3%83%BC%E3%83%84/ HTTP/1.1" 404 - "-" "Mozilla/5.0 AppleWebKit/537.36 (KHTML, like Gecko; compatible; GPTBot/1.2; +https://openai.com/gptbot)"
4.227.36.71 - - [18/Jan/2025:16:15:42 +0530] "GET /keywords=acne%20studios%2021f%20vintage%20Black/ HTTP/1.1" 404 - "-" "Mozilla/5.0 AppleWebKit/537.36 (KHTML, like Gecko; compatible; GPTBot/1.2; +https://openai.com/gptbot)"
66.249.66.43 - - [18/Jan/2025:16:15:45 +0530] "GET /179434161911068.html HTTP/1.1" 404 - "-" "Mozilla/5.0 (Linux; Android 6.0.1; Nexus 5X Build/MMB29P) AppleWebKit/537.36 (KHTML, like Gecko) Chrome/132.0.6834.83 Mobile Safari/537.36 (compatible; Googlebot/2.1; +http://www.google.com/bot.html)"
4.227.36.71 - - [18/Jan/2025:16:15:46 +0530] "GET /keywords=KSUBI%20heavy%20denim%20shirt%20jacket/ HTTP/1.1" 404 - "-" "Mozilla/5.0 AppleWebKit/537.36 (KHTML, like Gecko; compatible; GPTBot/1.2; +https://openai.com/gptbot)"
4.227.36.71 - - [18/Jan/2025:16:15:49 +0530] "GET /keywords=KOBELCO%20%E9%87%8D%E6%A9%9F%20sk135sr/ HTTP/1.1" 404 - "-" "Mozilla/5.0 AppleWebKit/537.36 (KHTML, like Gecko; compatible; GPTBot/1.2; +https://openai.com/gptbot)"
4.227.36.71 - - [18/Jan/2025:16:15:51 +0530] "GET /keywords=KUSIKOHC%20RIDER%20T-SHIRT%20%2F%20BLK/ HTTP/1.1" 404 - "-" "Mozilla/5.0 AppleWebKit/537.36 (KHTML, like Gecko; compatible; GPTBot/1.2; +https://openai.com/gptbot)"
4.227.36.71 - - [18/Jan/2025:16:15:54 +0530] "GET /keywords=organiczoo%20Midnight%20Quilt%20Onesie/ HTTP/1.1" 404 - "-" "Mozilla/5.0 AppleWebKit/537.36 (KHTML, like Gecko; compatible; GPTBot/1.2; +https://openai.com/gptbot)"
4.227.36.71 - - [18/Jan/2025:16:15:57 +0530] "GET /keywords=Balenciaga%2019aw%20BLOC%20RIM%20DERBY/ HTTP/1.1" 404 - "-" "Mozilla/5.0 AppleWebKit/537.36 (KHTML, like Gecko; compatible; GPTBot/1.2; +https://openai.com/gptbot)"
4.227.36.71 - - [18/Jan/2025:16:16:00 +0530] "GET /keywords=ASUS%20GeForce%20RTX%204060%20Ti%208GB/ HTTP/1.1" 404 - "-" "Mozilla/5.0 AppleWebKit/537.36 (KHTML, like Gecko; compatible; GPTBot/1.2; +https://openai.com/gptbot)"
4.227.36.71 - - [18/Jan/2025:16:16:02 +0530] "GET /keywords=325%20LUNCH%20TIME%20SPEAK%20B:COMPOSE/ HTTP/1.1" 404 - "-" "Mozilla/5.0 AppleWebKit/537.36 (KHTML, like Gecko; compatible; GPTBot/1.2; +https://openai.com/gptbot)"
4.227.36.71 - - [18/Jan/2025:16:16:06 +0530] "GET /keywords=60s%20CAMPUS%20cotton%20stripe%20shirt/ HTTP/1.1" 404 - "-" "Mozilla/5.0 AppleWebKit/537.36 (KHTML, like Gecko; compatible; GPTBot/1.2; +https://openai.com/gptbot)"
66.249.66.43 - - [18/Jan/2025:16:16:07 +0530] "GET /693534161916086.html HTTP/1.1" 404 - "-" "Mozilla/5.0 (Linux; Android 6.0.1; Nexus 5X Build/MMB29P) AppleWebKit/537.36 (KHTML, like Gecko) Chrome/132.0.6834.83 Mobile Safari/537.36 (compatible; GoogleOther)"
4.227.36.71 - - [18/Jan/2025:16:16:09 +0530] "GET /keywords=SRIXON%20ZX%20UTILITY%20MK%E2%85%A1%20/ HTTP/1.1" 404 - "-" "Mozilla/5.0 AppleWebKit/537.36 (KHTML, like Gecko; compatible; GPTBot/1.2; +https://openai.com/gptbot)"
4.227.36.71 - - [18/Jan/2025:16:16:12 +0530] "GET /keywords=Supreme%20Bounty%20Hunter%20Wolf%20Tee/ HTTP/1.1" 404 - "-" "Mozilla/5.0 AppleWebKit/537.36 (KHTML, like Gecko; compatible; GPTBot/1.2; +https://openai.com/gptbot)"
4.227.36.71 - - [18/Jan/2025:16:16:15 +0530] "GET /keywords=GROXIL%20Medicated%20HairTonic%20120ml/ HTTP/1.1" 404 - "-" "Mozilla/5.0 AppleWebKit/537.36 (KHTML, like Gecko; compatible; GPTBot/1.2; +https://openai.com/gptbot)"
4.227.36.71 - - [18/Jan/2025:16:16:18 +0530] "GET /keywords=SHIMANO%20FC-R8000%2052%2F36T%20172.5mm HTTP/1.1" 404 - "-" "Mozilla/5.0 AppleWebKit/537.36 (KHTML, like Gecko; compatible; GPTBot/1.2; +https://openai.com/gptbot)"
4.227.36.71 - - [18/Jan/2025:16:16:21 +0530] "GET /keywords=Nikon%20AI%20AF%20NIKKOR%2085mm%20f1.8D HTTP/1.1" 404 - "-" "Mozilla/5.0 AppleWebKit/537.36 (KHTML, like Gecko; compatible; GPTBot/1.2; +https://openai.com/gptbot)"
4.227.36.71 - - [18/Jan/2025:16:16:24 +0530] "GET /keywords=tp-link%20Archer%20BE7200%20%20%20wifi/ HTTP/1.1" 404 - "-" "Mozilla/5.0 AppleWebKit/537.36 (KHTML, like Gecko; compatible; GPTBot/1.2; +https://openai.com/gptbot)"
4.227.36.71 - - [18/Jan/2025:16:16:28 +0530] "GET /keywords=CLANE%20SHEER%20BORDER%20MOHAIR%20KNIT/ HTTP/1.1" 404 - "-" "Mozilla/5.0 AppleWebKit/537.36 (KHTML, like Gecko; compatible; GPTBot/1.2; +https://openai.com/gptbot)"
4.227.36.71 - - [18/Jan/2025:16:16:30 +0530] "GET /keywords=vintage%20puma%20soccer%20game%20shirt/ HTTP/1.1" 404 - "-" "Mozilla/5.0 AppleWebKit/537.36 (KHTML, like Gecko; compatible; GPTBot/1.2; +https://openai.com/gptbot)"
4.227.36.71 - - [18/Jan/2025:16:16:34 +0530] "GET /keywords=NIGO%20Nike%20Varsity%20Jacket%20GREEN/ HTTP/1.1" 404 - "-" "Mozilla/5.0 AppleWebKit/537.36 (KHTML, like Gecko; compatible; GPTBot/1.2; +https://openai.com/gptbot)"
66.249.66.41 - - [18/Jan/2025:16:16:36 +0530] "GET /26384316199050.html HTTP/1.1" 404 - "-" "Mozilla/5.0 (Linux; Android 6.0.1; Nexus 5X Build/MMB29P) AppleWebKit/537.36 (KHTML, like Gecko) Chrome/132.0.6834.83 Mobile Safari/537.36 (compatible; Googlebot/2.1; +http://www.google.com/bot.html)"
4.227.36.71 - - [18/Jan/2025:16:16:36 +0530] "GET /keywords=minisure%20%E3%82%B8%E3%83%95%E3%83%B3/ HTTP/1.1" 404 - "-" "Mozilla/5.0 AppleWebKit/537.36 (KHTML, like Gecko; compatible; GPTBot/1.2; +https://openai.com/gptbot)"
4.227.36.71 - - [18/Jan/2025:16:16:39 +0530] "GET /keywords=RRL%20Ranch%20Logo%20Hoodie%20Navy%20L/ HTTP/1.1" 404 - "-" "Mozilla/5.0 AppleWebKit/537.36 (KHTML, like Gecko; compatible; GPTBot/1.2; +https://openai.com/gptbot)"
4.227.36.71 - - [18/Jan/2025:16:16:42 +0530] "GET /keywords=%E3%82%B9%E3%83%86%E3%83%A9SW%206000PG/ HTTP/1.1" 404 - "-" "Mozilla/5.0 AppleWebKit/537.36 (KHTML, like Gecko; compatible; GPTBot/1.2; +https://openai.com/gptbot)"
4.227.36.71 - - [18/Jan/2025:16:16:45 +0530] "GET /keywords=100Best%20Complete%20Tracks%20BlueNote/ HTTP/1.1" 404 - "-" "Mozilla/5.0 AppleWebKit/537.36 (KHTML, like Gecko; compatible; GPTBot/1.2; +https://openai.com/gptbot)"
4.227.36.71 - - [18/Jan/2025:16:16:49 +0530] "GET /keywords=KOOTA%20FLEX%20JACKET%26JOHN%20(WHITE)/ HTTP/1.1" 404 - "-" "Mozilla/5.0 AppleWebKit/537.36 (KHTML, like Gecko; compatible; GPTBot/1.2; +https://openai.com/gptbot)"
4.227.36.71 - - [18/Jan/2025:16:16:51 +0530] "GET /keywords=%E5%86%B7%E8%94%B5%E5%BA%AB%20-%20AQUA/ HTTP/1.1" 404 - "-" "Mozilla/5.0 AppleWebKit/537.36 (KHTML, like Gecko; compatible; GPTBot/1.2; +https://openai.com/gptbot)"
4.227.36.71 - - [18/Jan/2025:16:16:54 +0530] "GET /keywords=%E2%98%85%E2%98%85Canon%20IXY%20PC1060/ HTTP/1.1" 404 - "-" "Mozilla/5.0 AppleWebKit/537.36 (KHTML, like Gecko; compatible; GPTBot/1.2; +https://openai.com/gptbot)"
4.227.36.71 - - [18/Jan/2025:16:16:56 +0530] "GET /keywords=BAL%2FMULTI%20POCKET%20FISHTAIL%20COAT/ HTTP/1.1" 404 - "-" "Mozilla/5.0 AppleWebKit/537.36 (KHTML, like Gecko; compatible; GPTBot/1.2; +https://openai.com/gptbot)"
4.227.36.71 - - [18/Jan/2025:16:17:00 +0530] "GET /keywords=CTHY%20REBUILDING%20STANDCOLLAR%20VEST/ HTTP/1.1" 404 - "-" "Mozilla/5.0 AppleWebKit/537.36 (KHTML, like Gecko; compatible; GPTBot/1.2; +https://openai.com/gptbot)"
4.227.36.71 - - [18/Jan/2025:16:17:02 +0530] "GET /keywords=RAPMADE%20T%E3%82%B7%E3%83%A3%E3%83%84/ HTTP/1.1" 404 - "-" "Mozilla/5.0 AppleWebKit/537.36 (KHTML, like Gecko; compatible; GPTBot/1.2; +https://openai.com/gptbot)"
4.227.36.71 - - [18/Jan/2025:16:17:06 +0530] "GET /keywords=Adidas%20Originals%20x%20FEIFEI%20RUAN/ HTTP/1.1" 404 - "-" "Mozilla/5.0 AppleWebKit/537.36 (KHTML, like Gecko; compatible; GPTBot/1.2; +https://openai.com/gptbot)"
4.227.36.71 - - [18/Jan/2025:16:17:09 +0530] "GET /keywords=LAD%20MUSICIAN%203TUCK%20WIDE%20SLACKS/ HTTP/1.1" 404 - "-" "Mozilla/5.0 AppleWebKit/537.36 (KHTML, like Gecko; compatible; GPTBot/1.2; +https://openai.com/gptbot)"
4.227.36.71 - - [18/Jan/2025:16:17:13 +0530] "GET /keywords=AMERI%20MEDI%20SMOCKING%20LAME%20DRESS/ HTTP/1.1" 404 - "-" "Mozilla/5.0 AppleWebKit/537.36 (KHTML, like Gecko; compatible; GPTBot/1.2; +https://openai.com/gptbot)"
4.227.36.71 - - [18/Jan/2025:16:17:15 +0530] "GET /keywords=shio%20%E6%A7%98%20%E5%B0%88%E7%94%A8L/ HTTP/1.1" 404 - "-" "Mozilla/5.0 AppleWebKit/537.36 (KHTML, like Gecko; compatible; GPTBot/1.2; +https://openai.com/gptbot)"
4.227.36.71 - - [18/Jan/2025:16:17:17 +0530] "GET /keywords=MacBookAir2022%20%20%E4%B8%AD%E5%8F%A4/ HTTP/1.1" 404 - "-" "Mozilla/5.0 AppleWebKit/537.36 (KHTML, like Gecko; compatible; GPTBot/1.2; +https://openai.com/gptbot)"
4.227.36.71 - - [18/Jan/2025:16:17:20 +0530] "GET /keywords=Canon%20EOS%201%20N%20%20EF%2080-200mm/ HTTP/1.1" 404 - "-" "Mozilla/5.0 AppleWebKit/537.36 (KHTML, like Gecko; compatible; GPTBot/1.2; +https://openai.com/gptbot)"
4.227.36.71 - - [18/Jan/2025:16:17:24 +0530] "GET /keywords=LAMZU%20MAYA%20X%20White%20brand%20new/ HTTP/1.1" 404 - "-" "Mozilla/5.0 AppleWebKit/537.36 (KHTML, like Gecko; compatible; GPTBot/1.2; +https://openai.com/gptbot)"
4.227.36.71 - - [18/Jan/2025:16:17:27 +0530] "GET /keywords=DVD%20BOXSET%20CHERRY%20MAGIC%20TAYNEW/ HTTP/1.1" 404 - "-" "Mozilla/5.0 AppleWebKit/537.36 (KHTML, like Gecko; compatible; GPTBot/1.2; +https://openai.com/gptbot)"
4.227.36.71 - - [18/Jan/2025:16:17:30 +0530] "GET /keywords=MITSUBISHI%2032V%E5%9E%8B%20LCD-32MX40/ HTTP/1.1" 404 - "-" "Mozilla/5.0 AppleWebKit/537.36 (KHTML, like Gecko; compatible; GPTBot/1.2; +https://openai.com/gptbot)"
66.249.66.43 - - [18/Jan/2025:16:17:30 +0530] "GET /37690416194005.html HTTP/1.1" 404 - "-" "Mozilla/5.0 (Linux; Android 6.0.1; Nexus 5X Build/MMB29P) AppleWebKit/537.36 (KHTML, like Gecko) Chrome/132.0.6834.83 Mobile Safari/537.36 (compatible; GoogleOther)"
4.227.36.71 - - [18/Jan/2025:16:17:33 +0530] "GET /keywords=jabra%20EVOLVE2%2040%20%20evolve2%2040/ HTTP/1.1" 404 - "-" "Mozilla/5.0 AppleWebKit/537.36 (KHTML, like Gecko; compatible; GPTBot/1.2; +https://openai.com/gptbot)"
4.227.36.71 - - [18/Jan/2025:16:17:36 +0530] "GET /keywords=un3d.%20WAVE%20LINE%20GATHER%20CAMISOLE HTTP/1.1" 404 - "-" "Mozilla/5.0 AppleWebKit/537.36 (KHTML, like Gecko; compatible; GPTBot/1.2; +https://openai.com/gptbot)"
4.227.36.71 - - [18/Jan/2025:16:17:39 +0530] "GET /keywords=ISSEY%20MIYAKE%20old%20leather%20pants/ HTTP/1.1" 404 - "-" "Mozilla/5.0 AppleWebKit/537.36 (KHTML, like Gecko; compatible; GPTBot/1.2; +https://openai.com/gptbot)"
4.227.36.71 - - [18/Jan/2025:16:17:43 +0530] "GET /keywords=Royal%20Gran%20Compe%20DIA-COMPE%20400/ HTTP/1.1" 404 - "-" "Mozilla/5.0 AppleWebKit/537.36 (KHTML, like Gecko; compatible; GPTBot/1.2; +https://openai.com/gptbot)"
4.227.36.71 - - [18/Jan/2025:16:17:46 +0530] "GET /keywords=misha%26puff%20Licorice%20Bohemia%206y/ HTTP/1.1" 404 - "-" "Mozilla/5.0 AppleWebKit/537.36 (KHTML, like Gecko; compatible; GPTBot/1.2; +https://openai.com/gptbot)"
4.227.36.71 - - [18/Jan/2025:16:17:47 +0530] "GET /keywords=70's%20MAVERICK%203J03MJ%20DENIM%20JKT/ HTTP/1.1" 404 - "-" "Mozilla/5.0 AppleWebKit/537.36 (KHTML, like Gecko; compatible; GPTBot/1.2; +https://openai.com/gptbot)"
4.227.36.71 - - [18/Jan/2025:16:17:51 +0530] "GET /keywords=Vesta%20Wave%20VW08A%2025w%208000L%2Fh/ HTTP/1.1" 404 - "-" "Mozilla/5.0 AppleWebKit/537.36 (KHTML, like Gecko; compatible; GPTBot/1.2; +https://openai.com/gptbot)"
4.227.36.71 - - [18/Jan/2025:16:17:53 +0530] "GET /keywords=STUSSY%20%C3%97%20NEW%20ERA%20LA%20Cap/ HTTP/1.1" 404 - "-" "Mozilla/5.0 AppleWebKit/537.36 (KHTML, like Gecko; compatible; GPTBot/1.2; +https://openai.com/gptbot)"
4.227.36.71 - - [18/Jan/2025:16:17:57 +0530] "GET /keywords=ITTI%20ANNIE%20RICE%20%E9%BB%92%2024ss/ HTTP/1.1" 404 - "-" "Mozilla/5.0 AppleWebKit/537.36 (KHTML, like Gecko; compatible; GPTBot/1.2; +https://openai.com/gptbot)"
4.227.36.71 - - [18/Jan/2025:16:18:00 +0530] "GET /keywords=PSP-3000%20%E3%83%94%E3%83%B3%E3%82%AF/ HTTP/1.1" 404 - "-" "Mozilla/5.0 AppleWebKit/537.36 (KHTML, like Gecko; compatible; GPTBot/1.2; +https://openai.com/gptbot)"
4.227.36.71 - - [18/Jan/2025:16:18:03 +0530] "GET /keywords=KORG%20modwave%20%20%E7%AE%B1%E6%9C%89/ HTTP/1.1" 404 - "-" "Mozilla/5.0 AppleWebKit/537.36 (KHTML, like Gecko; compatible; GPTBot/1.2; +https://openai.com/gptbot)"
4.227.36.71 - - [18/Jan/2025:16:18:06 +0530] "GET /keywords=ANDRESD%20flocky%20dot%20pants%20dress/ HTTP/1.1" 404 - "-" "Mozilla/5.0 AppleWebKit/537.36 (KHTML, like Gecko; compatible; GPTBot/1.2; +https://openai.com/gptbot)"
4.227.36.71 - - [18/Jan/2025:16:18:08 +0530] "GET /keywords=p.i%E2%AD%90%EF%B8%8Ecrossmile%20hoodie HTTP/1.1" 404 - "-" "Mozilla/5.0 AppleWebKit/537.36 (KHTML, like Gecko; compatible; GPTBot/1.2; +https://openai.com/gptbot)"
66.249.66.41 - - [18/Jan/2025:16:18:12 +0530] "GET /product/yes82?c=g&l=153 HTTP/1.1" 404 - "-" "Mozilla/5.0 (Linux; Android 6.0.1; Nexus 5X Build/MMB29P) AppleWebKit/537.36 (KHTML, like Gecko) Chrome/132.0.6834.83 Mobile Safari/537.36 (compatible; Googlebot/2.1; +http://www.google.com/bot.html)"
66.249.66.42 - - [18/Jan/2025:16:18:12 +0530] "GET /ethics001000123.html HTTP/1.1" 404 - "-" "Mozilla/5.0 (Linux; Android 6.0.1; Nexus 5X Build/MMB29P) AppleWebKit/537.36 (KHTML, like Gecko) Chrome/132.0.6834.83 Mobile Safari/537.36 (compatible; Googlebot/2.1; +http://www.google.com/bot.html)"
4.227.36.71 - - [18/Jan/2025:16:18:12 +0530] "GET /keywords=CHANEL%20LES%204%20OMBRES%20TWEED%2001/ HTTP/1.1" 404 - "-" "Mozilla/5.0 AppleWebKit/537.36 (KHTML, like Gecko; compatible; GPTBot/1.2; +https://openai.com/gptbot)"
4.227.36.71 - - [18/Jan/2025:16:18:15 +0530] "GET /keywords=%E3%82%BB%E3%82%A4%E3%83%AFSUPER%2060L/ HTTP/1.1" 404 - "-" "Mozilla/5.0 AppleWebKit/537.36 (KHTML, like Gecko; compatible; GPTBot/1.2; +https://openai.com/gptbot)"
4.227.36.71 - - [18/Jan/2025:16:18:17 +0530] "GET /keywords=Fender%20Custom%20Shop%201997%E5%B9%B4/ HTTP/1.1" 404 - "-" "Mozilla/5.0 AppleWebKit/537.36 (KHTML, like Gecko; compatible; GPTBot/1.2; +https://openai.com/gptbot)"
4.227.36.71 - - [18/Jan/2025:16:18:21 +0530] "GET /keywords=SHIMANO%20%E6%B5%B7%E9%AD%82EV%204000T/ HTTP/1.1" 404 - "-" "Mozilla/5.0 AppleWebKit/537.36 (KHTML, like Gecko; compatible; GPTBot/1.2; +https://openai.com/gptbot)"
66.249.66.42 - - [18/Jan/2025:16:18:23 +0530] "GET /product/okay99?c=g&l=864 HTTP/1.1" 404 - "-" "Mozilla/5.0 (Linux; Android 6.0.1; Nexus 5X Build/MMB29P) AppleWebKit/537.36 (KHTML, like Gecko) Chrome/132.0.6834.83 Mobile Safari/537.36 (compatible; Googlebot/2.1; +http://www.google.com/bot.html)"
4.227.36.71 - - [18/Jan/2025:16:18:24 +0530] "GET /keywords=CLANE%20%20BIG%20COLLAR%20FLARE%20COAT/ HTTP/1.1" 404 - "-" "Mozilla/5.0 AppleWebKit/537.36 (KHTML, like Gecko; compatible; GPTBot/1.2; +https://openai.com/gptbot)"
4.227.36.71 - - [18/Jan/2025:16:18:26 +0530] "GET /keywords=Macbook%20Pro%202020%2013.3%20I7-16-512 HTTP/1.1" 404 - "-" "Mozilla/5.0 AppleWebKit/537.36 (KHTML, like Gecko; compatible; GPTBot/1.2; +https://openai.com/gptbot)"
4.227.36.71 - - [18/Jan/2025:16:18:30 +0530] "GET /keywords=WACKOMARIA%20%C3%97%20Rocky%20Mountain/ HTTP/1.1" 404 - "-" "Mozilla/5.0 AppleWebKit/537.36 (KHTML, like Gecko; compatible; GPTBot/1.2; +https://openai.com/gptbot)"
4.227.36.71 - - [18/Jan/2025:16:18:33 +0530] "GET /keywords=%E3%80%8C%E3%80%8DLEGO%20Ideas%2021325/ HTTP/1.1" 404 - "-" "Mozilla/5.0 AppleWebKit/537.36 (KHTML, like Gecko; compatible; GPTBot/1.2; +https://openai.com/gptbot)"
4.227.36.71 - - [18/Jan/2025:16:18:35 +0530] "GET /keywords=ASICS%20gel%20quantum%20kinetic%20gold/ HTTP/1.1" 404 - "-" "Mozilla/5.0 AppleWebKit/537.36 (KHTML, like Gecko; compatible; GPTBot/1.2; +https://openai.com/gptbot)"
4.227.36.71 - - [18/Jan/2025:16:18:39 +0530] "GET /keywords=CLANE%20MODE%20JERSEY%20BLOUSON%20NAVY/ HTTP/1.1" 404 - "-" "Mozilla/5.0 AppleWebKit/537.36 (KHTML, like Gecko; compatible; GPTBot/1.2; +https://openai.com/gptbot)"
4.227.36.71 - - [18/Jan/2025:16:18:42 +0530] "GET /keywords=PIGMENT%20J%20LOGO%20ZIP%20UP%20HOODIE/ HTTP/1.1" 404 - "-" "Mozilla/5.0 AppleWebKit/537.36 (KHTML, like Gecko; compatible; GPTBot/1.2; +https://openai.com/gptbot)"
66.249.66.38 - - [18/Jan/2025:16:18:42 +0530] "GET /index2.php?shopdetail/23001914.html HTTP/1.1" 404 - "-" "Mozilla/5.0 (Linux; Android 6.0.1; Nexus 5X Build/MMB29P) AppleWebKit/537.36 (KHTML, like Gecko) Chrome/132.0.6834.83 Mobile Safari/537.36 (compatible; GoogleOther)"
4.227.36.71 - - [18/Jan/2025:16:18:45 +0530] "GET /keywords=TRAINING%20GEAR%20SIXPAD%20Power%20Gun/ HTTP/1.1" 404 - "-" "Mozilla/5.0 AppleWebKit/537.36 (KHTML, like Gecko; compatible; GPTBot/1.2; +https://openai.com/gptbot)"
4.227.36.71 - - [18/Jan/2025:16:18:48 +0530] "GET /keywords=_Panasonic%20SV9%2FBattery99%%2FOffice/ HTTP/1.1" 404 - "-" "Mozilla/5.0 AppleWebKit/537.36 (KHTML, like Gecko; compatible; GPTBot/1.2; +https://openai.com/gptbot)"
4.227.36.71 - - [18/Jan/2025:16:18:52 +0530] "GET /keywords=adidas%20wales%20bonner%20samba%2028cm/ HTTP/1.1" 404 - "-" "Mozilla/5.0 AppleWebKit/537.36 (KHTML, like Gecko; compatible; GPTBot/1.2; +https://openai.com/gptbot)"
4.227.36.71 - - [18/Jan/2025:16:18:54 +0530] "GET /keywords=Oakley%20Field%20Jacket%20Photochromic/ HTTP/1.1" 404 - "-" "Mozilla/5.0 AppleWebKit/537.36 (KHTML, like Gecko; compatible; GPTBot/1.2; +https://openai.com/gptbot)"
4.227.36.71 - - [18/Jan/2025:16:18:57 +0530] "GET /keywords=24%20VANS%20HI-STANDARD%20OG%20-%2023.5 HTTP/1.1" 404 - "-" "Mozilla/5.0 AppleWebKit/537.36 (KHTML, like Gecko; compatible; GPTBot/1.2; +https://openai.com/gptbot)"
4.227.36.71 - - [18/Jan/2025:16:19:01 +0530] "GET /keywords=%E3%83%AB%E3%83%A9%E3%83%9C%20Matcha26/ HTTP/1.1" 404 - "-" "Mozilla/5.0 AppleWebKit/537.36 (KHTML, like Gecko; compatible; GPTBot/1.2; +https://openai.com/gptbot)"
4.227.36.71 - - [18/Jan/2025:16:19:03 +0530] "GET /keywords=%E2%91%A1iceGUARD%20GO75%20225%2F65R17/ HTTP/1.1" 404 - "-" "Mozilla/5.0 AppleWebKit/537.36 (KHTML, like Gecko; compatible; GPTBot/1.2; +https://openai.com/gptbot)"
4.227.36.71 - - [18/Jan/2025:16:19:06 +0530] "GET /keywords=CTLS%20%E3%83%91%E3%83%B3%E3%83%84%201/ HTTP/1.1" 404 - "-" "Mozilla/5.0 AppleWebKit/537.36 (KHTML, like Gecko; compatible; GPTBot/1.2; +https://openai.com/gptbot)"
4.227.36.71 - - [18/Jan/2025:16:19:10 +0530] "GET /keywords=Bose%20NoiseCancellingHeadphones%20700/ HTTP/1.1" 404 - "-" "Mozilla/5.0 AppleWebKit/537.36 (KHTML, like Gecko; compatible; GPTBot/1.2; +https://openai.com/gptbot)"
4.227.36.71 - - [18/Jan/2025:16:19:11 +0530] "GET /keywords=KOMINE%20JK-5904%20Protect%20Softshell/ HTTP/1.1" 404 - "-" "Mozilla/5.0 AppleWebKit/537.36 (KHTML, like Gecko; compatible; GPTBot/1.2; +https://openai.com/gptbot)"
66.249.66.41 - - [18/Jan/2025:16:19:14 +0530] "GET /community075000725.html HTTP/1.1" 404 - "-" "Mozilla/5.0 (Linux; Android 6.0.1; Nexus 5X Build/MMB29P) AppleWebKit/537.36 (KHTML, like Gecko) Chrome/132.0.6834.83 Mobile Safari/537.36 (compatible; Googlebot/2.1; +http://www.google.com/bot.html)"
66.249.66.42 - - [18/Jan/2025:16:19:15 +0530] "GET /062536161918666.html HTTP/1.1" 404 - "-" "Mozilla/5.0 (Linux; Android 6.0.1; Nexus 5X Build/MMB29P) AppleWebKit/537.36 (KHTML, like Gecko) Chrome/132.0.6834.83 Mobile Safari/537.36 (compatible; Googlebot/2.1; +http://www.google.com/bot.html)"
4.227.36.71 - - [18/Jan/2025:16:19:15 +0530] "GET /keywords=CHASE%2024SS%20CHA-17%20ancellm%20wism/ HTTP/1.1" 404 - "-" "Mozilla/5.0 AppleWebKit/537.36 (KHTML, like Gecko; compatible; GPTBot/1.2; +https://openai.com/gptbot)"
4.227.36.71 - - [18/Jan/2025:16:19:18 +0530] "GET /keywords=Nikon%20F100%20NIKKOR%2028-105mm%20f3.5 HTTP/1.1" 404 - "-" "Mozilla/5.0 AppleWebKit/537.36 (KHTML, like Gecko; compatible; GPTBot/1.2; +https://openai.com/gptbot)"
66.249.66.41 - - [18/Jan/2025:16:19:20 +0530] "GET /movie038000890.html HTTP/1.1" 404 - "-" "Mozilla/5.0 (Linux; Android 6.0.1; Nexus 5X Build/MMB29P) AppleWebKit/537.36 (KHTML, like Gecko) Chrome/132.0.6834.83 Mobile Safari/537.36 (compatible; Googlebot/2.1; +http://www.google.com/bot.html)"
66.249.66.37 - - [18/Jan/2025:16:19:21 +0530] "GET /problem066000620.html HTTP/1.1" 404 - "-" "Mozilla/5.0 (Linux; Android 6.0.1; Nexus 5X Build/MMB29P) AppleWebKit/537.36 (KHTML, like Gecko) Chrome/132.0.6834.83 Mobile Safari/537.36 (compatible; Googlebot/2.1; +http://www.google.com/bot.html)"
66.249.66.41 - - [18/Jan/2025:16:19:21 +0530] "GET /?shopdetail/18440914.html HTTP/1.1" 200 57770 "-" "Mozilla/5.0 (Linux; Android 6.0.1; Nexus 5X Build/MMB29P) AppleWebKit/537.36 (KHTML, like Gecko) Chrome/132.0.6834.83 Mobile Safari/537.36 (compatible; Googlebot/2.1; +http://www.google.com/bot.html)"
4.227.36.71 - - [18/Jan/2025:16:19:22 +0530] "GET /keywords=NiziU%2FNiziU%20Live%20with%20U%202022/ HTTP/1.1" 404 - "-" "Mozilla/5.0 AppleWebKit/537.36 (KHTML, like Gecko; compatible; GPTBot/1.2; +https://openai.com/gptbot)"
4.227.36.71 - - [18/Jan/2025:16:19:23 +0530] "GET /keywords=SHIMANO%20STELLA%202500ss%20millennium/ HTTP/1.1" 404 - "-" "Mozilla/5.0 AppleWebKit/537.36 (KHTML, like Gecko; compatible; GPTBot/1.2; +https://openai.com/gptbot)"
4.227.36.71 - - [18/Jan/2025:16:19:27 +0530] "GET /keywords=Crucial%20MX300%20SSD%201050GB(%201TB)/ HTTP/1.1" 404 - "-" "Mozilla/5.0 AppleWebKit/537.36 (KHTML, like Gecko; compatible; GPTBot/1.2; +https://openai.com/gptbot)"
4.227.36.71 - - [18/Jan/2025:16:19:30 +0530] "GET /keywords=Supreme%20Polartec%20Sport%20Beanie%20/ HTTP/1.1" 404 - "-" "Mozilla/5.0 AppleWebKit/537.36 (KHTML, like Gecko; compatible; GPTBot/1.2; +https://openai.com/gptbot)"
4.227.36.71 - - [18/Jan/2025:16:19:33 +0530] "GET /keywords=Apple%20iPhone%2011,%20xr%202%E5%8F%B0/ HTTP/1.1" 404 - "-" "Mozilla/5.0 AppleWebKit/537.36 (KHTML, like Gecko; compatible; GPTBot/1.2; +https://openai.com/gptbot)"
4.227.36.71 - - [18/Jan/2025:16:19:36 +0530] "GET /keywords=Kindle%20oasis%20wi-fi%20+%204G%2032GB/ HTTP/1.1" 404 - "-" "Mozilla/5.0 AppleWebKit/537.36 (KHTML, like Gecko; compatible; GPTBot/1.2; +https://openai.com/gptbot)"
4.227.36.71 - - [18/Jan/2025:16:19:39 +0530] "GET /keywords=BOSE%E3%83%9C%E3%83%BC%E3%82%BAPLS1310/ HTTP/1.1" 404 - "-" "Mozilla/5.0 AppleWebKit/537.36 (KHTML, like Gecko; compatible; GPTBot/1.2; +https://openai.com/gptbot)"
4.227.36.71 - - [18/Jan/2025:16:19:41 +0530] "GET /keywords=GP-M001T%20%E3%82%BB%E3%83%83%E3%83%88/ HTTP/1.1" 404 - "-" "Mozilla/5.0 AppleWebKit/537.36 (KHTML, like Gecko; compatible; GPTBot/1.2; +https://openai.com/gptbot)"
4.227.36.71 - - [18/Jan/2025:16:19:45 +0530] "GET /keywords=AURALEE%20BABY%20CASHMERE%20KNIT%20CAP/ HTTP/1.1" 404 - "-" "Mozilla/5.0 AppleWebKit/537.36 (KHTML, like Gecko; compatible; GPTBot/1.2; +https://openai.com/gptbot)"
4.227.36.71 - - [18/Jan/2025:16:19:48 +0530] "GET /keywords=BTS%20MERCH%20BOX%20%E3%83%86%E3%83%86/ HTTP/1.1" 404 - "-" "Mozilla/5.0 AppleWebKit/537.36 (KHTML, like Gecko; compatible; GPTBot/1.2; +https://openai.com/gptbot)"
4.227.36.71 - - [18/Jan/2025:16:19:51 +0530] "GET /keywords=KENKO%203%C3%97%20TELEPLUS%20PRO%20300/ HTTP/1.1" 404 - "-" "Mozilla/5.0 AppleWebKit/537.36 (KHTML, like Gecko; compatible; GPTBot/1.2; +https://openai.com/gptbot)"
4.227.36.71 - - [18/Jan/2025:16:19:54 +0530] "GET /keywords=Acka%20fringe%20knit%20long%20cardigan/ HTTP/1.1" 404 - "-" "Mozilla/5.0 AppleWebKit/537.36 (KHTML, like Gecko; compatible; GPTBot/1.2; +https://openai.com/gptbot)"
4.227.36.71 - - [18/Jan/2025:16:19:58 +0530] "GET /keywords=KAPTAIN%20SUNSHINE%20SS%20Work%20Shirt/ HTTP/1.1" 404 - "-" "Mozilla/5.0 AppleWebKit/537.36 (KHTML, like Gecko; compatible; GPTBot/1.2; +https://openai.com/gptbot)"
4.227.36.71 - - [18/Jan/2025:16:20:00 +0530] "GET /keywords=AMOMENTO%20TWO%20TUCK%20BALOON%20PANTS/ HTTP/1.1" 404 - "-" "Mozilla/5.0 AppleWebKit/537.36 (KHTML, like Gecko; compatible; GPTBot/1.2; +https://openai.com/gptbot)"
4.227.36.71 - - [18/Jan/2025:16:20:02 +0530] "GET /keywords=AMBERGLEAM%20Medium%20Cotton%20T-shirt/ HTTP/1.1" 404 - "-" "Mozilla/5.0 AppleWebKit/537.36 (KHTML, like Gecko; compatible; GPTBot/1.2; +https://openai.com/gptbot)"
4.227.36.71 - - [18/Jan/2025:16:20:06 +0530] "GET /keywords=yardsale%20%E3%83%87%E3%83%8B%E3%83%A0/ HTTP/1.1" 404 - "-" "Mozilla/5.0 AppleWebKit/537.36 (KHTML, like Gecko; compatible; GPTBot/1.2; +https://openai.com/gptbot)"
4.227.36.71 - - [18/Jan/2025:16:20:09 +0530] "GET /keywords=SBS%20TABLE%20TOP%20(SK8)%20OD%C3%97sv/ HTTP/1.1" 404 - "-" "Mozilla/5.0 AppleWebKit/537.36 (KHTML, like Gecko; compatible; GPTBot/1.2; +https://openai.com/gptbot)"
4.227.36.71 - - [18/Jan/2025:16:20:13 +0530] "GET /keywords=V36%E3%82%AF%E3%83%BC%E3%83%9A%20CKV36/ HTTP/1.1" 404 - "-" "Mozilla/5.0 AppleWebKit/537.36 (KHTML, like Gecko; compatible; GPTBot/1.2; +https://openai.com/gptbot)"
4.227.36.71 - - [18/Jan/2025:16:20:14 +0530] "GET /keywords=Dainichi%20%E5%9C%B0%E7%90%83%E5%84%80/ HTTP/1.1" 404 - "-" "Mozilla/5.0 AppleWebKit/537.36 (KHTML, like Gecko; compatible; GPTBot/1.2; +https://openai.com/gptbot)"
4.227.36.71 - - [18/Jan/2025:16:20:18 +0530] "GET /keywords=TODAYFUL%20Front%20slanting%20trousers/ HTTP/1.1" 404 - "-" "Mozilla/5.0 AppleWebKit/537.36 (KHTML, like Gecko; compatible; GPTBot/1.2; +https://openai.com/gptbot)"
4.227.36.71 - - [18/Jan/2025:16:20:21 +0530] "GET /keywords=PG%201%2F60%20DIVINE%20EXPANSION%20SET/ HTTP/1.1" 404 - "-" "Mozilla/5.0 AppleWebKit/537.36 (KHTML, like Gecko; compatible; GPTBot/1.2; +https://openai.com/gptbot)"
4.227.36.71 - - [18/Jan/2025:16:20:23 +0530] "GET /keywords=DRT%20ARTEX%20BorderPatrol%20A800CMHRF/ HTTP/1.1" 404 - "-" "Mozilla/5.0 AppleWebKit/537.36 (KHTML, like Gecko; compatible; GPTBot/1.2; +https://openai.com/gptbot)"
107.148.90.103 - - [18/Jan/2025:16:20:26 +0530] "GET /wp-includes/wp-configs.php HTTP/1.1" 404 - "https://sgmassage.in/wp-includes/wp-configs.php" "Mozilla/5.0 (Windows NT 10.0; Win64; x64) AppleWebKit/537.36 (KHTML, like Gecko) Chrome/58.0.3029.110 Safari/537.3"
4.227.36.71 - - [18/Jan/2025:16:20:27 +0530] "GET /keywords=WEDGWOOD%20%E3%83%94%E3%82%A2%E3%82%B9/ HTTP/1.1" 404 - "-" "Mozilla/5.0 AppleWebKit/537.36 (KHTML, like Gecko; compatible; GPTBot/1.2; +https://openai.com/gptbot)"
107.148.90.103 - - [18/Jan/2025:16:20:27 +0530] "GET / HTTP/1.1" 200 57770 "https://sgmassage.in" "Mozilla/5.0 (Windows NT 10.0; Win64; x64) AppleWebKit/537.36 (KHTML, like Gecko) Chrome/58.0.3029.110 Safari/537.3"
4.227.36.71 - - [18/Jan/2025:16:20:30 +0530] "GET /keywords=TEATORA%20Wallet%20Pants%20RESORT%20DP/ HTTP/1.1" 404 - "-" "Mozilla/5.0 AppleWebKit/537.36 (KHTML, like Gecko; compatible; GPTBot/1.2; +https://openai.com/gptbot)"
4.227.36.71 - - [18/Jan/2025:16:20:33 +0530] "GET /keywords=2023AW%20MOLESKIN%20MODIGLIANI%20PANTS/ HTTP/1.1" 404 - "-" "Mozilla/5.0 AppleWebKit/537.36 (KHTML, like Gecko; compatible; GPTBot/1.2; +https://openai.com/gptbot)"
4.227.36.71 - - [18/Jan/2025:16:20:36 +0530] "GET /keywords=Nintendo%20Switch%20Splatoon%20Edition/ HTTP/1.1" 404 - "-" "Mozilla/5.0 AppleWebKit/537.36 (KHTML, like Gecko; compatible; GPTBot/1.2; +https://openai.com/gptbot)"
4.227.36.71 - - [18/Jan/2025:16:20:40 +0530] "GET /keywords=Supreme%20Abstract%20Stripe%20Cardigan/ HTTP/1.1" 404 - "-" "Mozilla/5.0 AppleWebKit/537.36 (KHTML, like Gecko; compatible; GPTBot/1.2; +https://openai.com/gptbot)"
4.227.36.71 - - [18/Jan/2025:16:20:41 +0530] "GET /keywords=Meltthelady%20fleur%20camisole%20dress/ HTTP/1.1" 404 - "-" "Mozilla/5.0 AppleWebKit/537.36 (KHTML, like Gecko; compatible; GPTBot/1.2; +https://openai.com/gptbot)"
4.227.36.71 - - [18/Jan/2025:16:20:44 +0530] "GET /keywords=Kailh%20Choc%20V1%20Red%20Pro%20Switch/ HTTP/1.1" 404 - "-" "Mozilla/5.0 AppleWebKit/537.36 (KHTML, like Gecko; compatible; GPTBot/1.2; +https://openai.com/gptbot)"
4.227.36.71 - - [18/Jan/2025:16:20:48 +0530] "GET /keywords=soulutions%20all%20your%20love%207inch/ HTTP/1.1" 404 - "-" "Mozilla/5.0 AppleWebKit/537.36 (KHTML, like Gecko; compatible; GPTBot/1.2; +https://openai.com/gptbot)"
66.249.66.41 - - [18/Jan/2025:16:20:50 +0530] "GET /product/imply19?c=g&l=868 HTTP/1.1" 404 - "-" "Mozilla/5.0 (Linux; Android 6.0.1; Nexus 5X Build/MMB29P) AppleWebKit/537.36 (KHTML, like Gecko) Chrome/132.0.6834.83 Mobile Safari/537.36 (compatible; Googlebot/2.1; +http://www.google.com/bot.html)"
66.249.66.41 - - [18/Jan/2025:16:20:50 +0530] "GET /product/eighth92?c=g&l=829 HTTP/1.1" 404 - "-" "Mozilla/5.0 (Linux; Android 6.0.1; Nexus 5X Build/MMB29P) AppleWebKit/537.36 (KHTML, like Gecko) Chrome/132.0.6834.83 Mobile Safari/537.36 (compatible; Googlebot/2.1; +http://www.google.com/bot.html)"
4.227.36.71 - - [18/Jan/2025:16:20:51 +0530] "GET /keywords=THE%20NORTH%20FACE%20M%20FINE%20HOODIE/ HTTP/1.1" 404 - "-" "Mozilla/5.0 AppleWebKit/537.36 (KHTML, like Gecko; compatible; GPTBot/1.2; +https://openai.com/gptbot)"
4.227.36.71 - - [18/Jan/2025:16:20:54 +0530] "GET /keywords=ESSENCE%20AUDIO%20LEGACY%204.4mm%2FMMCX HTTP/1.1" 404 - "-" "Mozilla/5.0 AppleWebKit/537.36 (KHTML, like Gecko; compatible; GPTBot/1.2; +https://openai.com/gptbot)"
4.227.36.71 - - [18/Jan/2025:16:20:57 +0530] "GET /keywords=20%E3%82%B9%E3%83%86%E3%83%A9SW20000PG/ HTTP/1.1" 404 - "-" "Mozilla/5.0 AppleWebKit/537.36 (KHTML, like Gecko; compatible; GPTBot/1.2; +https://openai.com/gptbot)"
4.227.36.71 - - [18/Jan/2025:16:21:00 +0530] "GET /keywords=UNDERCOVER%20x%20Nike%20Dunk%20High%20/ HTTP/1.1" 404 - "-" "Mozilla/5.0 AppleWebKit/537.36 (KHTML, like Gecko; compatible; GPTBot/1.2; +https://openai.com/gptbot)"
4.227.36.71 - - [18/Jan/2025:16:21:03 +0530] "GET /keywords=Converse%20chuck%20taylor%20ct70%2027.5 HTTP/1.1" 404 - "-" "Mozilla/5.0 AppleWebKit/537.36 (KHTML, like Gecko; compatible; GPTBot/1.2; +https://openai.com/gptbot)"
4.227.36.71 - - [18/Jan/2025:16:21:06 +0530] "GET /keywords=ASUS%20GeForce%20GTX%201050%20Ti%204GB/ HTTP/1.1" 404 - "-" "Mozilla/5.0 AppleWebKit/537.36 (KHTML, like Gecko; compatible; GPTBot/1.2; +https://openai.com/gptbot)"
4.227.36.71 - - [18/Jan/2025:16:21:09 +0530] "GET /keywords=POPMART%20BUNNY%20In%20Swimming%20Suit/ HTTP/1.1" 404 - "-" "Mozilla/5.0 AppleWebKit/537.36 (KHTML, like Gecko; compatible; GPTBot/1.2; +https://openai.com/gptbot)"
66.249.66.43 - - [18/Jan/2025:16:21:11 +0530] "GET /salt018000924.html HTTP/1.1" 404 - "-" "Mozilla/5.0 (Linux; Android 6.0.1; Nexus 5X Build/MMB29P) AppleWebKit/537.36 (KHTML, like Gecko) Chrome/132.0.6834.83 Mobile Safari/537.36 (compatible; Googlebot/2.1; +http://www.google.com/bot.html)"
4.227.36.71 - - [18/Jan/2025:16:21:12 +0530] "GET /keywords=SONY%20PlayStation3%20PS3%20CECH-2000A/ HTTP/1.1" 404 - "-" "Mozilla/5.0 AppleWebKit/537.36 (KHTML, like Gecko; compatible; GPTBot/1.2; +https://openai.com/gptbot)"
66.249.66.42 - - [18/Jan/2025:16:21:12 +0530] "GET /verbal068000368.html HTTP/1.1" 404 - "-" "Mozilla/5.0 (Linux; Android 6.0.1; Nexus 5X Build/MMB29P) AppleWebKit/537.36 (KHTML, like Gecko) Chrome/132.0.6834.83 Mobile Safari/537.36 (compatible; Googlebot/2.1; +http://www.google.com/bot.html)"
4.227.36.71 - - [18/Jan/2025:16:21:15 +0530] "GET /keywords=ADDICTION%20TOKYO%2015th%20ANNIVERSARY/ HTTP/1.1" 404 - "-" "Mozilla/5.0 AppleWebKit/537.36 (KHTML, like Gecko; compatible; GPTBot/1.2; +https://openai.com/gptbot)"
4.227.36.71 - - [18/Jan/2025:16:21:18 +0530] "GET /keywords=MYSTERY%20RANCH%203DAY%20ASSAULT%20BVS/ HTTP/1.1" 404 - "-" "Mozilla/5.0 AppleWebKit/537.36 (KHTML, like Gecko; compatible; GPTBot/1.2; +https://openai.com/gptbot)"
4.227.36.71 - - [18/Jan/2025:16:21:20 +0530] "GET /keywords=COACH%20%20%E3%83%90%E3%83%83%E3%82%AF/ HTTP/1.1" 404 - "-" "Mozilla/5.0 AppleWebKit/537.36 (KHTML, like Gecko; compatible; GPTBot/1.2; +https://openai.com/gptbot)"
4.227.36.71 - - [18/Jan/2025:16:21:25 +0530] "GET /keywords=sullen%20tokyo%2Fnylon%20cargo%20pants/ HTTP/1.1" 404 - "-" "Mozilla/5.0 AppleWebKit/537.36 (KHTML, like Gecko; compatible; GPTBot/1.2; +https://openai.com/gptbot)"
4.227.36.71 - - [18/Jan/2025:16:21:27 +0530] "GET /keywords=andmary%20Chloe%20check%20set%20up%20M/ HTTP/1.1" 404 - "-" "Mozilla/5.0 AppleWebKit/537.36 (KHTML, like Gecko; compatible; GPTBot/1.2; +https://openai.com/gptbot)"
4.227.36.71 - - [18/Jan/2025:16:21:30 +0530] "GET /keywords=zzzgoo%20%E9%A6%99%E6%B0%B4%20A1,C1,E2/ HTTP/1.1" 404 - "-" "Mozilla/5.0 AppleWebKit/537.36 (KHTML, like Gecko; compatible; GPTBot/1.2; +https://openai.com/gptbot)"
4.227.36.71 - - [18/Jan/2025:16:21:33 +0530] "GET /keywords=Eaphi%20FLUFFY%20TIGHT%20SKIRT%20beige/ HTTP/1.1" 404 - "-" "Mozilla/5.0 AppleWebKit/537.36 (KHTML, like Gecko; compatible; GPTBot/1.2; +https://openai.com/gptbot)"
4.227.36.71 - - [18/Jan/2025:16:21:36 +0530] "GET /keywords=KATO%206068%20%E3%82%AD%E3%83%8F82-901/ HTTP/1.1" 404 - "-" "Mozilla/5.0 AppleWebKit/537.36 (KHTML, like Gecko; compatible; GPTBot/1.2; +https://openai.com/gptbot)"
4.227.36.71 - - [18/Jan/2025:16:21:39 +0530] "GET /keywords=Nihongo%20in%20defense%20of%20Japanese/ HTTP/1.1" 404 - "-" "Mozilla/5.0 AppleWebKit/537.36 (KHTML, like Gecko; compatible; GPTBot/1.2; +https://openai.com/gptbot)"
4.227.36.71 - - [18/Jan/2025:16:21:42 +0530] "GET /keywords=2014%20RANJU%20TOM%20SPECIAL%20DVD-BOX/ HTTP/1.1" 404 - "-" "Mozilla/5.0 AppleWebKit/537.36 (KHTML, like Gecko; compatible; GPTBot/1.2; +https://openai.com/gptbot)"
4.227.36.71 - - [18/Jan/2025:16:21:45 +0530] "GET /keywords=GAME%20%26%20WATCH%20MANHOLE%20(MH-06)/ HTTP/1.1" 404 - "-" "Mozilla/5.0 AppleWebKit/537.36 (KHTML, like Gecko; compatible; GPTBot/1.2; +https://openai.com/gptbot)"
