27.59.92.216 - - [18/Jan/2025:20:50:55 +0530] "GET /admin/upload/IMG-20230518-WA0042.jpg HTTP/1.1" 200 207651 "https://www.theglobeinternational.com/gallery.php" "Mozilla/5.0 (Linux; Android 10; K) AppleWebKit/537.36 (KHTML, like Gecko) Chrome/131.0.0.0 Mobile Safari/537.36"
27.59.92.216 - - [18/Jan/2025:20:50:56 +0530] "GET /admin/upload/IMG-20230518-WA0039.jpg HTTP/1.1" 200 142298 "https://www.theglobeinternational.com/gallery.php" "Mozilla/5.0 (Linux; Android 10; K) AppleWebKit/537.36 (KHTML, like Gecko) Chrome/131.0.0.0 Mobile Safari/537.36"
27.59.92.216 - - [18/Jan/2025:20:50:55 +0530] "GET /admin/upload/IMG-20230518-WA0043.jpg HTTP/1.1" 200 235474 "https://www.theglobeinternational.com/gallery.php" "Mozilla/5.0 (Linux; Android 10; K) AppleWebKit/537.36 (KHTML, like Gecko) Chrome/131.0.0.0 Mobile Safari/537.36"
27.59.92.216 - - [18/Jan/2025:20:50:55 +0530] "GET /admin/upload/IMG-20230518-WA0041.jpg HTTP/1.1" 200 223860 "https://www.theglobeinternational.com/gallery.php" "Mozilla/5.0 (Linux; Android 10; K) AppleWebKit/537.36 (KHTML, like Gecko) Chrome/131.0.0.0 Mobile Safari/537.36"
27.59.92.216 - - [18/Jan/2025:20:50:58 +0530] "GET /assets/images/gallery/2.jpg HTTP/1.1" 404 - "https://www.theglobeinternational.com/gallery.php" "Mozilla/5.0 (Linux; Android 10; K) AppleWebKit/537.36 (KHTML, like Gecko) Chrome/131.0.0.0 Mobile Safari/537.36"
27.59.92.216 - - [18/Jan/2025:20:50:58 +0530] "GET /assets/images/gallery/3.jpg HTTP/1.1" 404 - "https://www.theglobeinternational.com/gallery.php" "Mozilla/5.0 (Linux; Android 10; K) AppleWebKit/537.36 (KHTML, like Gecko) Chrome/131.0.0.0 Mobile Safari/537.36"
27.59.92.216 - - [18/Jan/2025:20:50:57 +0530] "GET /admin/upload/0F7A2040.JPG HTTP/1.1" 200 128089 "https://www.theglobeinternational.com/gallery.php" "Mozilla/5.0 (Linux; Android 10; K) AppleWebKit/537.36 (KHTML, like Gecko) Chrome/131.0.0.0 Mobile Safari/537.36"
27.59.92.216 - - [18/Jan/2025:20:50:58 +0530] "GET /assets/images/gallery/4.jpg HTTP/1.1" 404 - "https://www.theglobeinternational.com/gallery.php" "Mozilla/5.0 (Linux; Android 10; K) AppleWebKit/537.36 (KHTML, like Gecko) Chrome/131.0.0.0 Mobile Safari/537.36"
27.59.92.216 - - [18/Jan/2025:20:50:58 +0530] "GET /assets/images/gallery/5.jpg HTTP/1.1" 404 - "https://www.theglobeinternational.com/gallery.php" "Mozilla/5.0 (Linux; Android 10; K) AppleWebKit/537.36 (KHTML, like Gecko) Chrome/131.0.0.0 Mobile Safari/537.36"
27.59.92.216 - - [18/Jan/2025:20:50:58 +0530] "GET /assets/images/gallery/6.jpg HTTP/1.1" 404 - "https://www.theglobeinternational.com/gallery.php" "Mozilla/5.0 (Linux; Android 10; K) AppleWebKit/537.36 (KHTML, like Gecko) Chrome/131.0.0.0 Mobile Safari/537.36"
27.59.92.216 - - [18/Jan/2025:20:50:57 +0530] "GET /admin/upload/0F7A1766.JPG HTTP/1.1" 200 253112 "https://www.theglobeinternational.com/gallery.php" "Mozilla/5.0 (Linux; Android 10; K) AppleWebKit/537.36 (KHTML, like Gecko) Chrome/131.0.0.0 Mobile Safari/537.36"
27.59.92.216 - - [18/Jan/2025:20:50:57 +0530] "GET /admin/upload/IMG-20230518-WA0038.jpg HTTP/1.1" 200 214621 "https://www.theglobeinternational.com/gallery.php" "Mozilla/5.0 (Linux; Android 10; K) AppleWebKit/537.36 (KHTML, like Gecko) Chrome/131.0.0.0 Mobile Safari/537.36"
27.59.92.216 - - [18/Jan/2025:20:50:58 +0530] "GET /admin/upload/0F7A1747.JPG HTTP/1.1" 200 163343 "https://www.theglobeinternational.com/gallery.php" "Mozilla/5.0 (Linux; Android 10; K) AppleWebKit/537.36 (KHTML, like Gecko) Chrome/131.0.0.0 Mobile Safari/537.36"
27.59.92.216 - - [18/Jan/2025:20:50:58 +0530] "GET /admin/upload/0F7A1731.JPG HTTP/1.1" 200 183608 "https://www.theglobeinternational.com/gallery.php" "Mozilla/5.0 (Linux; Android 10; K) AppleWebKit/537.36 (KHTML, like Gecko) Chrome/131.0.0.0 Mobile Safari/537.36"
27.59.92.216 - - [18/Jan/2025:20:50:58 +0530] "GET /admin/upload/0F7A1762.JPG HTTP/1.1" 200 249897 "https://www.theglobeinternational.com/gallery.php" "Mozilla/5.0 (Linux; Android 10; K) AppleWebKit/537.36 (KHTML, like Gecko) Chrome/131.0.0.0 Mobile Safari/537.36"
27.59.92.216 - - [18/Jan/2025:20:50:59 +0530] "GET /assets/images/logo-yellow.png HTTP/1.1" 404 - "https://www.theglobeinternational.com/gallery.php" "Mozilla/5.0 (Linux; Android 10; K) AppleWebKit/537.36 (KHTML, like Gecko) Chrome/131.0.0.0 Mobile Safari/537.36"
27.59.92.216 - - [18/Jan/2025:20:50:59 +0530] "GET /admin/upload/0F7A1730.JPG HTTP/1.1" 200 164323 "https://www.theglobeinternational.com/gallery.php" "Mozilla/5.0 (Linux; Android 10; K) AppleWebKit/537.36 (KHTML, like Gecko) Chrome/131.0.0.0 Mobile Safari/537.36"
156.59.198.135 - - [18/Jan/2025:20:57:24 +0530] "GET /admin/upload/StudyPortal.pdf HTTP/1.1" 404 - "-" "Mozilla/5.0 (Linux; Android 5.0) AppleWebKit/537.36 (KHTML, like Gecko) Mobile Safari/537.36 (compatible; Bytespider; spider-feedback@bytedance.com)"
66.249.66.64 - - [18/Jan/2025:21:02:36 +0530] "GET /?t3006367341.shtml HTTP/1.1" 200 631042 "-" "Mozilla/5.0 (Linux; Android 6.0.1; Nexus 5X Build/MMB29P) AppleWebKit/537.36 (KHTML, like Gecko) Chrome/132.0.6834.83 Mobile Safari/537.36 (compatible; Googlebot/2.1; +http://www.google.com/bot.html)"
109.236.93.77 - - [18/Jan/2025:21:04:54 +0530] "GET /id HTTP/1.0" 404 - "-" "Mozilla/5.0 (Windows NT 10.0; Win64; x64) AppleWebKit/537.36 (KHTML, like Gecko) Chrome/118.0.0.0 Safari/537.36"
66.249.66.65 - - [18/Jan/2025:21:15:34 +0530] "GET /?t3007664845.shtml HTTP/1.1" 200 631042 "-" "Mozilla/5.0 (Linux; Android 6.0.1; Nexus 5X Build/MMB29P) AppleWebKit/537.36 (KHTML, like Gecko) Chrome/132.0.6834.83 Mobile Safari/537.36 (compatible; Googlebot/2.1; +http://www.google.com/bot.html)"
212.8.248.108 - - [18/Jan/2025:21:15:54 +0530] "GET /id HTTP/1.0" 404 - "-" "Mozilla/5.0 (Windows NT 10.0; Win64; x64) AppleWebKit/537.36 (KHTML, like Gecko) Chrome/118.0.0.0 Safari/537.36"
66.249.66.64 - - [18/Jan/2025:21:21:51 +0530] "GET /?t3009199620.shtml HTTP/1.1" 200 631042 "-" "Mozilla/5.0 (Linux; Android 6.0.1; Nexus 5X Build/MMB29P) AppleWebKit/537.36 (KHTML, like Gecko) Chrome/132.0.6834.83 Mobile Safari/537.36 (compatible; Googlebot/2.1; +http://www.google.com/bot.html)"
66.249.66.65 - - [18/Jan/2025:21:42:31 +0530] "GET /?t1002959333.shtml HTTP/1.1" 200 631042 "-" "Mozilla/5.0 (Linux; Android 6.0.1; Nexus 5X Build/MMB29P) AppleWebKit/537.36 (KHTML, like Gecko) Chrome/132.0.6834.83 Mobile Safari/537.36 (compatible; Googlebot/2.1; +http://www.google.com/bot.html)"
52.167.144.199 - - [18/Jan/2025:21:48:20 +0530] "GET /film31/admin/upload/canada%20booklet-14.pdf HTTP/1.1" 404 - "-" "Mozilla/5.0 AppleWebKit/537.36 (KHTML, like Gecko; compatible; bingbot/2.0; +http://www.bing.com/bingbot.htm) Chrome/116.0.1938.76 Safari/537.36"
20.171.207.121 - - [18/Jan/2025:21:52:56 +0530] "GET /robots.txt HTTP/1.1" 200 77 "-" "Mozilla/5.0 AppleWebKit/537.36 (KHTML, like Gecko; compatible; GPTBot/1.2; +https://openai.com/gptbot)"
66.249.66.66 - - [18/Jan/2025:21:53:52 +0530] "GET /?t3009301927.shtml HTTP/1.1" 200 631042 "-" "Mozilla/5.0 (Linux; Android 6.0.1; Nexus 5X Build/MMB29P) AppleWebKit/537.36 (KHTML, like Gecko) Chrome/132.0.6834.83 Mobile Safari/537.36 (compatible; Googlebot/2.1; +http://www.google.com/bot.html)"
66.249.66.66 - - [18/Jan/2025:21:58:07 +0530] "GET /?t3007712448.shtml HTTP/1.1" 200 631042 "-" "Mozilla/5.0 (Linux; Android 6.0.1; Nexus 5X Build/MMB29P) AppleWebKit/537.36 (KHTML, like Gecko) Chrome/132.0.6834.83 Mobile Safari/537.36 (compatible; Googlebot/2.1; +http://www.google.com/bot.html)"
66.249.66.66 - - [18/Jan/2025:21:58:08 +0530] "GET /?t1002992902.shtml HTTP/1.1" 200 631042 "-" "Mozilla/5.0 (Linux; Android 6.0.1; Nexus 5X Build/MMB29P) AppleWebKit/537.36 (KHTML, like Gecko) Chrome/132.0.6834.83 Mobile Safari/537.36 (compatible; Googlebot/2.1; +http://www.google.com/bot.html)"
66.249.66.65 - - [18/Jan/2025:21:58:09 +0530] "GET /?t3009583855.shtml HTTP/1.1" 200 631042 "-" "Mozilla/5.0 (Linux; Android 6.0.1; Nexus 5X Build/MMB29P) AppleWebKit/537.36 (KHTML, like Gecko) Chrome/132.0.6834.83 Mobile Safari/537.36 (compatible; Googlebot/2.1; +http://www.google.com/bot.html)"
66.249.66.64 - - [18/Jan/2025:21:58:12 +0530] "GET /?t3005207651.shtml HTTP/1.1" 200 631042 "-" "Mozilla/5.0 (Linux; Android 6.0.1; Nexus 5X Build/MMB29P) AppleWebKit/537.36 (KHTML, like Gecko) Chrome/132.0.6834.83 Mobile Safari/537.36 (compatible; Googlebot/2.1; +http://www.google.com/bot.html)"
66.249.66.64 - - [18/Jan/2025:21:58:12 +0530] "GET /?t3005905327.shtml HTTP/1.1" 200 631042 "-" "Mozilla/5.0 (Linux; Android 6.0.1; Nexus 5X Build/MMB29P) AppleWebKit/537.36 (KHTML, like Gecko) Chrome/132.0.6834.83 Mobile Safari/537.36 (compatible; Googlebot/2.1; +http://www.google.com/bot.html)"
66.249.66.65 - - [18/Jan/2025:22:00:54 +0530] "GET /?t3009240502.shtml HTTP/1.1" 200 631042 "-" "Mozilla/5.0 (Linux; Android 6.0.1; Nexus 5X Build/MMB29P) AppleWebKit/537.36 (KHTML, like Gecko) Chrome/132.0.6834.83 Mobile Safari/537.36 (compatible; Googlebot/2.1; +http://www.google.com/bot.html)"
66.249.66.64 - - [18/Jan/2025:22:03:07 +0530] "GET /?t3007892426.shtml HTTP/1.1" 200 631042 "-" "Mozilla/5.0 (Linux; Android 6.0.1; Nexus 5X Build/MMB29P) AppleWebKit/537.36 (KHTML, like Gecko) Chrome/132.0.6834.83 Mobile Safari/537.36 (compatible; Googlebot/2.1; +http://www.google.com/bot.html)"
66.249.66.65 - - [18/Jan/2025:22:07:48 +0530] "GET /?t3009201528.shtml HTTP/1.1" 200 631042 "-" "Mozilla/5.0 (Linux; Android 6.0.1; Nexus 5X Build/MMB29P) AppleWebKit/537.36 (KHTML, like Gecko) Chrome/132.0.6834.83 Mobile Safari/537.36 (compatible; Googlebot/2.1; +http://www.google.com/bot.html)"
66.249.66.66 - - [18/Jan/2025:22:17:19 +0530] "GET /?t3009772483.shtml HTTP/1.1" 200 631042 "-" "Mozilla/5.0 (Linux; Android 6.0.1; Nexus 5X Build/MMB29P) AppleWebKit/537.36 (KHTML, like Gecko) Chrome/132.0.6834.83 Mobile Safari/537.36 (compatible; Googlebot/2.1; +http://www.google.com/bot.html)"
66.249.66.64 - - [18/Jan/2025:22:19:22 +0530] "GET /?t3008246055.shtml HTTP/1.1" 200 631042 "-" "Mozilla/5.0 (Linux; Android 6.0.1; Nexus 5X Build/MMB29P) AppleWebKit/537.36 (KHTML, like Gecko) Chrome/132.0.6834.83 Mobile Safari/537.36 (compatible; Googlebot/2.1; +http://www.google.com/bot.html)"
66.249.66.64 - - [18/Jan/2025:22:20:30 +0530] "GET /?t3005416374.shtml HTTP/1.1" 200 631042 "-" "Mozilla/5.0 (Linux; Android 6.0.1; Nexus 5X Build/MMB29P) AppleWebKit/537.36 (KHTML, like Gecko) Chrome/132.0.6834.83 Mobile Safari/537.36 (compatible; Googlebot/2.1; +http://www.google.com/bot.html)"
66.249.66.66 - - [18/Jan/2025:22:24:55 +0530] "GET /?t1003809569.shtml HTTP/1.1" 200 631042 "-" "Mozilla/5.0 (Linux; Android 6.0.1; Nexus 5X Build/MMB29P) AppleWebKit/537.36 (KHTML, like Gecko) Chrome/132.0.6834.83 Mobile Safari/537.36 (compatible; Googlebot/2.1; +http://www.google.com/bot.html)"
66.249.66.65 - - [18/Jan/2025:22:25:48 +0530] "GET /tag/ploxd HTTP/1.1" 404 - "-" "Mozilla/5.0 (Linux; Android 6.0.1; Nexus 5X Build/MMB29P) AppleWebKit/537.36 (KHTML, like Gecko) Chrome/132.0.6834.83 Mobile Safari/537.36 (compatible; Googlebot/2.1; +http://www.google.com/bot.html)"
66.249.66.65 - - [18/Jan/2025:22:34:37 +0530] "GET /?t1004479349.shtml HTTP/1.1" 200 631042 "-" "Mozilla/5.0 (Linux; Android 6.0.1; Nexus 5X Build/MMB29P) AppleWebKit/537.36 (KHTML, like Gecko) Chrome/132.0.6834.83 Mobile Safari/537.36 (compatible; Googlebot/2.1; +http://www.google.com/bot.html)"
66.249.66.66 - - [18/Jan/2025:22:35:09 +0530] "GET /?t3006821997.shtml HTTP/1.1" 200 631042 "-" "Mozilla/5.0 (Linux; Android 6.0.1; Nexus 5X Build/MMB29P) AppleWebKit/537.36 (KHTML, like Gecko) Chrome/132.0.6834.83 Mobile Safari/537.36 (compatible; Googlebot/2.1; +http://www.google.com/bot.html)"
66.249.66.66 - - [18/Jan/2025:22:48:07 +0530] "GET /?t3008366765.shtml HTTP/1.1" 200 631042 "-" "Mozilla/5.0 (Linux; Android 6.0.1; Nexus 5X Build/MMB29P) AppleWebKit/537.36 (KHTML, like Gecko) Chrome/132.0.6834.83 Mobile Safari/537.36 (compatible; Googlebot/2.1; +http://www.google.com/bot.html)"
40.77.167.32 - - [18/Jan/2025:22:53:48 +0530] "GET /?t1002092388.shtml HTTP/1.1" 200 51910 "-" "Mozilla/5.0 AppleWebKit/537.36 (KHTML, like Gecko; compatible; bingbot/2.0; +http://www.bing.com/bingbot.htm) Chrome/116.0.1938.76 Safari/537.36"
66.249.66.64 - - [18/Jan/2025:22:55:55 +0530] "GET /bzrdb/s814163.html HTTP/1.1" 404 - "-" "Mozilla/5.0 (Linux; Android 6.0.1; Nexus 5X Build/MMB29P) AppleWebKit/537.36 (KHTML, like Gecko) Chrome/132.0.6834.83 Mobile Safari/537.36 (compatible; Googlebot/2.1; +http://www.google.com/bot.html)"
109.236.93.77 - - [18/Jan/2025:22:58:55 +0530] "GET /id HTTP/1.0" 404 - "-" "Mozilla/5.0 (Windows NT 10.0; Win64; x64) AppleWebKit/537.36 (KHTML, like Gecko) Chrome/118.0.0.0 Safari/537.36"
66.249.66.66 - - [18/Jan/2025:23:00:50 +0530] "GET /?t3007593794.shtml HTTP/1.1" 200 631042 "-" "Mozilla/5.0 (Linux; Android 6.0.1; Nexus 5X Build/MMB29P) AppleWebKit/537.36 (KHTML, like Gecko) Chrome/132.0.6834.83 Mobile Safari/537.36 (compatible; Googlebot/2.1; +http://www.google.com/bot.html)"
66.249.66.75 - - [18/Jan/2025:23:02:41 +0530] "GET /index.php HTTP/1.1" 200 631042 "-" "Mozilla/5.0 (Linux; Android 6.0.1; Nexus 5X Build/MMB29P) AppleWebKit/537.36 (KHTML, like Gecko) Chrome/132.0.6834.83 Mobile Safari/537.36 (compatible; Googlebot/2.1; +http://www.google.com/bot.html)"
66.249.66.76 - - [18/Jan/2025:23:03:52 +0530] "GET /robots.txt HTTP/1.1" 200 77 "-" "Mozilla/5.0 (compatible; Googlebot/2.1; +http://www.google.com/bot.html)"
66.249.66.75 - - [18/Jan/2025:23:03:53 +0530] "GET / HTTP/1.1" 200 631042 "-" "Mozilla/5.0 (Linux; Android 6.0.1; Nexus 5X Build/MMB29P) AppleWebKit/537.36 (KHTML, like Gecko) Chrome/132.0.6834.83 Mobile Safari/537.36 (compatible; Googlebot/2.1; +http://www.google.com/bot.html)"
66.249.66.75 - - [18/Jan/2025:23:10:23 +0530] "GET / HTTP/1.1" 200 631042 "-" "Mozilla/5.0 (Linux; Android 6.0.1; Nexus 5X Build/MMB29P) AppleWebKit/537.36 (KHTML, like Gecko) Chrome/99.0.4844.84 Mobile Safari/537.36 (compatible; Googlebot/2.1; +http://www.google.com/bot.html)"
66.249.66.76 - - [18/Jan/2025:23:10:25 +0530] "GET / HTTP/1.1" 200 631042 "-" "Mozilla/5.0 (compatible; Googlebot/2.1; +http://www.google.com/bot.html)"
212.8.248.108 - - [18/Jan/2025:23:14:23 +0530] "GET /id HTTP/1.0" 404 - "-" "Mozilla/5.0 (Windows NT 10.0; Win64; x64) AppleWebKit/537.36 (KHTML, like Gecko) Chrome/118.0.0.0 Safari/537.36"
66.249.66.66 - - [18/Jan/2025:23:23:16 +0530] "GET /?t1004904394.shtml HTTP/1.1" 200 631042 "-" "Mozilla/5.0 (Linux; Android 6.0.1; Nexus 5X Build/MMB29P) AppleWebKit/537.36 (KHTML, like Gecko) Chrome/132.0.6834.83 Mobile Safari/537.36 (compatible; Googlebot/2.1; +http://www.google.com/bot.html)"
66.249.66.64 - - [18/Jan/2025:23:25:39 +0530] "GET /lldqg/m504818.html HTTP/1.1" 404 - "-" "Mozilla/5.0 (Linux; Android 6.0.1; Nexus 5X Build/MMB29P) AppleWebKit/537.36 (KHTML, like Gecko) Chrome/132.0.6834.83 Mobile Safari/537.36 (compatible; Googlebot/2.1; +http://www.google.com/bot.html)"
66.249.66.74 - - [18/Jan/2025:23:25:50 +0530] "GET /wares/response881742.phtml HTTP/1.1" 404 - "-" "Mozilla/5.0 (Linux; Android 6.0.1; Nexus 5X Build/MMB29P) AppleWebKit/537.36 (KHTML, like Gecko) Chrome/132.0.6834.83 Mobile Safari/537.36 (compatible; Googlebot/2.1; +http://www.google.com/bot.html)"
66.249.66.66 - - [18/Jan/2025:23:31:37 +0530] "GET /?t3009118269.shtml HTTP/1.1" 200 631042 "-" "Mozilla/5.0 (Linux; Android 6.0.1; Nexus 5X Build/MMB29P) AppleWebKit/537.36 (KHTML, like Gecko) Chrome/132.0.6834.83 Mobile Safari/537.36 (compatible; Googlebot/2.1; +http://www.google.com/bot.html)"
66.249.66.64 - - [18/Jan/2025:23:32:19 +0530] "GET /?t100775372.shtml HTTP/1.1" 200 631042 "-" "Mozilla/5.0 (Linux; Android 6.0.1; Nexus 5X Build/MMB29P) AppleWebKit/537.36 (KHTML, like Gecko) Chrome/132.0.6834.83 Mobile Safari/537.36 (compatible; Googlebot/2.1; +http://www.google.com/bot.html)"
156.59.198.136 - - [18/Jan/2025:23:35:52 +0530] "GET /assets/images/banner/banner-1.jpg HTTP/1.1" 200 1008343 "-" "Mozilla/5.0 (Linux; Android 5.0) AppleWebKit/537.36 (KHTML, like Gecko) Mobile Safari/537.36 (compatible; Bytespider; spider-feedback@bytedance.com)"
66.249.66.66 - - [18/Jan/2025:23:39:47 +0530] "GET / HTTP/1.1" 200 631042 "-" "Mozilla/5.0 (compatible; Googlebot/2.1; +http://www.google.com/bot.html)"
47.128.56.148 - - [18/Jan/2025:23:39:53 +0530] "GET /robots.txt HTTP/1.1" 200 77 "-" "Mozilla/5.0 (Linux; Android 5.0) AppleWebKit/537.36 (KHTML, like Gecko) Mobile Safari/537.36 (compatible; Bytespider; spider-feedback@bytedance.com)"
66.249.66.65 - - [18/Jan/2025:23:42:34 +0530] "GET /?t3006877515.shtml HTTP/1.1" 200 631042 "-" "Mozilla/5.0 (Linux; Android 6.0.1; Nexus 5X Build/MMB29P) AppleWebKit/537.36 (KHTML, like Gecko) Chrome/132.0.6834.83 Mobile Safari/537.36 (compatible; Googlebot/2.1; +http://www.google.com/bot.html)"
182.43.70.143 - - [18/Jan/2025:23:50:17 +0530] "GET / HTTP/1.1" 200 51910 "http://theglobeinternational.com" "Mozilla/5.0 (iPhone; CPU iPhone OS 13_2_3 like Mac OS X) AppleWebKit/605.1.15 (KHTML, like Gecko) Version/13.0.3 Mobile/15E148 Safari/604.1"
66.249.66.66 - - [18/Jan/2025:23:55:39 +0530] "GET / HTTP/1.1" 200 631042 "-" "Mozilla/5.0 (compatible; Googlebot/2.1; +http://www.google.com/bot.html)"
66.249.66.64 - - [19/Jan/2025:00:00:05 +0530] "GET /?t1004125115.shtml HTTP/1.1" 200 631042 "-" "Mozilla/5.0 (Linux; Android 6.0.1; Nexus 5X Build/MMB29P) AppleWebKit/537.36 (KHTML, like Gecko) Chrome/132.0.6834.83 Mobile Safari/537.36 (compatible; Googlebot/2.1; +http://www.google.com/bot.html)"
20.171.207.117 - - [19/Jan/2025:00:07:49 +0530] "GET /robots.txt HTTP/1.1" 200 77 "-" "Mozilla/5.0 AppleWebKit/537.36 (KHTML, like Gecko; compatible; GPTBot/1.2; +https://openai.com/gptbot)"
66.249.66.65 - - [19/Jan/2025:00:15:38 +0530] "GET /?t3007234373.shtml HTTP/1.1" 200 631042 "-" "Mozilla/5.0 (Linux; Android 6.0.1; Nexus 5X Build/MMB29P) AppleWebKit/537.36 (KHTML, like Gecko) Chrome/132.0.6834.83 Mobile Safari/537.36 (compatible; Googlebot/2.1; +http://www.google.com/bot.html)"
66.249.66.65 - - [19/Jan/2025:00:17:40 +0530] "GET /?t1003974224.shtml HTTP/1.1" 200 631042 "-" "Mozilla/5.0 (Linux; Android 6.0.1; Nexus 5X Build/MMB29P) AppleWebKit/537.36 (KHTML, like Gecko) Chrome/132.0.6834.83 Mobile Safari/537.36 (compatible; Googlebot/2.1; +http://www.google.com/bot.html)"
66.249.66.66 - - [19/Jan/2025:00:25:21 +0530] "GET /?t1004164235.shtml HTTP/1.1" 200 631042 "-" "Mozilla/5.0 (Linux; Android 6.0.1; Nexus 5X Build/MMB29P) AppleWebKit/537.36 (KHTML, like Gecko) Chrome/132.0.6834.83 Mobile Safari/537.36 (compatible; Googlebot/2.1; +http://www.google.com/bot.html)"
66.249.66.66 - - [19/Jan/2025:00:34:23 +0530] "GET /?t1003762769.shtml HTTP/1.1" 200 631042 "-" "Mozilla/5.0 (Linux; Android 6.0.1; Nexus 5X Build/MMB29P) AppleWebKit/537.36 (KHTML, like Gecko) Chrome/132.0.6834.83 Mobile Safari/537.36 (compatible; Googlebot/2.1; +http://www.google.com/bot.html)"
173.252.107.9 - - [19/Jan/2025:00:36:38 +0530] "GET /meta.json HTTP/1.1" 404 - "-" "facebookexternalhit/1.1 (+http://www.facebook.com/externalhit_uatext.php)"
173.252.107.8 - - [19/Jan/2025:00:36:38 +0530] "GET / HTTP/1.1" 200 51910 "-" "facebookexternalhit/1.1 (+http://www.facebook.com/externalhit_uatext.php)"
173.252.107.3 - - [19/Jan/2025:00:36:38 +0530] "GET / HTTP/1.1" 200 51910 "-" "facebookexternalhit/1.1 (+http://www.facebook.com/externalhit_uatext.php)"
66.249.66.64 - - [19/Jan/2025:00:39:07 +0530] "GET / HTTP/1.1" 200 631042 "-" "Mozilla/5.0 (compatible; Googlebot/2.1; +http://www.google.com/bot.html)"
212.8.248.108 - - [19/Jan/2025:00:42:38 +0530] "GET /id HTTP/1.0" 404 - "-" "Mozilla/5.0 (Windows NT 10.0; Win64; x64) AppleWebKit/537.36 (KHTML, like Gecko) Chrome/118.0.0.0 Safari/537.36"
66.249.66.66 - - [19/Jan/2025:00:45:25 +0530] "GET /?t1002874108.shtml HTTP/1.1" 200 631042 "-" "Mozilla/5.0 (Linux; Android 6.0.1; Nexus 5X Build/MMB29P) AppleWebKit/537.36 (KHTML, like Gecko) Chrome/132.0.6834.83 Mobile Safari/537.36 (compatible; Googlebot/2.1; +http://www.google.com/bot.html)"
66.249.66.65 - - [19/Jan/2025:00:45:26 +0530] "GET /?gkjgj26074760167074p HTTP/1.1" 200 631042 "-" "Mozilla/5.0 (Linux; Android 6.0.1; Nexus 5X Build/MMB29P) AppleWebKit/537.36 (KHTML, like Gecko) Chrome/132.0.6834.83 Mobile Safari/537.36 (compatible; Googlebot/2.1; +http://www.google.com/bot.html)"
66.249.66.65 - - [19/Jan/2025:00:46:22 +0530] "GET /?t3006426409.shtml HTTP/1.1" 200 631042 "-" "Mozilla/5.0 (Linux; Android 6.0.1; Nexus 5X Build/MMB29P) AppleWebKit/537.36 (KHTML, like Gecko) Chrome/132.0.6834.83 Mobile Safari/537.36 (compatible; Googlebot/2.1; +http://www.google.com/bot.html)"
66.249.66.66 - - [19/Jan/2025:00:53:47 +0530] "GET /?t3008509965.shtml HTTP/1.1" 200 631042 "-" "Mozilla/5.0 (Linux; Android 6.0.1; Nexus 5X Build/MMB29P) AppleWebKit/537.36 (KHTML, like Gecko) Chrome/132.0.6834.83 Mobile Safari/537.36 (compatible; Googlebot/2.1; +http://www.google.com/bot.html)"
66.249.66.66 - - [19/Jan/2025:00:53:48 +0530] "GET /?t3007617915.shtml HTTP/1.1" 200 631042 "-" "Mozilla/5.0 (Linux; Android 6.0.1; Nexus 5X Build/MMB29P) AppleWebKit/537.36 (KHTML, like Gecko) Chrome/132.0.6834.83 Mobile Safari/537.36 (compatible; Googlebot/2.1; +http://www.google.com/bot.html)"
66.249.66.64 - - [19/Jan/2025:00:53:48 +0530] "GET /?t1004553943.shtml HTTP/1.1" 200 631042 "-" "Mozilla/5.0 (Linux; Android 6.0.1; Nexus 5X Build/MMB29P) AppleWebKit/537.36 (KHTML, like Gecko) Chrome/132.0.6834.83 Mobile Safari/537.36 (compatible; Googlebot/2.1; +http://www.google.com/bot.html)"
66.249.66.65 - - [19/Jan/2025:00:53:49 +0530] "GET /?t3006682517.shtml HTTP/1.1" 200 631042 "-" "Mozilla/5.0 (Linux; Android 6.0.1; Nexus 5X Build/MMB29P) AppleWebKit/537.36 (KHTML, like Gecko) Chrome/132.0.6834.83 Mobile Safari/537.36 (compatible; Googlebot/2.1; +http://www.google.com/bot.html)"
66.249.66.65 - - [19/Jan/2025:00:53:49 +0530] "GET /?t3005264864.shtml HTTP/1.1" 200 631042 "-" "Mozilla/5.0 (Linux; Android 6.0.1; Nexus 5X Build/MMB29P) AppleWebKit/537.36 (KHTML, like Gecko) Chrome/132.0.6834.83 Mobile Safari/537.36 (compatible; Googlebot/2.1; +http://www.google.com/bot.html)"
143.198.4.77 - - [19/Jan/2025:01:00:25 +0530] "GET /the_worlds_most_visited_web_pages_988/ HTTP/1.1" 404 - "-" "GuzzleHttp/6.5.5 curl/7.61.1 PHP/7.4.33"
66.249.66.64 - - [19/Jan/2025:01:10:19 +0530] "GET /tag/assets/images/features/style2/4.png HTTP/1.1" 404 - "-" "Googlebot-Image/1.0"
66.249.66.65 - - [19/Jan/2025:01:10:38 +0530] "GET /tag/assets/images/features/style2/5.png HTTP/1.1" 404 - "-" "Googlebot-Image/1.0"
147.182.248.81 - - [19/Jan/2025:01:13:33 +0530] "GET / HTTP/1.1" 200 51910 "-" "Mozilla/5.0 (Windows NT 10.0; Win64; x64) AppleWebKit/537.36 (KHTML, like Gecko) Chrome/80.0.3987.149 Safari/537.36"
147.182.248.81 - - [19/Jan/2025:01:13:34 +0530] "GET //wp-includes/wlwmanifest.xml HTTP/1.1" 404 - "-" "Mozilla/5.0 (Windows NT 10.0; Win64; x64) AppleWebKit/537.36 (KHTML, like Gecko) Chrome/80.0.3987.149 Safari/537.36"
147.182.248.81 - - [19/Jan/2025:01:13:35 +0530] "GET //xmlrpc.php?rsd HTTP/1.1" 404 - "-" "Mozilla/5.0 (Windows NT 10.0; Win64; x64) AppleWebKit/537.36 (KHTML, like Gecko) Chrome/80.0.3987.149 Safari/537.36"
147.182.248.81 - - [19/Jan/2025:01:13:35 +0530] "GET / HTTP/1.1" 200 51910 "-" "Mozilla/5.0 (Windows NT 10.0; Win64; x64) AppleWebKit/537.36 (KHTML, like Gecko) Chrome/80.0.3987.149 Safari/537.36"
147.182.248.81 - - [19/Jan/2025:01:13:42 +0530] "GET //blog/wp-includes/wlwmanifest.xml HTTP/1.1" 404 - "-" "Mozilla/5.0 (Windows NT 10.0; Win64; x64) AppleWebKit/537.36 (KHTML, like Gecko) Chrome/80.0.3987.149 Safari/537.36"
147.182.248.81 - - [19/Jan/2025:01:13:43 +0530] "GET //web/wp-includes/wlwmanifest.xml HTTP/1.1" 404 - "-" "Mozilla/5.0 (Windows NT 10.0; Win64; x64) AppleWebKit/537.36 (KHTML, like Gecko) Chrome/80.0.3987.149 Safari/537.36"
147.182.248.81 - - [19/Jan/2025:01:13:43 +0530] "GET //wordpress/wp-includes/wlwmanifest.xml HTTP/1.1" 404 - "-" "Mozilla/5.0 (Windows NT 10.0; Win64; x64) AppleWebKit/537.36 (KHTML, like Gecko) Chrome/80.0.3987.149 Safari/537.36"
147.182.248.81 - - [19/Jan/2025:01:13:43 +0530] "GET //website/wp-includes/wlwmanifest.xml HTTP/1.1" 404 - "-" "Mozilla/5.0 (Windows NT 10.0; Win64; x64) AppleWebKit/537.36 (KHTML, like Gecko) Chrome/80.0.3987.149 Safari/537.36"
147.182.248.81 - - [19/Jan/2025:01:13:43 +0530] "GET //wp/wp-includes/wlwmanifest.xml HTTP/1.1" 404 - "-" "Mozilla/5.0 (Windows NT 10.0; Win64; x64) AppleWebKit/537.36 (KHTML, like Gecko) Chrome/80.0.3987.149 Safari/537.36"
147.182.248.81 - - [19/Jan/2025:01:13:44 +0530] "GET //news/wp-includes/wlwmanifest.xml HTTP/1.1" 404 - "-" "Mozilla/5.0 (Windows NT 10.0; Win64; x64) AppleWebKit/537.36 (KHTML, like Gecko) Chrome/80.0.3987.149 Safari/537.36"
147.182.248.81 - - [19/Jan/2025:01:13:44 +0530] "GET //2018/wp-includes/wlwmanifest.xml HTTP/1.1" 404 - "-" "Mozilla/5.0 (Windows NT 10.0; Win64; x64) AppleWebKit/537.36 (KHTML, like Gecko) Chrome/80.0.3987.149 Safari/537.36"
147.182.248.81 - - [19/Jan/2025:01:13:44 +0530] "GET //2019/wp-includes/wlwmanifest.xml HTTP/1.1" 404 - "-" "Mozilla/5.0 (Windows NT 10.0; Win64; x64) AppleWebKit/537.36 (KHTML, like Gecko) Chrome/80.0.3987.149 Safari/537.36"
147.182.248.81 - - [19/Jan/2025:01:13:44 +0530] "GET //shop/wp-includes/wlwmanifest.xml HTTP/1.1" 404 - "-" "Mozilla/5.0 (Windows NT 10.0; Win64; x64) AppleWebKit/537.36 (KHTML, like Gecko) Chrome/80.0.3987.149 Safari/537.36"
147.182.248.81 - - [19/Jan/2025:01:13:45 +0530] "GET //wp1/wp-includes/wlwmanifest.xml HTTP/1.1" 404 - "-" "Mozilla/5.0 (Windows NT 10.0; Win64; x64) AppleWebKit/537.36 (KHTML, like Gecko) Chrome/80.0.3987.149 Safari/537.36"
147.182.248.81 - - [19/Jan/2025:01:13:45 +0530] "GET //test/wp-includes/wlwmanifest.xml HTTP/1.1" 404 - "-" "Mozilla/5.0 (Windows NT 10.0; Win64; x64) AppleWebKit/537.36 (KHTML, like Gecko) Chrome/80.0.3987.149 Safari/537.36"
147.182.248.81 - - [19/Jan/2025:01:13:45 +0530] "GET //media/wp-includes/wlwmanifest.xml HTTP/1.1" 404 - "-" "Mozilla/5.0 (Windows NT 10.0; Win64; x64) AppleWebKit/537.36 (KHTML, like Gecko) Chrome/80.0.3987.149 Safari/537.36"
147.182.248.81 - - [19/Jan/2025:01:13:45 +0530] "GET //wp2/wp-includes/wlwmanifest.xml HTTP/1.1" 404 - "-" "Mozilla/5.0 (Windows NT 10.0; Win64; x64) AppleWebKit/537.36 (KHTML, like Gecko) Chrome/80.0.3987.149 Safari/537.36"
147.182.248.81 - - [19/Jan/2025:01:13:46 +0530] "GET //site/wp-includes/wlwmanifest.xml HTTP/1.1" 404 - "-" "Mozilla/5.0 (Windows NT 10.0; Win64; x64) AppleWebKit/537.36 (KHTML, like Gecko) Chrome/80.0.3987.149 Safari/537.36"
147.182.248.81 - - [19/Jan/2025:01:13:46 +0530] "GET //cms/wp-includes/wlwmanifest.xml HTTP/1.1" 404 - "-" "Mozilla/5.0 (Windows NT 10.0; Win64; x64) AppleWebKit/537.36 (KHTML, like Gecko) Chrome/80.0.3987.149 Safari/537.36"
147.182.248.81 - - [19/Jan/2025:01:13:46 +0530] "GET //sito/wp-includes/wlwmanifest.xml HTTP/1.1" 404 - "-" "Mozilla/5.0 (Windows NT 10.0; Win64; x64) AppleWebKit/537.36 (KHTML, like Gecko) Chrome/80.0.3987.149 Safari/537.36"
66.249.66.65 - - [19/Jan/2025:01:17:56 +0530] "GET /?t3006733693.shtml HTTP/1.1" 200 631042 "-" "Mozilla/5.0 (Linux; Android 6.0.1; Nexus 5X Build/MMB29P) AppleWebKit/537.36 (KHTML, like Gecko) Chrome/132.0.6834.83 Mobile Safari/537.36 (compatible; Googlebot/2.1; +http://www.google.com/bot.html)"
66.249.66.65 - - [19/Jan/2025:01:17:57 +0530] "GET /?t3009751398.shtml HTTP/1.1" 200 631042 "-" "Mozilla/5.0 (Linux; Android 6.0.1; Nexus 5X Build/MMB29P) AppleWebKit/537.36 (KHTML, like Gecko) Chrome/132.0.6834.83 Mobile Safari/537.36 (compatible; Googlebot/2.1; +http://www.google.com/bot.html)"
66.249.66.66 - - [19/Jan/2025:01:19:19 +0530] "GET /?t3007281391.shtml HTTP/1.1" 200 631042 "-" "Mozilla/5.0 (Linux; Android 6.0.1; Nexus 5X Build/MMB29P) AppleWebKit/537.36 (KHTML, like Gecko) Chrome/132.0.6834.83 Mobile Safari/537.36 (compatible; Googlebot/2.1; +http://www.google.com/bot.html)"
66.249.66.64 - - [19/Jan/2025:01:19:19 +0530] "GET /?t100856938.shtml HTTP/1.1" 200 631042 "-" "Mozilla/5.0 (Linux; Android 6.0.1; Nexus 5X Build/MMB29P) AppleWebKit/537.36 (KHTML, like Gecko) Chrome/132.0.6834.83 Mobile Safari/537.36 (compatible; Googlebot/2.1; +http://www.google.com/bot.html)"
66.249.66.65 - - [19/Jan/2025:01:19:41 +0530] "GET /?t1004552180.shtml HTTP/1.1" 200 631042 "-" "Mozilla/5.0 (Linux; Android 6.0.1; Nexus 5X Build/MMB29P) AppleWebKit/537.36 (KHTML, like Gecko) Chrome/132.0.6834.83 Mobile Safari/537.36 (compatible; Googlebot/2.1; +http://www.google.com/bot.html)"
66.249.66.66 - - [19/Jan/2025:01:21:46 +0530] "GET /?t3006949373.shtml HTTP/1.1" 200 631042 "-" "Mozilla/5.0 (Linux; Android 6.0.1; Nexus 5X Build/MMB29P) AppleWebKit/537.36 (KHTML, like Gecko) Chrome/132.0.6834.83 Mobile Safari/537.36 (compatible; Googlebot/2.1; +http://www.google.com/bot.html)"
184.72.6.64 - - [19/Jan/2025:01:26:39 +0530] "GET /online.php HTTP/1.1" 200 31236 "-" "Mozilla/5.0 (Macintosh; Intel Mac OS X 10_10_5) AppleWebKit/537.36 (KHTML, like Gecko) Chrome/52.0.2743.116 Safari/537.36"
66.249.66.64 - - [19/Jan/2025:01:27:39 +0530] "GET /?t3006151184.shtml HTTP/1.1" 200 631042 "-" "Mozilla/5.0 (Linux; Android 6.0.1; Nexus 5X Build/MMB29P) AppleWebKit/537.36 (KHTML, like Gecko) Chrome/132.0.6834.83 Mobile Safari/537.36 (compatible; Googlebot/2.1; +http://www.google.com/bot.html)"
66.249.66.64 - - [19/Jan/2025:01:39:27 +0530] "GET /tag/assets/images/logo11.png HTTP/1.1" 404 - "-" "Googlebot-Image/1.0"
66.249.66.65 - - [19/Jan/2025:01:44:40 +0530] "GET /?t1001597482.shtml HTTP/1.1" 200 631042 "-" "Mozilla/5.0 (Linux; Android 6.0.1; Nexus 5X Build/MMB29P) AppleWebKit/537.36 (KHTML, like Gecko) Chrome/132.0.6834.83 Mobile Safari/537.36 (compatible; Googlebot/2.1; +http://www.google.com/bot.html)"
66.249.66.65 - - [19/Jan/2025:01:46:43 +0530] "GET /?t3005583076.shtml HTTP/1.1" 200 631042 "-" "Mozilla/5.0 (Linux; Android 6.0.1; Nexus 5X Build/MMB29P) AppleWebKit/537.36 (KHTML, like Gecko) Chrome/132.0.6834.83 Mobile Safari/537.36 (compatible; Googlebot/2.1; +http://www.google.com/bot.html)"
66.249.66.66 - - [19/Jan/2025:01:54:13 +0530] "GET /?t1004079030.shtml HTTP/1.1" 200 631042 "-" "Mozilla/5.0 (Linux; Android 6.0.1; Nexus 5X Build/MMB29P) AppleWebKit/537.36 (KHTML, like Gecko) Chrome/132.0.6834.83 Mobile Safari/537.36 (compatible; Googlebot/2.1; +http://www.google.com/bot.html)"
66.249.66.64 - - [19/Jan/2025:02:01:28 +0530] "GET /?t3005867711.shtml HTTP/1.1" 200 631042 "-" "Mozilla/5.0 (Linux; Android 6.0.1; Nexus 5X Build/MMB29P) AppleWebKit/537.36 (KHTML, like Gecko) Chrome/132.0.6834.83 Mobile Safari/537.36 (compatible; Googlebot/2.1; +http://www.google.com/bot.html)"
66.249.66.66 - - [19/Jan/2025:02:19:28 +0530] "GET /?t3006802421.shtml HTTP/1.1" 200 631042 "-" "Mozilla/5.0 (Linux; Android 6.0.1; Nexus 5X Build/MMB29P) AppleWebKit/537.36 (KHTML, like Gecko) Chrome/132.0.6834.83 Mobile Safari/537.36 (compatible; Googlebot/2.1; +http://www.google.com/bot.html)"
66.249.66.65 - - [19/Jan/2025:02:19:28 +0530] "GET /?t3007275818.shtml HTTP/1.1" 200 631042 "-" "Mozilla/5.0 (Linux; Android 6.0.1; Nexus 5X Build/MMB29P) AppleWebKit/537.36 (KHTML, like Gecko) Chrome/132.0.6834.83 Mobile Safari/537.36 (compatible; Googlebot/2.1; +http://www.google.com/bot.html)"
66.249.66.66 - - [19/Jan/2025:02:24:19 +0530] "GET /?t1002288729.shtml HTTP/1.1" 200 631042 "-" "Mozilla/5.0 (Linux; Android 6.0.1; Nexus 5X Build/MMB29P) AppleWebKit/537.36 (KHTML, like Gecko) Chrome/132.0.6834.83 Mobile Safari/537.36 (compatible; Googlebot/2.1; +http://www.google.com/bot.html)"
184.72.6.64 - - [19/Jan/2025:02:24:23 +0530] "GET /online.php HTTP/1.1" 200 31236 "-" "Mozilla/5.0 (Macintosh; Intel Mac OS X 10_10_5) AppleWebKit/537.36 (KHTML, like Gecko) Chrome/52.0.2743.116 Safari/537.36"
66.249.66.66 - - [19/Jan/2025:02:36:44 +0530] "GET /?t1003659401.shtml HTTP/1.1" 200 631042 "-" "Mozilla/5.0 (Linux; Android 6.0.1; Nexus 5X Build/MMB29P) AppleWebKit/537.36 (KHTML, like Gecko) Chrome/132.0.6834.83 Mobile Safari/537.36 (compatible; Googlebot/2.1; +http://www.google.com/bot.html)"
66.249.66.65 - - [19/Jan/2025:02:46:08 +0530] "GET /?t100981813.shtml HTTP/1.1" 200 631042 "-" "Mozilla/5.0 (Linux; Android 6.0.1; Nexus 5X Build/MMB29P) AppleWebKit/537.36 (KHTML, like Gecko) Chrome/132.0.6834.83 Mobile Safari/537.36 (compatible; Googlebot/2.1; +http://www.google.com/bot.html)"
66.249.66.65 - - [19/Jan/2025:02:51:29 +0530] "GET /index.php HTTP/1.1" 200 631042 "-" "Mozilla/5.0 (Linux; Android 6.0.1; Nexus 5X Build/MMB29P) AppleWebKit/537.36 (KHTML, like Gecko) Chrome/132.0.6834.83 Mobile Safari/537.36 (compatible; Googlebot/2.1; +http://www.google.com/bot.html)"
66.249.66.65 - - [19/Jan/2025:02:53:31 +0530] "GET /?t3008079691.shtml HTTP/1.1" 200 631042 "-" "Mozilla/5.0 (Linux; Android 6.0.1; Nexus 5X Build/MMB29P) AppleWebKit/537.36 (KHTML, like Gecko) Chrome/132.0.6834.83 Mobile Safari/537.36 (compatible; Googlebot/2.1; +http://www.google.com/bot.html)"
66.249.66.64 - - [19/Jan/2025:02:56:03 +0530] "GET /?t1004566230.shtml HTTP/1.1" 200 631042 "-" "Mozilla/5.0 (Linux; Android 6.0.1; Nexus 5X Build/MMB29P) AppleWebKit/537.36 (KHTML, like Gecko) Chrome/132.0.6834.83 Mobile Safari/537.36 (compatible; Googlebot/2.1; +http://www.google.com/bot.html)"
66.249.66.64 - - [19/Jan/2025:02:56:42 +0530] "GET /?t1002573100.shtml HTTP/1.1" 200 631042 "-" "Mozilla/5.0 (Linux; Android 6.0.1; Nexus 5X Build/MMB29P) AppleWebKit/537.36 (KHTML, like Gecko) Chrome/132.0.6834.83 Mobile Safari/537.36 (compatible; Googlebot/2.1; +http://www.google.com/bot.html)"
66.249.66.65 - - [19/Jan/2025:02:57:26 +0530] "GET /?t3007709008.shtml HTTP/1.1" 200 631042 "-" "Mozilla/5.0 (Linux; Android 6.0.1; Nexus 5X Build/MMB29P) AppleWebKit/537.36 (KHTML, like Gecko) Chrome/132.0.6834.83 Mobile Safari/537.36 (compatible; Googlebot/2.1; +http://www.google.com/bot.html)"
66.249.66.65 - - [19/Jan/2025:03:03:30 +0530] "GET /?t1002956902.shtml HTTP/1.1" 200 631042 "-" "Mozilla/5.0 (Linux; Android 6.0.1; Nexus 5X Build/MMB29P) AppleWebKit/537.36 (KHTML, like Gecko) Chrome/132.0.6834.83 Mobile Safari/537.36 (compatible; Googlebot/2.1; +http://www.google.com/bot.html)"
40.77.167.243 - - [19/Jan/2025:03:08:04 +0530] "GET /?t3007877995.shtml HTTP/1.1" 200 51910 "-" "Mozilla/5.0 AppleWebKit/537.36 (KHTML, like Gecko; compatible; bingbot/2.0; +http://www.bing.com/bingbot.htm) Chrome/116.0.1938.76 Safari/537.36"
66.249.66.66 - - [19/Jan/2025:03:16:29 +0530] "GET /?t3009679046.shtml HTTP/1.1" 200 631042 "-" "Mozilla/5.0 (Linux; Android 6.0.1; Nexus 5X Build/MMB29P) AppleWebKit/537.36 (KHTML, like Gecko) Chrome/132.0.6834.83 Mobile Safari/537.36 (compatible; Googlebot/2.1; +http://www.google.com/bot.html)"
66.249.66.66 - - [19/Jan/2025:03:23:03 +0530] "GET /?t3009468072.shtml HTTP/1.1" 200 631042 "-" "Mozilla/5.0 (Linux; Android 6.0.1; Nexus 5X Build/MMB29P) AppleWebKit/537.36 (KHTML, like Gecko) Chrome/132.0.6834.83 Mobile Safari/537.36 (compatible; Googlebot/2.1; +http://www.google.com/bot.html)"
66.249.66.66 - - [19/Jan/2025:03:24:24 +0530] "GET /?t1002775310.shtml HTTP/1.1" 200 631042 "-" "Mozilla/5.0 (Linux; Android 6.0.1; Nexus 5X Build/MMB29P) AppleWebKit/537.36 (KHTML, like Gecko) Chrome/132.0.6834.83 Mobile Safari/537.36 (compatible; Googlebot/2.1; +http://www.google.com/bot.html)"
66.249.66.66 - - [19/Jan/2025:03:33:35 +0530] "GET /?t3008643824.shtml HTTP/1.1" 200 631042 "-" "Mozilla/5.0 (Linux; Android 6.0.1; Nexus 5X Build/MMB29P) AppleWebKit/537.36 (KHTML, like Gecko) Chrome/132.0.6834.83 Mobile Safari/537.36 (compatible; Googlebot/2.1; +http://www.google.com/bot.html)"
4.227.36.58 - - [19/Jan/2025:03:35:24 +0530] "GET /id/ HTTP/1.1" 404 - "-" "Mozilla/5.0 AppleWebKit/537.36 (KHTML, like Gecko; compatible; GPTBot/1.2; +https://openai.com/gptbot)"
66.249.66.64 - - [19/Jan/2025:03:36:34 +0530] "GET /?t3006726197.shtml HTTP/1.1" 200 631042 "-" "Mozilla/5.0 (Linux; Android 6.0.1; Nexus 5X Build/MMB29P) AppleWebKit/537.36 (KHTML, like Gecko) Chrome/132.0.6834.83 Mobile Safari/537.36 (compatible; Googlebot/2.1; +http://www.google.com/bot.html)"
66.249.66.64 - - [19/Jan/2025:03:43:56 +0530] "GET /?t1002593733.shtml HTTP/1.1" 200 631042 "-" "Mozilla/5.0 (Linux; Android 6.0.1; Nexus 5X Build/MMB29P) AppleWebKit/537.36 (KHTML, like Gecko) Chrome/132.0.6834.83 Mobile Safari/537.36 (compatible; Googlebot/2.1; +http://www.google.com/bot.html)"
66.249.66.75 - - [19/Jan/2025:03:52:25 +0530] "GET /wares/sucrose799240.phtml HTTP/1.1" 404 - "-" "Mozilla/5.0 (Linux; Android 6.0.1; Nexus 5X Build/MMB29P) AppleWebKit/537.36 (KHTML, like Gecko) Chrome/132.0.6834.83 Mobile Safari/537.36 (compatible; Googlebot/2.1; +http://www.google.com/bot.html)"
66.249.66.65 - - [19/Jan/2025:03:52:29 +0530] "GET /selling/V313243?c=687 HTTP/1.1" 404 - "-" "Mozilla/5.0 (Linux; Android 6.0.1; Nexus 5X Build/MMB29P) AppleWebKit/537.36 (KHTML, like Gecko) Chrome/132.0.6834.83 Mobile Safari/537.36 (compatible; Googlebot/2.1; +http://www.google.com/bot.html)"
66.249.66.66 - - [19/Jan/2025:03:52:29 +0530] "GET /8957176.htm HTTP/1.1" 404 - "-" "Mozilla/5.0 (Linux; Android 6.0.1; Nexus 5X Build/MMB29P) AppleWebKit/537.36 (KHTML, like Gecko) Chrome/132.0.6834.83 Mobile Safari/537.36 (compatible; Googlebot/2.1; +http://www.google.com/bot.html)"
66.249.66.66 - - [19/Jan/2025:03:53:33 +0530] "GET /wares/browse655291.phtml HTTP/1.1" 404 - "-" "Mozilla/5.0 (Linux; Android 6.0.1; Nexus 5X Build/MMB29P) AppleWebKit/537.36 (KHTML, like Gecko) Chrome/132.0.6834.83 Mobile Safari/537.36 (compatible; Googlebot/2.1; +http://www.google.com/bot.html)"
66.249.66.64 - - [19/Jan/2025:03:53:40 +0530] "GET /?t1004502336.shtml HTTP/1.1" 200 631042 "-" "Mozilla/5.0 (Linux; Android 6.0.1; Nexus 5X Build/MMB29P) AppleWebKit/537.36 (KHTML, like Gecko) Chrome/132.0.6834.83 Mobile Safari/537.36 (compatible; Googlebot/2.1; +http://www.google.com/bot.html)"
52.167.144.67 - - [19/Jan/2025:03:56:44 +0530] "GET /robots.txt HTTP/1.1" 200 77 "-" "Mozilla/5.0 AppleWebKit/537.36 (KHTML, like Gecko; compatible; bingbot/2.0; +http://www.bing.com/bingbot.htm) Chrome/116.0.1938.76 Safari/537.36"
40.77.167.11 - - [19/Jan/2025:03:56:53 +0530] "GET /?t1002467557.shtml HTTP/1.1" 200 51910 "-" "Mozilla/5.0 AppleWebKit/537.36 (KHTML, like Gecko; compatible; bingbot/2.0; +http://www.bing.com/bingbot.htm) Chrome/116.0.1938.76 Safari/537.36"
66.249.66.64 - - [19/Jan/2025:03:57:50 +0530] "GET /?t3007581870.shtml HTTP/1.1" 200 631042 "-" "Mozilla/5.0 (Linux; Android 6.0.1; Nexus 5X Build/MMB29P) AppleWebKit/537.36 (KHTML, like Gecko) Chrome/132.0.6834.83 Mobile Safari/537.36 (compatible; Googlebot/2.1; +http://www.google.com/bot.html)"
66.249.66.64 - - [19/Jan/2025:04:01:44 +0530] "GET /?t100517596.shtml HTTP/1.1" 200 631042 "-" "Mozilla/5.0 (Linux; Android 6.0.1; Nexus 5X Build/MMB29P) AppleWebKit/537.36 (KHTML, like Gecko) Chrome/132.0.6834.83 Mobile Safari/537.36 (compatible; Googlebot/2.1; +http://www.google.com/bot.html)"
66.249.66.66 - - [19/Jan/2025:04:07:20 +0530] "GET /?t3007535786.shtml HTTP/1.1" 200 631042 "-" "Mozilla/5.0 (Linux; Android 6.0.1; Nexus 5X Build/MMB29P) AppleWebKit/537.36 (KHTML, like Gecko) Chrome/132.0.6834.83 Mobile Safari/537.36 (compatible; Googlebot/2.1; +http://www.google.com/bot.html)"
66.249.66.65 - - [19/Jan/2025:04:07:27 +0530] "GET /?t1003509771.shtml HTTP/1.1" 200 631042 "-" "Mozilla/5.0 (Linux; Android 6.0.1; Nexus 5X Build/MMB29P) AppleWebKit/537.36 (KHTML, like Gecko) Chrome/132.0.6834.83 Mobile Safari/537.36 (compatible; Googlebot/2.1; +http://www.google.com/bot.html)"
66.249.66.65 - - [19/Jan/2025:04:08:07 +0530] "GET /?t3009320008.shtml HTTP/1.1" 200 631042 "-" "Mozilla/5.0 (Linux; Android 6.0.1; Nexus 5X Build/MMB29P) AppleWebKit/537.36 (KHTML, like Gecko) Chrome/132.0.6834.83 Mobile Safari/537.36 (compatible; Googlebot/2.1; +http://www.google.com/bot.html)"
66.249.66.65 - - [19/Jan/2025:04:11:36 +0530] "GET /?t1002708728.shtml HTTP/1.1" 200 631042 "-" "Mozilla/5.0 (Linux; Android 6.0.1; Nexus 5X Build/MMB29P) AppleWebKit/537.36 (KHTML, like Gecko) Chrome/132.0.6834.83 Mobile Safari/537.36 (compatible; Googlebot/2.1; +http://www.google.com/bot.html)"
66.249.66.65 - - [19/Jan/2025:04:11:47 +0530] "GET /?t1003129218.shtml HTTP/1.1" 200 631042 "-" "Mozilla/5.0 (Linux; Android 6.0.1; Nexus 5X Build/MMB29P) AppleWebKit/537.36 (KHTML, like Gecko) Chrome/132.0.6834.83 Mobile Safari/537.36 (compatible; Googlebot/2.1; +http://www.google.com/bot.html)"
66.249.66.64 - - [19/Jan/2025:04:11:50 +0530] "GET /?t3007046994.shtml HTTP/1.1" 200 631042 "-" "Mozilla/5.0 (Linux; Android 6.0.1; Nexus 5X Build/MMB29P) AppleWebKit/537.36 (KHTML, like Gecko) Chrome/132.0.6834.83 Mobile Safari/537.36 (compatible; Googlebot/2.1; +http://www.google.com/bot.html)"
185.247.137.24 - - [19/Jan/2025:04:12:29 +0530] "GET / HTTP/1.1" 200 51910 "-" "Mozilla/5.0 (compatible; InternetMeasurement/1.0; +https://internet-measurement.com/)"
87.236.176.54 - - [19/Jan/2025:04:12:30 +0530] "GET /apple-touch-icon.html HTTP/1.1" 404 - "-" "Mozilla/5.0 (compatible; InternetMeasurement/1.0; +https://internet-measurement.com/)"
87.236.176.92 - - [19/Jan/2025:04:12:30 +0530] "GET /assets/images/logo11.png HTTP/1.1" 200 35572 "-" "Mozilla/5.0 (compatible; InternetMeasurement/1.0; +https://internet-measurement.com/)"
157.245.243.118 - - [19/Jan/2025:04:12:31 +0530] "GET /apple-touch-icon.html HTTP/1.1" 404 - "-" "Mozilla/5.0 (compatible; InternetMeasurement/1.0; +https://internet-measurement.com/)"
66.249.66.66 - - [19/Jan/2025:04:15:25 +0530] "GET /?t1003437773.shtml HTTP/1.1" 200 631042 "-" "Mozilla/5.0 (Linux; Android 6.0.1; Nexus 5X Build/MMB29P) AppleWebKit/537.36 (KHTML, like Gecko) Chrome/132.0.6834.83 Mobile Safari/537.36 (compatible; Googlebot/2.1; +http://www.google.com/bot.html)"
66.249.66.64 - - [19/Jan/2025:04:18:55 +0530] "GET /?t1002091904.shtml HTTP/1.1" 200 631042 "-" "Mozilla/5.0 (Linux; Android 6.0.1; Nexus 5X Build/MMB29P) AppleWebKit/537.36 (KHTML, like Gecko) Chrome/132.0.6834.83 Mobile Safari/537.36 (compatible; Googlebot/2.1; +http://www.google.com/bot.html)"
129.213.94.27 - - [19/Jan/2025:04:21:15 +0530] "GET /wp-content/plugins/hellopress/wp_filemanager.php HTTP/1.1" 404 - "-" "-"
129.213.94.27 - - [19/Jan/2025:04:21:15 +0530] "GET /403.php HTTP/1.1" 404 - "-" "-"
129.213.94.27 - - [19/Jan/2025:04:21:16 +0530] "GET /content.php HTTP/1.1" 404 - "-" "-"
129.213.94.27 - - [19/Jan/2025:04:21:16 +0530] "GET /wp-content/plugins/not/includes/about.php HTTP/1.1" 404 - "-" "-"
129.213.94.27 - - [19/Jan/2025:04:21:16 +0530] "GET /wp-content/plugins/simple/simple.php HTTP/1.1" 404 - "-" "-"
129.213.94.27 - - [19/Jan/2025:04:21:16 +0530] "GET /wp-content/plugins/wp-theme-editor/include.php HTTP/1.1" 404 - "-" "-"
129.213.94.27 - - [19/Jan/2025:04:21:17 +0530] "GET /wp-content/themes/aahana/json.php HTTP/1.1" 404 - "-" "-"
129.213.94.27 - - [19/Jan/2025:04:21:17 +0530] "GET /admin.php HTTP/1.1" 404 - "-" "-"
129.213.94.27 - - [19/Jan/2025:04:21:17 +0530] "GET /wp-content/plugins/awesome-coming-soon/come.php HTTP/1.1" 404 - "-" "-"
129.213.94.27 - - [19/Jan/2025:04:21:17 +0530] "GET /wp-content/plugins/wp-conflg.php HTTP/1.1" 404 - "-" "-"
129.213.94.27 - - [19/Jan/2025:04:21:18 +0530] "GET /berlin.php HTTP/1.1" 404 - "-" "-"
129.213.94.27 - - [19/Jan/2025:04:21:18 +0530] "GET /wp-includes/Requests/about.php HTTP/1.1" 404 - "-" "-"
129.213.94.27 - - [19/Jan/2025:04:21:18 +0530] "GET /wp-includes/style-engine/about.php HTTP/1.1" 404 - "-" "-"
129.213.94.27 - - [19/Jan/2025:04:21:18 +0530] "GET /wp-includes/rest-api/about.php HTTP/1.1" 404 - "-" "-"
129.213.94.27 - - [19/Jan/2025:04:21:19 +0530] "GET /wp-includes/SimplePie/about.php HTTP/1.1" 404 - "-" "-"
129.213.94.27 - - [19/Jan/2025:04:21:19 +0530] "GET /wp-content/banners/about.php HTTP/1.1" 404 - "-" "-"
129.213.94.27 - - [19/Jan/2025:04:21:19 +0530] "GET /wp-content/about.php HTTP/1.1" 404 - "-" "-"
129.213.94.27 - - [19/Jan/2025:04:21:19 +0530] "GET /.well-known/about.php HTTP/1.1" 404 - "-" "-"
129.213.94.27 - - [19/Jan/2025:04:21:20 +0530] "GET /wp-includes/Text/about.php HTTP/1.1" 404 - "-" "-"
129.213.94.27 - - [19/Jan/2025:04:21:20 +0530] "GET /wp-includes/ID3/about.php HTTP/1.1" 404 - "-" "-"
129.213.94.27 - - [19/Jan/2025:04:21:20 +0530] "GET /img/about.php HTTP/1.1" 404 - "-" "-"
129.213.94.27 - - [19/Jan/2025:04:21:20 +0530] "GET /wp-content/languages/about.php HTTP/1.1" 404 - "-" "-"
129.213.94.27 - - [19/Jan/2025:04:21:21 +0530] "GET /wp-includes/customize/about.php HTTP/1.1" 404 - "-" "-"
129.213.94.27 - - [19/Jan/2025:04:21:21 +0530] "GET /wp-includes.bak/html-api/about.php HTTP/1.1" 404 - "-" "-"
129.213.94.27 - - [19/Jan/2025:04:21:21 +0530] "GET /wp-includes/widgets/about.php HTTP/1.1" 404 - "-" "-"
129.213.94.27 - - [19/Jan/2025:04:21:21 +0530] "GET /wp-includes/IXR/about.php HTTP/1.1" 404 - "-" "-"
129.213.94.27 - - [19/Jan/2025:04:21:22 +0530] "GET /wp-admin/js/about.php HTTP/1.1" 404 - "-" "-"
129.213.94.27 - - [19/Jan/2025:04:21:22 +0530] "GET /wp-includes/pomo/about.php HTTP/1.1" 404 - "-" "-"
129.213.94.27 - - [19/Jan/2025:04:21:22 +0530] "GET /wp-includes/block-patterns/about.php HTTP/1.1" 404 - "-" "-"
129.213.94.27 - - [19/Jan/2025:04:21:22 +0530] "GET /wp-content/updraft/about.php HTTP/1.1" 404 - "-" "-"
129.213.94.27 - - [19/Jan/2025:04:21:23 +0530] "GET /wp-content/upgrade-temp-backup/about.php HTTP/1.1" 404 - "-" "-"
129.213.94.27 - - [19/Jan/2025:04:21:23 +0530] "GET /wp-content/themes/about.php HTTP/1.1" 404 - "-" "-"
129.213.94.27 - - [19/Jan/2025:04:21:23 +0530] "GET /wp-admin/includes/about.php HTTP/1.1" 404 - "-" "-"
129.213.94.27 - - [19/Jan/2025:04:21:23 +0530] "GET /images/about.php HTTP/1.1" 404 - "-" "-"
129.213.94.27 - - [19/Jan/2025:04:21:23 +0530] "GET /wp-content/blogs.dir/about.php HTTP/1.1" 404 - "-" "-"
129.213.94.27 - - [19/Jan/2025:04:21:24 +0530] "GET /wp-includes/images/about.php HTTP/1.1" 404 - "-" "-"
129.213.94.27 - - [19/Jan/2025:04:21:24 +0530] "GET /wp-includes/about.php HTTP/1.1" 404 - "-" "-"
129.213.94.27 - - [19/Jan/2025:04:21:24 +0530] "GET /cgi-bin/about.php HTTP/1.1" 404 - "-" "-"
129.213.94.27 - - [19/Jan/2025:04:21:24 +0530] "GET /wp-content/gallery/about.php HTTP/1.1" 404 - "-" "-"
129.213.94.27 - - [19/Jan/2025:04:21:25 +0530] "GET /wp-includes/blocks/about.php HTTP/1.1" 404 - "-" "-"
129.213.94.27 - - [19/Jan/2025:04:21:25 +0530] "GET /wp-admin/css/about.php HTTP/1.1" 404 - "-" "-"
129.213.94.27 - - [19/Jan/2025:04:21:25 +0530] "GET /wp-admin/images/about.php HTTP/1.1" 404 - "-" "-"
129.213.94.27 - - [19/Jan/2025:04:21:26 +0530] "GET /.well-known/acme-challenge/cloud.php HTTP/1.1" 404 - "-" "-"
129.213.94.27 - - [19/Jan/2025:04:21:26 +0530] "GET /wp-admin/network/cloud.php HTTP/1.1" 404 - "-" "-"
129.213.94.27 - - [19/Jan/2025:04:21:26 +0530] "GET /cloud.php HTTP/1.1" 404 - "-" "-"
129.213.94.27 - - [19/Jan/2025:04:21:26 +0530] "GET /cgi-bin/cloud.php HTTP/1.1" 404 - "-" "-"
129.213.94.27 - - [19/Jan/2025:04:21:27 +0530] "GET /wp-content/updates.php HTTP/1.1" 404 - "-" "-"
129.213.94.27 - - [19/Jan/2025:04:21:27 +0530] "GET /css/cloud.php HTTP/1.1" 404 - "-" "-"
129.213.94.27 - - [19/Jan/2025:04:21:27 +0530] "GET /wp-admin/user/cloud.php HTTP/1.1" 404 - "-" "-"
129.213.94.27 - - [19/Jan/2025:04:21:27 +0530] "GET /img/cloud.php HTTP/1.1" 404 - "-" "-"
129.213.94.27 - - [19/Jan/2025:04:21:27 +0530] "GET /wp-admin/css/colors/coffee/cloud.php HTTP/1.1" 404 - "-" "-"
129.213.94.27 - - [19/Jan/2025:04:21:28 +0530] "GET /wp-admin/images/cloud.php HTTP/1.1" 404 - "-" "-"
129.213.94.27 - - [19/Jan/2025:04:21:28 +0530] "GET /avaa.php HTTP/1.1" 404 - "-" "-"
129.213.94.27 - - [19/Jan/2025:04:21:28 +0530] "GET /images/cloud.php HTTP/1.1" 404 - "-" "-"
129.213.94.27 - - [19/Jan/2025:04:21:28 +0530] "GET /wp-admin/js/widgets/cloud.php HTTP/1.1" 404 - "-" "-"
129.213.94.27 - - [19/Jan/2025:04:21:29 +0530] "GET /wp-includes/Requests/Text/admin.php HTTP/1.1" 404 - "-" "-"
129.213.94.27 - - [19/Jan/2025:04:21:29 +0530] "GET /wp-admin/css/colors/cloud.php HTTP/1.1" 404 - "-" "-"
129.213.94.27 - - [19/Jan/2025:04:21:29 +0530] "GET /wp-admin/includes/cloud.php HTTP/1.1" 404 - "-" "-"
129.213.94.27 - - [19/Jan/2025:04:21:29 +0530] "GET /wp-admin/css/colors/blue/cloud.php HTTP/1.1" 404 - "-" "-"
129.213.94.27 - - [19/Jan/2025:04:21:30 +0530] "GET /wp-admin/cloud.php HTTP/1.1" 404 - "-" "-"
129.213.94.27 - - [19/Jan/2025:04:21:30 +0530] "GET /updates.php HTTP/1.1" 404 - "-" "-"
129.213.94.27 - - [19/Jan/2025:04:21:30 +0530] "GET /libraries/legacy/updates.php HTTP/1.1" 404 - "-" "-"
129.213.94.27 - - [19/Jan/2025:04:21:30 +0530] "GET /libraries/phpmailer/updates.php HTTP/1.1" 404 - "-" "-"
129.213.94.27 - - [19/Jan/2025:04:21:30 +0530] "GET /libraries/vendor/updates.php HTTP/1.1" 404 - "-" "-"
129.213.94.27 - - [19/Jan/2025:04:21:31 +0530] "GET /alfa-rex.php7 HTTP/1.1" 404 - "-" "-"
129.213.94.27 - - [19/Jan/2025:04:21:31 +0530] "GET /alfanew.php HTTP/1.1" 404 - "-" "-"
129.213.94.27 - - [19/Jan/2025:04:21:31 +0530] "GET /wp-content/plugins/Cache/Cache.php HTTP/1.1" 404 - "-" "-"
129.213.94.27 - - [19/Jan/2025:04:21:31 +0530] "GET /wp-admin/js/widgets/about.php7 HTTP/1.1" 404 - "-" "-"
129.213.94.27 - - [19/Jan/2025:04:21:32 +0530] "GET /wp-p.php7 HTTP/1.1" 404 - "-" "-"
129.213.94.27 - - [19/Jan/2025:04:21:32 +0530] "GET /wp-admin/repeater.php HTTP/1.1" 404 - "-" "-"
129.213.94.27 - - [19/Jan/2025:04:21:32 +0530] "GET /wp-includes/repeater.php HTTP/1.1" 404 - "-" "-"
129.213.94.27 - - [19/Jan/2025:04:21:32 +0530] "GET /wp-content/repeater.php HTTP/1.1" 404 - "-" "-"
129.213.94.27 - - [19/Jan/2025:04:21:32 +0530] "GET /wsoyanz.php HTTP/1.1" 404 - "-" "-"
129.213.94.27 - - [19/Jan/2025:04:21:33 +0530] "GET /yanz.php HTTP/1.1" 404 - "-" "-"
129.213.94.27 - - [19/Jan/2025:04:21:33 +0530] "GET /wp-admin/js/about.php HTTP/1.1" 404 - "-" "-"
129.213.94.27 - - [19/Jan/2025:04:21:33 +0530] "GET /wp-content/plugins/seoo/wsoyanz.php HTTP/1.1" 404 - "-" "-"
129.213.94.27 - - [19/Jan/2025:04:21:33 +0530] "GET /wp-content/plugins/seoo/wsoyanz1.php HTTP/1.1" 404 - "-" "-"
129.213.94.27 - - [19/Jan/2025:04:21:34 +0530] "GET /cache-compat.php HTTP/1.1" 404 - "-" "-"
129.213.94.27 - - [19/Jan/2025:04:21:34 +0530] "GET /ajax-actions.php HTTP/1.1" 404 - "-" "-"
