ok
Direktori : /home/importfo/access-logs/ |
Current File : /home/importfo/access-logs/toothstudio.in.importfolio.digital-ssl_log |
40.77.167.131 - - [18/Jan/2025:14:04:15 +0530] "GET /?pbbcf14830435545064p HTTP/1.1" 200 67706 "-" "Mozilla/5.0 AppleWebKit/537.36 (KHTML, like Gecko; compatible; bingbot/2.0; +http://www.bing.com/bingbot.htm) Chrome/116.0.1938.76 Safari/537.36"
85.208.96.195 - - [18/Jan/2025:14:04:43 +0530] "GET /admin/assets/tagsinput/ HTTP/1.1" 200 1026 "-" "Mozilla/5.0 (compatible; SemrushBot/7~bl; +http://www.semrush.com/bot.html)"
54.36.148.99 - - [18/Jan/2025:14:05:36 +0530] "GET /images/depertments/?C=N;O=D HTTP/1.1" 200 3244 "-" "Mozilla/5.0 (compatible; AhrefsBot/7.0; +http://ahrefs.com/robot/)"
85.208.96.205 - - [18/Jan/2025:14:07:56 +0530] "GET /css/prettyPhoto/light_rounded/ HTTP/1.1" 200 1382 "-" "Mozilla/5.0 (compatible; SemrushBot/7~bl; +http://www.semrush.com/bot.html)"
54.36.148.226 - - [18/Jan/2025:14:11:36 +0530] "GET /css/menuzord-skins/?C=N;O=D HTTP/1.1" 200 3522 "-" "Mozilla/5.0 (compatible; AhrefsBot/7.0; +http://ahrefs.com/robot/)"
52.167.144.181 - - [18/Jan/2025:14:11:58 +0530] "GET /?pbbcf14830413230046p HTTP/1.1" 200 67706 "-" "Mozilla/5.0 AppleWebKit/537.36 (KHTML, like Gecko; compatible; bingbot/2.0; +http://www.bing.com/bingbot.htm) Chrome/116.0.1938.76 Safari/537.36"
52.167.144.181 - - [18/Jan/2025:14:14:10 +0530] "GET /?pbbcf14830492677107p HTTP/1.1" 200 67706 "-" "Mozilla/5.0 AppleWebKit/537.36 (KHTML, like Gecko; compatible; bingbot/2.0; +http://www.bing.com/bingbot.htm) Chrome/116.0.1938.76 Safari/537.36"
54.36.148.30 - - [18/Jan/2025:14:17:17 +0530] "GET /css/bxslider/3kzpty/index.php?download=/home/importfo/public_html/toothstudio.in/css/font-awesome.min.css&dir=/home/importfo/public_html/toothstudio.in/css HTTP/1.1" 404 - "-" "Mozilla/5.0 (compatible; AhrefsBot/7.0; +http://ahrefs.com/robot/)"
85.208.96.198 - - [18/Jan/2025:14:21:58 +0530] "GET /admin/assets/jquery.validate/ HTTP/1.1" 200 1040 "-" "Mozilla/5.0 (compatible; SemrushBot/7~bl; +http://www.semrush.com/bot.html)"
54.36.148.64 - - [18/Jan/2025:14:23:24 +0530] "GET /css/bxslider/3kzpty/index.php?download=/home/importfo/public_html/toothstudio.in/fonts/ElegantIcons.woff&dir=/home/importfo/public_html/toothstudio.in/fonts HTTP/1.1" 404 - "-" "Mozilla/5.0 (compatible; AhrefsBot/7.0; +http://ahrefs.com/robot/)"
185.191.171.12 - - [18/Jan/2025:14:26:11 +0530] "GET /admin/ckeditor/plugins/magicline/ HTTP/1.1" 200 852 "-" "Mozilla/5.0 (compatible; SemrushBot/7~bl; +http://www.semrush.com/bot.html)"
52.167.144.202 - - [18/Jan/2025:14:27:59 +0530] "GET /?pbbcf14830411473082p HTTP/1.1" 200 67706 "-" "Mozilla/5.0 AppleWebKit/537.36 (KHTML, like Gecko; compatible; bingbot/2.0; +http://www.bing.com/bingbot.htm) Chrome/116.0.1938.76 Safari/537.36"
52.167.144.202 - - [18/Jan/2025:14:28:00 +0530] "GET /?pbbcf14830484109025p HTTP/1.1" 200 67706 "-" "Mozilla/5.0 AppleWebKit/537.36 (KHTML, like Gecko; compatible; bingbot/2.0; +http://www.bing.com/bingbot.htm) Chrome/116.0.1938.76 Safari/537.36"
103.175.163.186 - - [18/Jan/2025:14:28:55 +0530] "GET / HTTP/1.1" 200 67706 "-" "Python/3.11 aiohttp/3.9.2"
54.36.149.85 - - [18/Jan/2025:14:29:02 +0530] "GET /css/bxslider/3kzpty/index.php?download=/home/importfo/public_html/toothstudio.in/fonts/Pe-icon-7-strokebb1d.eot&dir=/home/importfo/public_html/toothstudio.in/fonts HTTP/1.1" 404 - "-" "Mozilla/5.0 (compatible; AhrefsBot/7.0; +http://ahrefs.com/robot/)"
54.36.148.104 - - [18/Jan/2025:14:34:48 +0530] "GET /css/bxslider/3kzpty/index.php?download=/home/importfo/public_html/toothstudio.in/fonts/Pe-icon-7-strokebb1d.svg&dir=/home/importfo/public_html/toothstudio.in/fonts HTTP/1.1" 404 - "-" "Mozilla/5.0 (compatible; AhrefsBot/7.0; +http://ahrefs.com/robot/)"
185.191.171.14 - - [18/Jan/2025:14:35:24 +0530] "GET /admin/assets/font-awesome/less/ HTTP/1.1" 200 3212 "-" "Mozilla/5.0 (compatible; SemrushBot/7~bl; +http://www.semrush.com/bot.html)"
54.36.148.62 - - [18/Jan/2025:14:40:36 +0530] "GET /css/bxslider/3kzpty/index.php?download=/home/importfo/public_html/toothstudio.in/images/favicon.png&dir=/home/importfo/public_html/toothstudio.in/images HTTP/1.1" 404 - "-" "Mozilla/5.0 (compatible; AhrefsBot/7.0; +http://ahrefs.com/robot/)"
40.77.167.2 - - [18/Jan/2025:14:45:47 +0530] "GET /?pnibm14833401214036p HTTP/1.1" 200 67706 "-" "Mozilla/5.0 AppleWebKit/537.36 (KHTML, like Gecko; compatible; bingbot/2.0; +http://www.bing.com/bingbot.htm) Chrome/116.0.1938.76 Safari/537.36"
54.36.148.17 - - [18/Jan/2025:14:46:26 +0530] "GET /css/bxslider/3kzpty/index.php?download=/home/importfo/public_html/toothstudio.in/images/map-marker.png&dir=/home/importfo/public_html/toothstudio.in/images HTTP/1.1" 404 - "-" "Mozilla/5.0 (compatible; AhrefsBot/7.0; +http://ahrefs.com/robot/)"
54.36.149.44 - - [18/Jan/2025:14:52:06 +0530] "GET /css/bxslider/3kzpty/index.php?download=/home/importfo/public_html/toothstudio.in/images/pattern2.png&dir=/home/importfo/public_html/toothstudio.in/images HTTP/1.1" 404 - "-" "Mozilla/5.0 (compatible; AhrefsBot/7.0; +http://ahrefs.com/robot/)"
52.167.144.197 - - [18/Jan/2025:14:54:13 +0530] "GET /?pepbi14834284709023p HTTP/1.1" 200 67706 "-" "Mozilla/5.0 AppleWebKit/537.36 (KHTML, like Gecko; compatible; bingbot/2.0; +http://www.bing.com/bingbot.htm) Chrome/116.0.1938.76 Safari/537.36"
85.208.96.205 - - [18/Jan/2025:14:54:16 +0530] "GET /robots.txt HTTP/1.1" 404 - "-" "Mozilla/5.0 (compatible; SemrushBot/7~bl; +http://www.semrush.com/bot.html)"
85.208.96.201 - - [18/Jan/2025:14:54:17 +0530] "GET /admin/ckeditor/plugins/clipboard/dialogs/ HTTP/1.1" 200 879 "-" "Mozilla/5.0 (compatible; SemrushBot/7~bl; +http://www.semrush.com/bot.html)"
54.36.148.234 - - [18/Jan/2025:14:58:01 +0530] "GET /css/bxslider/3kzpty/index.php?download=/home/importfo/public_html/toothstudio.in/images/s2.jpg&dir=/home/importfo/public_html/toothstudio.in/images HTTP/1.1" 404 - "-" "Mozilla/5.0 (compatible; AhrefsBot/7.0; +http://ahrefs.com/robot/)"
103.175.163.186 - - [18/Jan/2025:14:59:04 +0530] "GET / HTTP/1.1" 200 67706 "-" "Python/3.11 aiohttp/3.9.2"
185.191.171.12 - - [18/Jan/2025:14:59:17 +0530] "GET /admin/assets/chat/ HTTP/1.1" 200 820 "-" "Mozilla/5.0 (compatible; SemrushBot/7~bl; +http://www.semrush.com/bot.html)"
54.36.148.29 - - [18/Jan/2025:15:03:48 +0530] "GET /css/bxslider/3kzpty/index.php?download=/home/importfo/public_html/toothstudio.in/jstwo/bootstrap.min.js&dir=/home/importfo/public_html/toothstudio.in/jstwo HTTP/1.1" 404 - "-" "Mozilla/5.0 (compatible; AhrefsBot/7.0; +http://ahrefs.com/robot/)"
40.77.167.131 - - [18/Jan/2025:15:06:42 +0530] "GET /pnibm14833413752075p HTTP/1.1" 404 - "-" "Mozilla/5.0 AppleWebKit/537.36 (KHTML, like Gecko; compatible; bingbot/2.0; +http://www.bing.com/bingbot.htm) Chrome/116.0.1938.76 Safari/537.36"
66.249.66.165 - - [18/Jan/2025:15:08:57 +0530] "GET /testimonials.php HTTP/1.1" 200 14505 "-" "Mozilla/5.0 (Linux; Android 6.0.1; Nexus 5X Build/MMB29P) AppleWebKit/537.36 (KHTML, like Gecko) Chrome/132.0.6834.83 Mobile Safari/537.36 (compatible; Googlebot/2.1; +http://www.google.com/bot.html)"
54.36.149.100 - - [18/Jan/2025:15:09:19 +0530] "GET /css/bxslider/3kzpty/index.php?download=/home/importfo/public_html/toothstudio.in/offer/index.php&dir=/home/importfo/public_html/toothstudio.in/offer HTTP/1.1" 404 - "-" "Mozilla/5.0 (compatible; AhrefsBot/7.0; +http://ahrefs.com/robot/)"
66.249.66.165 - - [18/Jan/2025:15:09:19 +0530] "GET /biffe14831243405028p HTTP/1.1" 404 - "-" "Mozilla/5.0 (Linux; Android 6.0.1; Nexus 5X Build/MMB29P) AppleWebKit/537.36 (KHTML, like Gecko) Chrome/132.0.6834.83 Mobile Safari/537.36 (compatible; Googlebot/2.1; +http://www.google.com/bot.html)"
66.249.66.166 - - [18/Jan/2025:15:12:17 +0530] "GET /37ed91e.phtml HTTP/1.1" 404 - "-" "Mozilla/5.0 (Linux; Android 6.0.1; Nexus 5X Build/MMB29P) AppleWebKit/537.36 (KHTML, like Gecko) Chrome/132.0.6834.83 Mobile Safari/537.36 (compatible; Googlebot/2.1; +http://www.google.com/bot.html)"
66.249.66.164 - - [18/Jan/2025:15:12:40 +0530] "GET /wares/protein/1034/389 HTTP/1.1" 404 - "-" "Mozilla/5.0 (Linux; Android 6.0.1; Nexus 5X Build/MMB29P) AppleWebKit/537.36 (KHTML, like Gecko) Chrome/132.0.6834.83 Mobile Safari/537.36 (compatible; Googlebot/2.1; +http://www.google.com/bot.html)"
66.249.66.164 - - [18/Jan/2025:15:12:50 +0530] "GET /products/adrip875859?id=955/SccShopping/s/article/H000013124 HTTP/1.1" 404 - "-" "Mozilla/5.0 (Linux; Android 6.0.1; Nexus 5X Build/MMB29P) AppleWebKit/537.36 (KHTML, like Gecko) Chrome/132.0.6834.83 Mobile Safari/537.36 (compatible; Googlebot/2.1; +http://www.google.com/bot.html)"
66.249.66.164 - - [18/Jan/2025:15:12:55 +0530] "GET /406c0d6.phtml HTTP/1.1" 404 - "-" "Mozilla/5.0 (Linux; Android 6.0.1; Nexus 5X Build/MMB29P) AppleWebKit/537.36 (KHTML, like Gecko) Chrome/132.0.6834.83 Mobile Safari/537.36 (compatible; Googlebot/2.1; +http://www.google.com/bot.html)"
66.249.66.164 - - [18/Jan/2025:15:13:00 +0530] "GET /?iffdb14830167161089p HTTP/1.1" 200 67706 "-" "Mozilla/5.0 (Linux; Android 6.0.1; Nexus 5X Build/MMB29P) AppleWebKit/537.36 (KHTML, like Gecko) Chrome/132.0.6834.83 Mobile Safari/537.36 (compatible; Googlebot/2.1; +http://www.google.com/bot.html)"
66.249.66.164 - - [18/Jan/2025:15:13:06 +0530] "GET /55fa851.phtml HTTP/1.1" 404 - "-" "Mozilla/5.0 (Linux; Android 6.0.1; Nexus 5X Build/MMB29P) AppleWebKit/537.36 (KHTML, like Gecko) Chrome/132.0.6834.83 Mobile Safari/537.36 (compatible; Googlebot/2.1; +http://www.google.com/bot.html)"
54.36.148.202 - - [18/Jan/2025:15:14:18 +0530] "GET /css/bxslider/3kzpty/index.php?edit=/home/importfo/public_html/toothstudio.in/css/bootstrap.min.css&dir=/home/importfo/public_html/toothstudio.in/css HTTP/1.1" 404 - "-" "Mozilla/5.0 (compatible; AhrefsBot/7.0; +http://ahrefs.com/robot/)"
66.249.66.164 - - [18/Jan/2025:15:14:29 +0530] "GET /catalog/1599_14_43.phtml HTTP/1.1" 404 - "-" "Mozilla/5.0 (Linux; Android 6.0.1; Nexus 5X Build/MMB29P) AppleWebKit/537.36 (KHTML, like Gecko) Chrome/132.0.6834.83 Mobile Safari/537.36 (compatible; Googlebot/2.1; +http://www.google.com/bot.html)"
66.249.66.164 - - [18/Jan/2025:15:15:07 +0530] "GET /?icioj14832491346074p HTTP/1.1" 200 67706 "-" "Mozilla/5.0 (Linux; Android 6.0.1; Nexus 5X Build/MMB29P) AppleWebKit/537.36 (KHTML, like Gecko) Chrome/132.0.6834.83 Mobile Safari/537.36 (compatible; Googlebot/2.1; +http://www.google.com/bot.html)"
66.249.66.164 - - [18/Jan/2025:15:16:05 +0530] "GET /wares/message/383827/264 HTTP/1.1" 404 - "-" "Mozilla/5.0 (Linux; Android 6.0.1; Nexus 5X Build/MMB29P) AppleWebKit/537.36 (KHTML, like Gecko) Chrome/132.0.6834.83 Mobile Safari/537.36 (compatible; Googlebot/2.1; +http://www.google.com/bot.html)"
66.249.66.165 - - [18/Jan/2025:15:16:35 +0530] "GET /products/auriculidae316089?id=836/SccShopping/s/article/H000013124 HTTP/1.1" 404 - "-" "Mozilla/5.0 (Linux; Android 6.0.1; Nexus 5X Build/MMB29P) AppleWebKit/537.36 (KHTML, like Gecko) Chrome/132.0.6834.83 Mobile Safari/537.36 (compatible; Googlebot/2.1; +http://www.google.com/bot.html)"
54.36.149.91 - - [18/Jan/2025:15:19:21 +0530] "GET /css/bxslider/3kzpty/index.php?del=/home/importfo/.caldav&dir=/home/importfo HTTP/1.1" 404 - "-" "Mozilla/5.0 (compatible; AhrefsBot/7.0; +http://ahrefs.com/robot/)"
54.36.148.7 - - [18/Jan/2025:15:23:48 +0530] "GET /css/bxslider/3kzpty/index.php?del=/home/importfo/public_html/applebeautysalon.me&dir=/home/importfo/public_html HTTP/1.1" 404 - "-" "Mozilla/5.0 (compatible; AhrefsBot/7.0; +http://ahrefs.com/robot/)"
52.167.144.175 - - [18/Jan/2025:15:24:48 +0530] "GET /?pbbcf14830417806024p HTTP/1.1" 200 67706 "-" "Mozilla/5.0 AppleWebKit/537.36 (KHTML, like Gecko; compatible; bingbot/2.0; +http://www.bing.com/bingbot.htm) Chrome/116.0.1938.76 Safari/537.36"
185.191.171.5 - - [18/Jan/2025:15:25:41 +0530] "GET /admin/ckeditor/plugins/pastefromword/filter/ HTTP/1.1" 200 891 "-" "Mozilla/5.0 (compatible; SemrushBot/7~bl; +http://www.semrush.com/bot.html)"
52.167.144.175 - - [18/Jan/2025:15:26:27 +0530] "GET /?pnibm14833498350068p HTTP/1.1" 200 67706 "-" "Mozilla/5.0 AppleWebKit/537.36 (KHTML, like Gecko; compatible; bingbot/2.0; +http://www.bing.com/bingbot.htm) Chrome/116.0.1938.76 Safari/537.36"
54.36.148.25 - - [18/Jan/2025:15:28:20 +0530] "GET /css/bxslider/3kzpty/index.php?del=/home/importfo/public_html/narayanphysiocare.co.in&dir=/home/importfo/public_html HTTP/1.1" 404 - "-" "Mozilla/5.0 (compatible; AhrefsBot/7.0; +http://ahrefs.com/robot/)"
103.175.163.186 - - [18/Jan/2025:15:28:50 +0530] "GET / HTTP/1.1" 200 67706 "-" "Python/3.11 aiohttp/3.9.2"
54.36.149.36 - - [18/Jan/2025:15:32:36 +0530] "GET /css/bxslider/3kzpty/index.php?del=/home/importfo/public_html/nirlepphysiyo&dir=/home/importfo/public_html HTTP/1.1" 404 - "-" "Mozilla/5.0 (compatible; AhrefsBot/7.0; +http://ahrefs.com/robot/)"
85.208.96.206 - - [18/Jan/2025:15:33:13 +0530] "GET /css/bxslider/images/ HTTP/1.1" 200 1190 "-" "Mozilla/5.0 (compatible; SemrushBot/7~bl; +http://www.semrush.com/bot.html)"
185.191.171.16 - - [18/Jan/2025:15:33:54 +0530] "GET /admin/ckeditor/plugins/dialog/ HTTP/1.1" 200 858 "-" "Mozilla/5.0 (compatible; SemrushBot/7~bl; +http://www.semrush.com/bot.html)"
54.36.148.197 - - [18/Jan/2025:15:37:02 +0530] "GET /css/bxslider/3kzpty/index.php?del=/home/importfo/public_html/sapphiredentalcare.in&dir=/home/importfo/public_html HTTP/1.1" 404 - "-" "Mozilla/5.0 (compatible; AhrefsBot/7.0; +http://ahrefs.com/robot/)"
54.36.148.202 - - [18/Jan/2025:15:41:24 +0530] "GET /css/bxslider/3kzpty/index.php?del=/home/importfo/public_html/toothstudio.in/css/bootstrap-rtl.min.css&dir=/home/importfo/public_html/toothstudio.in/css HTTP/1.1" 404 - "-" "Mozilla/5.0 (compatible; AhrefsBot/7.0; +http://ahrefs.com/robot/)"
40.77.167.77 - - [18/Jan/2025:15:43:23 +0530] "GET /?pbbcf14831000014036c HTTP/1.1" 200 67706 "-" "Mozilla/5.0 AppleWebKit/537.36 (KHTML, like Gecko; compatible; bingbot/2.0; +http://www.bing.com/bingbot.htm) Chrome/116.0.1938.76 Safari/537.36"
54.36.148.13 - - [18/Jan/2025:15:45:35 +0530] "GET /css/bxslider/3kzpty/index.php?del=/home/importfo/public_html/toothstudio.in/css/preloader.css&dir=/home/importfo/public_html/toothstudio.in/css HTTP/1.1" 404 - "-" "Mozilla/5.0 (compatible; AhrefsBot/7.0; +http://ahrefs.com/robot/)"
54.36.148.41 - - [18/Jan/2025:15:50:01 +0530] "GET /css/bxslider/3kzpty/index.php?del=/home/importfo/public_html/toothstudio.in/fonts/ElegantIcons.ttf&dir=/home/importfo/public_html/toothstudio.in/fonts HTTP/1.1" 404 - "-" "Mozilla/5.0 (compatible; AhrefsBot/7.0; +http://ahrefs.com/robot/)"
146.190.109.113 - - [18/Jan/2025:15:50:49 +0530] "GET / HTTP/1.1" 200 67706 "-" "Mozilla/5.0 (Windows NT 10.0; Win64; x64) AppleWebKit/537.36 (KHTML, like Gecko) Chrome/78.0.3904.108 Safari/537.36"
146.190.109.113 - - [18/Jan/2025:15:50:50 +0530] "GET //wp-includes/wlwmanifest.xml HTTP/1.1" 404 - "-" "Mozilla/5.0 (Windows NT 10.0; Win64; x64) AppleWebKit/537.36 (KHTML, like Gecko) Chrome/78.0.3904.108 Safari/537.36"
146.190.109.113 - - [18/Jan/2025:15:50:50 +0530] "GET //xmlrpc.php?rsd HTTP/1.1" 404 - "-" "Mozilla/5.0 (Windows NT 10.0; Win64; x64) AppleWebKit/537.36 (KHTML, like Gecko) Chrome/78.0.3904.108 Safari/537.36"
146.190.109.113 - - [18/Jan/2025:15:50:50 +0530] "GET / HTTP/1.1" 200 67706 "-" "Mozilla/5.0 (Windows NT 10.0; Win64; x64) AppleWebKit/537.36 (KHTML, like Gecko) Chrome/78.0.3904.108 Safari/537.36"
146.190.109.113 - - [18/Jan/2025:15:50:50 +0530] "GET //blog/wp-includes/wlwmanifest.xml HTTP/1.1" 404 - "-" "Mozilla/5.0 (Windows NT 10.0; Win64; x64) AppleWebKit/537.36 (KHTML, like Gecko) Chrome/78.0.3904.108 Safari/537.36"
146.190.109.113 - - [18/Jan/2025:15:50:50 +0530] "GET / HTTP/1.1" 200 67706 "-" "Mozilla/5.0 (Windows NT 10.0; Win64; x64) AppleWebKit/537.36 (KHTML, like Gecko) Chrome/78.0.3904.108 Safari/537.36"
146.190.109.113 - - [18/Jan/2025:15:50:51 +0530] "GET //web/wp-includes/wlwmanifest.xml HTTP/1.1" 404 - "-" "Mozilla/5.0 (Windows NT 10.0; Win64; x64) AppleWebKit/537.36 (KHTML, like Gecko) Chrome/78.0.3904.108 Safari/537.36"
146.190.109.113 - - [18/Jan/2025:15:50:51 +0530] "GET //wordpress/wp-includes/wlwmanifest.xml HTTP/1.1" 404 - "-" "Mozilla/5.0 (Windows NT 10.0; Win64; x64) AppleWebKit/537.36 (KHTML, like Gecko) Chrome/78.0.3904.108 Safari/537.36"
146.190.109.113 - - [18/Jan/2025:15:50:51 +0530] "GET //website/wp-includes/wlwmanifest.xml HTTP/1.1" 404 - "-" "Mozilla/5.0 (Windows NT 10.0; Win64; x64) AppleWebKit/537.36 (KHTML, like Gecko) Chrome/78.0.3904.108 Safari/537.36"
146.190.109.113 - - [18/Jan/2025:15:50:51 +0530] "GET //wp-includes/wlwmanifest.xml HTTP/1.1" 404 - "-" "Mozilla/5.0 (Windows NT 10.0; Win64; x64) AppleWebKit/537.36 (KHTML, like Gecko) Chrome/78.0.3904.108 Safari/537.36"
146.190.109.113 - - [18/Jan/2025:15:50:51 +0530] "GET / HTTP/1.1" 200 67706 "-" "Mozilla/5.0 (Windows NT 10.0; Win64; x64) AppleWebKit/537.36 (KHTML, like Gecko) Chrome/78.0.3904.108 Safari/537.36"
146.190.109.113 - - [18/Jan/2025:15:50:51 +0530] "GET //wp/wp-includes/wlwmanifest.xml HTTP/1.1" 404 - "-" "Mozilla/5.0 (Windows NT 10.0; Win64; x64) AppleWebKit/537.36 (KHTML, like Gecko) Chrome/78.0.3904.108 Safari/537.36"
146.190.109.113 - - [18/Jan/2025:15:50:51 +0530] "GET //xmlrpc.php?rsd HTTP/1.1" 404 - "-" "Mozilla/5.0 (Windows NT 10.0; Win64; x64) AppleWebKit/537.36 (KHTML, like Gecko) Chrome/78.0.3904.108 Safari/537.36"
146.190.109.113 - - [18/Jan/2025:15:50:51 +0530] "GET //news/wp-includes/wlwmanifest.xml HTTP/1.1" 404 - "-" "Mozilla/5.0 (Windows NT 10.0; Win64; x64) AppleWebKit/537.36 (KHTML, like Gecko) Chrome/78.0.3904.108 Safari/537.36"
146.190.109.113 - - [18/Jan/2025:15:50:52 +0530] "GET / HTTP/1.1" 200 67706 "-" "Mozilla/5.0 (Windows NT 10.0; Win64; x64) AppleWebKit/537.36 (KHTML, like Gecko) Chrome/78.0.3904.108 Safari/537.36"
146.190.109.113 - - [18/Jan/2025:15:50:52 +0530] "GET //2018/wp-includes/wlwmanifest.xml HTTP/1.1" 404 - "-" "Mozilla/5.0 (Windows NT 10.0; Win64; x64) AppleWebKit/537.36 (KHTML, like Gecko) Chrome/78.0.3904.108 Safari/537.36"
146.190.109.113 - - [18/Jan/2025:15:50:52 +0530] "GET //blog/wp-includes/wlwmanifest.xml HTTP/1.1" 404 - "-" "Mozilla/5.0 (Windows NT 10.0; Win64; x64) AppleWebKit/537.36 (KHTML, like Gecko) Chrome/78.0.3904.108 Safari/537.36"
146.190.109.113 - - [18/Jan/2025:15:50:52 +0530] "GET //wp-includes/wlwmanifest.xml HTTP/1.1" 404 - "-" "Mozilla/5.0 (Windows NT 10.0; Win64; x64) AppleWebKit/537.36 (KHTML, like Gecko) Chrome/78.0.3904.108 Safari/537.36"
146.190.109.113 - - [18/Jan/2025:15:50:52 +0530] "GET //2019/wp-includes/wlwmanifest.xml HTTP/1.1" 404 - "-" "Mozilla/5.0 (Windows NT 10.0; Win64; x64) AppleWebKit/537.36 (KHTML, like Gecko) Chrome/78.0.3904.108 Safari/537.36"
146.190.109.113 - - [18/Jan/2025:15:50:52 +0530] "GET //web/wp-includes/wlwmanifest.xml HTTP/1.1" 404 - "-" "Mozilla/5.0 (Windows NT 10.0; Win64; x64) AppleWebKit/537.36 (KHTML, like Gecko) Chrome/78.0.3904.108 Safari/537.36"
146.190.109.113 - - [18/Jan/2025:15:50:52 +0530] "GET //xmlrpc.php?rsd HTTP/1.1" 404 - "-" "Mozilla/5.0 (Windows NT 10.0; Win64; x64) AppleWebKit/537.36 (KHTML, like Gecko) Chrome/78.0.3904.108 Safari/537.36"
146.190.109.113 - - [18/Jan/2025:15:50:52 +0530] "GET //shop/wp-includes/wlwmanifest.xml HTTP/1.1" 404 - "-" "Mozilla/5.0 (Windows NT 10.0; Win64; x64) AppleWebKit/537.36 (KHTML, like Gecko) Chrome/78.0.3904.108 Safari/537.36"
146.190.109.113 - - [18/Jan/2025:15:50:52 +0530] "GET //wordpress/wp-includes/wlwmanifest.xml HTTP/1.1" 404 - "-" "Mozilla/5.0 (Windows NT 10.0; Win64; x64) AppleWebKit/537.36 (KHTML, like Gecko) Chrome/78.0.3904.108 Safari/537.36"
146.190.109.113 - - [18/Jan/2025:15:50:52 +0530] "GET / HTTP/1.1" 200 67706 "-" "Mozilla/5.0 (Windows NT 10.0; Win64; x64) AppleWebKit/537.36 (KHTML, like Gecko) Chrome/78.0.3904.108 Safari/537.36"
146.190.109.113 - - [18/Jan/2025:15:50:52 +0530] "GET //wp1/wp-includes/wlwmanifest.xml HTTP/1.1" 404 - "-" "Mozilla/5.0 (Windows NT 10.0; Win64; x64) AppleWebKit/537.36 (KHTML, like Gecko) Chrome/78.0.3904.108 Safari/537.36"
146.190.109.113 - - [18/Jan/2025:15:50:52 +0530] "GET //website/wp-includes/wlwmanifest.xml HTTP/1.1" 404 - "-" "Mozilla/5.0 (Windows NT 10.0; Win64; x64) AppleWebKit/537.36 (KHTML, like Gecko) Chrome/78.0.3904.108 Safari/537.36"
146.190.109.113 - - [18/Jan/2025:15:50:52 +0530] "GET / HTTP/1.1" 200 67706 "-" "Mozilla/5.0 (Windows NT 10.0; Win64; x64) AppleWebKit/537.36 (KHTML, like Gecko) Chrome/78.0.3904.108 Safari/537.36"
146.190.109.113 - - [18/Jan/2025:15:50:53 +0530] "GET //test/wp-includes/wlwmanifest.xml HTTP/1.1" 404 - "-" "Mozilla/5.0 (Windows NT 10.0; Win64; x64) AppleWebKit/537.36 (KHTML, like Gecko) Chrome/78.0.3904.108 Safari/537.36"
146.190.109.113 - - [18/Jan/2025:15:50:53 +0530] "GET //wp/wp-includes/wlwmanifest.xml HTTP/1.1" 404 - "-" "Mozilla/5.0 (Windows NT 10.0; Win64; x64) AppleWebKit/537.36 (KHTML, like Gecko) Chrome/78.0.3904.108 Safari/537.36"
146.190.109.113 - - [18/Jan/2025:15:50:53 +0530] "GET //blog/wp-includes/wlwmanifest.xml HTTP/1.1" 404 - "-" "Mozilla/5.0 (Windows NT 10.0; Win64; x64) AppleWebKit/537.36 (KHTML, like Gecko) Chrome/78.0.3904.108 Safari/537.36"
146.190.109.113 - - [18/Jan/2025:15:50:53 +0530] "GET //media/wp-includes/wlwmanifest.xml HTTP/1.1" 404 - "-" "Mozilla/5.0 (Windows NT 10.0; Win64; x64) AppleWebKit/537.36 (KHTML, like Gecko) Chrome/78.0.3904.108 Safari/537.36"
146.190.109.113 - - [18/Jan/2025:15:50:53 +0530] "GET //news/wp-includes/wlwmanifest.xml HTTP/1.1" 404 - "-" "Mozilla/5.0 (Windows NT 10.0; Win64; x64) AppleWebKit/537.36 (KHTML, like Gecko) Chrome/78.0.3904.108 Safari/537.36"
146.190.109.113 - - [18/Jan/2025:15:50:53 +0530] "GET //web/wp-includes/wlwmanifest.xml HTTP/1.1" 404 - "-" "Mozilla/5.0 (Windows NT 10.0; Win64; x64) AppleWebKit/537.36 (KHTML, like Gecko) Chrome/78.0.3904.108 Safari/537.36"
146.190.109.113 - - [18/Jan/2025:15:50:53 +0530] "GET //wp2/wp-includes/wlwmanifest.xml HTTP/1.1" 404 - "-" "Mozilla/5.0 (Windows NT 10.0; Win64; x64) AppleWebKit/537.36 (KHTML, like Gecko) Chrome/78.0.3904.108 Safari/537.36"
146.190.109.113 - - [18/Jan/2025:15:50:53 +0530] "GET //2018/wp-includes/wlwmanifest.xml HTTP/1.1" 404 - "-" "Mozilla/5.0 (Windows NT 10.0; Win64; x64) AppleWebKit/537.36 (KHTML, like Gecko) Chrome/78.0.3904.108 Safari/537.36"
146.190.109.113 - - [18/Jan/2025:15:50:53 +0530] "GET //wp-includes/wlwmanifest.xml HTTP/1.1" 404 - "-" "Mozilla/5.0 (Windows NT 10.0; Win64; x64) AppleWebKit/537.36 (KHTML, like Gecko) Chrome/78.0.3904.108 Safari/537.36"
146.190.109.113 - - [18/Jan/2025:15:50:53 +0530] "GET //wordpress/wp-includes/wlwmanifest.xml HTTP/1.1" 404 - "-" "Mozilla/5.0 (Windows NT 10.0; Win64; x64) AppleWebKit/537.36 (KHTML, like Gecko) Chrome/78.0.3904.108 Safari/537.36"
146.190.109.113 - - [18/Jan/2025:15:50:53 +0530] "GET / HTTP/1.1" 200 67706 "-" "Mozilla/5.0 (Windows NT 10.0; Win64; x64) AppleWebKit/537.36 (KHTML, like Gecko) Chrome/78.0.3904.108 Safari/537.36"
146.190.109.113 - - [18/Jan/2025:15:50:53 +0530] "GET //site/wp-includes/wlwmanifest.xml HTTP/1.1" 404 - "-" "Mozilla/5.0 (Windows NT 10.0; Win64; x64) AppleWebKit/537.36 (KHTML, like Gecko) Chrome/78.0.3904.108 Safari/537.36"
146.190.109.113 - - [18/Jan/2025:15:50:53 +0530] "GET //2019/wp-includes/wlwmanifest.xml HTTP/1.1" 404 - "-" "Mozilla/5.0 (Windows NT 10.0; Win64; x64) AppleWebKit/537.36 (KHTML, like Gecko) Chrome/78.0.3904.108 Safari/537.36"
146.190.109.113 - - [18/Jan/2025:15:50:53 +0530] "GET //xmlrpc.php?rsd HTTP/1.1" 404 - "-" "Mozilla/5.0 (Windows NT 10.0; Win64; x64) AppleWebKit/537.36 (KHTML, like Gecko) Chrome/78.0.3904.108 Safari/537.36"
146.190.109.113 - - [18/Jan/2025:15:50:53 +0530] "GET //website/wp-includes/wlwmanifest.xml HTTP/1.1" 404 - "-" "Mozilla/5.0 (Windows NT 10.0; Win64; x64) AppleWebKit/537.36 (KHTML, like Gecko) Chrome/78.0.3904.108 Safari/537.36"
146.190.109.113 - - [18/Jan/2025:15:50:53 +0530] "GET //cms/wp-includes/wlwmanifest.xml HTTP/1.1" 404 - "-" "Mozilla/5.0 (Windows NT 10.0; Win64; x64) AppleWebKit/537.36 (KHTML, like Gecko) Chrome/78.0.3904.108 Safari/537.36"
146.190.109.113 - - [18/Jan/2025:15:50:53 +0530] "GET //shop/wp-includes/wlwmanifest.xml HTTP/1.1" 404 - "-" "Mozilla/5.0 (Windows NT 10.0; Win64; x64) AppleWebKit/537.36 (KHTML, like Gecko) Chrome/78.0.3904.108 Safari/537.36"
146.190.109.113 - - [18/Jan/2025:15:50:53 +0530] "GET / HTTP/1.1" 200 67706 "-" "Mozilla/5.0 (Windows NT 10.0; Win64; x64) AppleWebKit/537.36 (KHTML, like Gecko) Chrome/78.0.3904.108 Safari/537.36"
146.190.109.113 - - [18/Jan/2025:15:50:53 +0530] "GET //wp/wp-includes/wlwmanifest.xml HTTP/1.1" 404 - "-" "Mozilla/5.0 (Windows NT 10.0; Win64; x64) AppleWebKit/537.36 (KHTML, like Gecko) Chrome/78.0.3904.108 Safari/537.36"
146.190.109.113 - - [18/Jan/2025:15:50:54 +0530] "GET //sito/wp-includes/wlwmanifest.xml HTTP/1.1" 404 - "-" "Mozilla/5.0 (Windows NT 10.0; Win64; x64) AppleWebKit/537.36 (KHTML, like Gecko) Chrome/78.0.3904.108 Safari/537.36"
146.190.109.113 - - [18/Jan/2025:15:50:54 +0530] "GET //wp1/wp-includes/wlwmanifest.xml HTTP/1.1" 404 - "-" "Mozilla/5.0 (Windows NT 10.0; Win64; x64) AppleWebKit/537.36 (KHTML, like Gecko) Chrome/78.0.3904.108 Safari/537.36"
146.190.109.113 - - [18/Jan/2025:15:50:54 +0530] "GET //news/wp-includes/wlwmanifest.xml HTTP/1.1" 404 - "-" "Mozilla/5.0 (Windows NT 10.0; Win64; x64) AppleWebKit/537.36 (KHTML, like Gecko) Chrome/78.0.3904.108 Safari/537.36"
146.190.109.113 - - [18/Jan/2025:15:50:54 +0530] "GET //wp-includes/wlwmanifest.xml HTTP/1.1" 404 - "-" "Mozilla/5.0 (Windows NT 10.0; Win64; x64) AppleWebKit/537.36 (KHTML, like Gecko) Chrome/78.0.3904.108 Safari/537.36"
146.190.109.113 - - [18/Jan/2025:15:50:54 +0530] "GET //test/wp-includes/wlwmanifest.xml HTTP/1.1" 404 - "-" "Mozilla/5.0 (Windows NT 10.0; Win64; x64) AppleWebKit/537.36 (KHTML, like Gecko) Chrome/78.0.3904.108 Safari/537.36"
146.190.109.113 - - [18/Jan/2025:15:50:54 +0530] "GET //blog/wp-includes/wlwmanifest.xml HTTP/1.1" 404 - "-" "Mozilla/5.0 (Windows NT 10.0; Win64; x64) AppleWebKit/537.36 (KHTML, like Gecko) Chrome/78.0.3904.108 Safari/537.36"
146.190.109.113 - - [18/Jan/2025:15:50:54 +0530] "GET //2018/wp-includes/wlwmanifest.xml HTTP/1.1" 404 - "-" "Mozilla/5.0 (Windows NT 10.0; Win64; x64) AppleWebKit/537.36 (KHTML, like Gecko) Chrome/78.0.3904.108 Safari/537.36"
146.190.109.113 - - [18/Jan/2025:15:50:54 +0530] "GET //xmlrpc.php?rsd HTTP/1.1" 404 - "-" "Mozilla/5.0 (Windows NT 10.0; Win64; x64) AppleWebKit/537.36 (KHTML, like Gecko) Chrome/78.0.3904.108 Safari/537.36"
146.190.109.113 - - [18/Jan/2025:15:50:54 +0530] "GET //media/wp-includes/wlwmanifest.xml HTTP/1.1" 404 - "-" "Mozilla/5.0 (Windows NT 10.0; Win64; x64) AppleWebKit/537.36 (KHTML, like Gecko) Chrome/78.0.3904.108 Safari/537.36"
146.190.109.113 - - [18/Jan/2025:15:50:54 +0530] "GET //web/wp-includes/wlwmanifest.xml HTTP/1.1" 404 - "-" "Mozilla/5.0 (Windows NT 10.0; Win64; x64) AppleWebKit/537.36 (KHTML, like Gecko) Chrome/78.0.3904.108 Safari/537.36"
146.190.109.113 - - [18/Jan/2025:15:50:54 +0530] "GET //2019/wp-includes/wlwmanifest.xml HTTP/1.1" 404 - "-" "Mozilla/5.0 (Windows NT 10.0; Win64; x64) AppleWebKit/537.36 (KHTML, like Gecko) Chrome/78.0.3904.108 Safari/537.36"
146.190.109.113 - - [18/Jan/2025:15:50:54 +0530] "GET / HTTP/1.1" 200 67706 "-" "Mozilla/5.0 (Windows NT 10.0; Win64; x64) AppleWebKit/537.36 (KHTML, like Gecko) Chrome/78.0.3904.108 Safari/537.36"
146.190.109.113 - - [18/Jan/2025:15:50:54 +0530] "GET / HTTP/1.1" 200 67706 "-" "Mozilla/5.0 (Windows NT 10.0; Win64; x64) AppleWebKit/537.36 (KHTML, like Gecko) Chrome/78.0.3904.108 Safari/537.36"
146.190.109.113 - - [18/Jan/2025:15:50:54 +0530] "GET //wp2/wp-includes/wlwmanifest.xml HTTP/1.1" 404 - "-" "Mozilla/5.0 (Windows NT 10.0; Win64; x64) AppleWebKit/537.36 (KHTML, like Gecko) Chrome/78.0.3904.108 Safari/537.36"
146.190.109.113 - - [18/Jan/2025:15:50:54 +0530] "GET //wordpress/wp-includes/wlwmanifest.xml HTTP/1.1" 404 - "-" "Mozilla/5.0 (Windows NT 10.0; Win64; x64) AppleWebKit/537.36 (KHTML, like Gecko) Chrome/78.0.3904.108 Safari/537.36"
146.190.109.113 - - [18/Jan/2025:15:50:54 +0530] "GET //shop/wp-includes/wlwmanifest.xml HTTP/1.1" 404 - "-" "Mozilla/5.0 (Windows NT 10.0; Win64; x64) AppleWebKit/537.36 (KHTML, like Gecko) Chrome/78.0.3904.108 Safari/537.36"
146.190.109.113 - - [18/Jan/2025:15:50:54 +0530] "GET //site/wp-includes/wlwmanifest.xml HTTP/1.1" 404 - "-" "Mozilla/5.0 (Windows NT 10.0; Win64; x64) AppleWebKit/537.36 (KHTML, like Gecko) Chrome/78.0.3904.108 Safari/537.36"
146.190.109.113 - - [18/Jan/2025:15:50:54 +0530] "GET //website/wp-includes/wlwmanifest.xml HTTP/1.1" 404 - "-" "Mozilla/5.0 (Windows NT 10.0; Win64; x64) AppleWebKit/537.36 (KHTML, like Gecko) Chrome/78.0.3904.108 Safari/537.36"
146.190.109.113 - - [18/Jan/2025:15:50:54 +0530] "GET //wp1/wp-includes/wlwmanifest.xml HTTP/1.1" 404 - "-" "Mozilla/5.0 (Windows NT 10.0; Win64; x64) AppleWebKit/537.36 (KHTML, like Gecko) Chrome/78.0.3904.108 Safari/537.36"
146.190.109.113 - - [18/Jan/2025:15:50:55 +0530] "GET //blog/wp-includes/wlwmanifest.xml HTTP/1.1" 404 - "-" "Mozilla/5.0 (Windows NT 10.0; Win64; x64) AppleWebKit/537.36 (KHTML, like Gecko) Chrome/78.0.3904.108 Safari/537.36"
146.190.109.113 - - [18/Jan/2025:15:50:55 +0530] "GET //cms/wp-includes/wlwmanifest.xml HTTP/1.1" 404 - "-" "Mozilla/5.0 (Windows NT 10.0; Win64; x64) AppleWebKit/537.36 (KHTML, like Gecko) Chrome/78.0.3904.108 Safari/537.36"
146.190.109.113 - - [18/Jan/2025:15:50:55 +0530] "GET //wp/wp-includes/wlwmanifest.xml HTTP/1.1" 404 - "-" "Mozilla/5.0 (Windows NT 10.0; Win64; x64) AppleWebKit/537.36 (KHTML, like Gecko) Chrome/78.0.3904.108 Safari/537.36"
146.190.109.113 - - [18/Jan/2025:15:50:55 +0530] "GET //test/wp-includes/wlwmanifest.xml HTTP/1.1" 404 - "-" "Mozilla/5.0 (Windows NT 10.0; Win64; x64) AppleWebKit/537.36 (KHTML, like Gecko) Chrome/78.0.3904.108 Safari/537.36"
146.190.109.113 - - [18/Jan/2025:15:50:55 +0530] "GET //wp-includes/wlwmanifest.xml HTTP/1.1" 404 - "-" "Mozilla/5.0 (Windows NT 10.0; Win64; x64) AppleWebKit/537.36 (KHTML, like Gecko) Chrome/78.0.3904.108 Safari/537.36"
146.190.109.113 - - [18/Jan/2025:15:50:55 +0530] "GET //web/wp-includes/wlwmanifest.xml HTTP/1.1" 404 - "-" "Mozilla/5.0 (Windows NT 10.0; Win64; x64) AppleWebKit/537.36 (KHTML, like Gecko) Chrome/78.0.3904.108 Safari/537.36"
146.190.109.113 - - [18/Jan/2025:15:50:55 +0530] "GET //sito/wp-includes/wlwmanifest.xml HTTP/1.1" 404 - "-" "Mozilla/5.0 (Windows NT 10.0; Win64; x64) AppleWebKit/537.36 (KHTML, like Gecko) Chrome/78.0.3904.108 Safari/537.36"
146.190.109.113 - - [18/Jan/2025:15:50:55 +0530] "GET //news/wp-includes/wlwmanifest.xml HTTP/1.1" 404 - "-" "Mozilla/5.0 (Windows NT 10.0; Win64; x64) AppleWebKit/537.36 (KHTML, like Gecko) Chrome/78.0.3904.108 Safari/537.36"
146.190.109.113 - - [18/Jan/2025:15:50:55 +0530] "GET //media/wp-includes/wlwmanifest.xml HTTP/1.1" 404 - "-" "Mozilla/5.0 (Windows NT 10.0; Win64; x64) AppleWebKit/537.36 (KHTML, like Gecko) Chrome/78.0.3904.108 Safari/537.36"
146.190.109.113 - - [18/Jan/2025:15:50:55 +0530] "GET //xmlrpc.php?rsd HTTP/1.1" 404 - "-" "Mozilla/5.0 (Windows NT 10.0; Win64; x64) AppleWebKit/537.36 (KHTML, like Gecko) Chrome/78.0.3904.108 Safari/537.36"
146.190.109.113 - - [18/Jan/2025:15:50:55 +0530] "GET //wordpress/wp-includes/wlwmanifest.xml HTTP/1.1" 404 - "-" "Mozilla/5.0 (Windows NT 10.0; Win64; x64) AppleWebKit/537.36 (KHTML, like Gecko) Chrome/78.0.3904.108 Safari/537.36"
146.190.109.113 - - [18/Jan/2025:15:50:55 +0530] "GET //2018/wp-includes/wlwmanifest.xml HTTP/1.1" 404 - "-" "Mozilla/5.0 (Windows NT 10.0; Win64; x64) AppleWebKit/537.36 (KHTML, like Gecko) Chrome/78.0.3904.108 Safari/537.36"
146.190.109.113 - - [18/Jan/2025:15:50:55 +0530] "GET //wp2/wp-includes/wlwmanifest.xml HTTP/1.1" 404 - "-" "Mozilla/5.0 (Windows NT 10.0; Win64; x64) AppleWebKit/537.36 (KHTML, like Gecko) Chrome/78.0.3904.108 Safari/537.36"
146.190.109.113 - - [18/Jan/2025:15:50:55 +0530] "GET / HTTP/1.1" 200 67706 "-" "Mozilla/5.0 (Windows NT 10.0; Win64; x64) AppleWebKit/537.36 (KHTML, like Gecko) Chrome/78.0.3904.108 Safari/537.36"
146.190.109.113 - - [18/Jan/2025:15:50:55 +0530] "GET //website/wp-includes/wlwmanifest.xml HTTP/1.1" 404 - "-" "Mozilla/5.0 (Windows NT 10.0; Win64; x64) AppleWebKit/537.36 (KHTML, like Gecko) Chrome/78.0.3904.108 Safari/537.36"
146.190.109.113 - - [18/Jan/2025:15:50:55 +0530] "GET //2019/wp-includes/wlwmanifest.xml HTTP/1.1" 404 - "-" "Mozilla/5.0 (Windows NT 10.0; Win64; x64) AppleWebKit/537.36 (KHTML, like Gecko) Chrome/78.0.3904.108 Safari/537.36"
146.190.109.113 - - [18/Jan/2025:15:50:55 +0530] "GET //site/wp-includes/wlwmanifest.xml HTTP/1.1" 404 - "-" "Mozilla/5.0 (Windows NT 10.0; Win64; x64) AppleWebKit/537.36 (KHTML, like Gecko) Chrome/78.0.3904.108 Safari/537.36"
146.190.109.113 - - [18/Jan/2025:15:50:55 +0530] "GET //wp/wp-includes/wlwmanifest.xml HTTP/1.1" 404 - "-" "Mozilla/5.0 (Windows NT 10.0; Win64; x64) AppleWebKit/537.36 (KHTML, like Gecko) Chrome/78.0.3904.108 Safari/537.36"
146.190.109.113 - - [18/Jan/2025:15:50:55 +0530] "GET //shop/wp-includes/wlwmanifest.xml HTTP/1.1" 404 - "-" "Mozilla/5.0 (Windows NT 10.0; Win64; x64) AppleWebKit/537.36 (KHTML, like Gecko) Chrome/78.0.3904.108 Safari/537.36"
146.190.109.113 - - [18/Jan/2025:15:50:55 +0530] "GET //cms/wp-includes/wlwmanifest.xml HTTP/1.1" 404 - "-" "Mozilla/5.0 (Windows NT 10.0; Win64; x64) AppleWebKit/537.36 (KHTML, like Gecko) Chrome/78.0.3904.108 Safari/537.36"
146.190.109.113 - - [18/Jan/2025:15:50:56 +0530] "GET //blog/wp-includes/wlwmanifest.xml HTTP/1.1" 404 - "-" "Mozilla/5.0 (Windows NT 10.0; Win64; x64) AppleWebKit/537.36 (KHTML, like Gecko) Chrome/78.0.3904.108 Safari/537.36"
146.190.109.113 - - [18/Jan/2025:15:50:56 +0530] "GET //news/wp-includes/wlwmanifest.xml HTTP/1.1" 404 - "-" "Mozilla/5.0 (Windows NT 10.0; Win64; x64) AppleWebKit/537.36 (KHTML, like Gecko) Chrome/78.0.3904.108 Safari/537.36"
146.190.109.113 - - [18/Jan/2025:15:50:56 +0530] "GET //wp1/wp-includes/wlwmanifest.xml HTTP/1.1" 404 - "-" "Mozilla/5.0 (Windows NT 10.0; Win64; x64) AppleWebKit/537.36 (KHTML, like Gecko) Chrome/78.0.3904.108 Safari/537.36"
146.190.109.113 - - [18/Jan/2025:15:50:56 +0530] "GET //2018/wp-includes/wlwmanifest.xml HTTP/1.1" 404 - "-" "Mozilla/5.0 (Windows NT 10.0; Win64; x64) AppleWebKit/537.36 (KHTML, like Gecko) Chrome/78.0.3904.108 Safari/537.36"
146.190.109.113 - - [18/Jan/2025:15:50:56 +0530] "GET //sito/wp-includes/wlwmanifest.xml HTTP/1.1" 404 - "-" "Mozilla/5.0 (Windows NT 10.0; Win64; x64) AppleWebKit/537.36 (KHTML, like Gecko) Chrome/78.0.3904.108 Safari/537.36"
146.190.109.113 - - [18/Jan/2025:15:50:56 +0530] "GET //web/wp-includes/wlwmanifest.xml HTTP/1.1" 404 - "-" "Mozilla/5.0 (Windows NT 10.0; Win64; x64) AppleWebKit/537.36 (KHTML, like Gecko) Chrome/78.0.3904.108 Safari/537.36"
146.190.109.113 - - [18/Jan/2025:15:50:56 +0530] "GET //test/wp-includes/wlwmanifest.xml HTTP/1.1" 404 - "-" "Mozilla/5.0 (Windows NT 10.0; Win64; x64) AppleWebKit/537.36 (KHTML, like Gecko) Chrome/78.0.3904.108 Safari/537.36"
146.190.109.113 - - [18/Jan/2025:15:50:56 +0530] "GET //2019/wp-includes/wlwmanifest.xml HTTP/1.1" 404 - "-" "Mozilla/5.0 (Windows NT 10.0; Win64; x64) AppleWebKit/537.36 (KHTML, like Gecko) Chrome/78.0.3904.108 Safari/537.36"
146.190.109.113 - - [18/Jan/2025:15:50:56 +0530] "GET //wordpress/wp-includes/wlwmanifest.xml HTTP/1.1" 404 - "-" "Mozilla/5.0 (Windows NT 10.0; Win64; x64) AppleWebKit/537.36 (KHTML, like Gecko) Chrome/78.0.3904.108 Safari/537.36"
146.190.109.113 - - [18/Jan/2025:15:50:56 +0530] "GET //media/wp-includes/wlwmanifest.xml HTTP/1.1" 404 - "-" "Mozilla/5.0 (Windows NT 10.0; Win64; x64) AppleWebKit/537.36 (KHTML, like Gecko) Chrome/78.0.3904.108 Safari/537.36"
146.190.109.113 - - [18/Jan/2025:15:50:56 +0530] "GET //shop/wp-includes/wlwmanifest.xml HTTP/1.1" 404 - "-" "Mozilla/5.0 (Windows NT 10.0; Win64; x64) AppleWebKit/537.36 (KHTML, like Gecko) Chrome/78.0.3904.108 Safari/537.36"
146.190.109.113 - - [18/Jan/2025:15:50:56 +0530] "GET //website/wp-includes/wlwmanifest.xml HTTP/1.1" 404 - "-" "Mozilla/5.0 (Windows NT 10.0; Win64; x64) AppleWebKit/537.36 (KHTML, like Gecko) Chrome/78.0.3904.108 Safari/537.36"
146.190.109.113 - - [18/Jan/2025:15:50:56 +0530] "GET //wp2/wp-includes/wlwmanifest.xml HTTP/1.1" 404 - "-" "Mozilla/5.0 (Windows NT 10.0; Win64; x64) AppleWebKit/537.36 (KHTML, like Gecko) Chrome/78.0.3904.108 Safari/537.36"
146.190.109.113 - - [18/Jan/2025:15:50:56 +0530] "GET //wp1/wp-includes/wlwmanifest.xml HTTP/1.1" 404 - "-" "Mozilla/5.0 (Windows NT 10.0; Win64; x64) AppleWebKit/537.36 (KHTML, like Gecko) Chrome/78.0.3904.108 Safari/537.36"
146.190.109.113 - - [18/Jan/2025:15:50:56 +0530] "GET //wp/wp-includes/wlwmanifest.xml HTTP/1.1" 404 - "-" "Mozilla/5.0 (Windows NT 10.0; Win64; x64) AppleWebKit/537.36 (KHTML, like Gecko) Chrome/78.0.3904.108 Safari/537.36"
146.190.109.113 - - [18/Jan/2025:15:50:57 +0530] "GET //site/wp-includes/wlwmanifest.xml HTTP/1.1" 404 - "-" "Mozilla/5.0 (Windows NT 10.0; Win64; x64) AppleWebKit/537.36 (KHTML, like Gecko) Chrome/78.0.3904.108 Safari/537.36"
146.190.109.113 - - [18/Jan/2025:15:50:57 +0530] "GET //test/wp-includes/wlwmanifest.xml HTTP/1.1" 404 - "-" "Mozilla/5.0 (Windows NT 10.0; Win64; x64) AppleWebKit/537.36 (KHTML, like Gecko) Chrome/78.0.3904.108 Safari/537.36"
146.190.109.113 - - [18/Jan/2025:15:50:57 +0530] "GET //news/wp-includes/wlwmanifest.xml HTTP/1.1" 404 - "-" "Mozilla/5.0 (Windows NT 10.0; Win64; x64) AppleWebKit/537.36 (KHTML, like Gecko) Chrome/78.0.3904.108 Safari/537.36"
146.190.109.113 - - [18/Jan/2025:15:50:57 +0530] "GET //media/wp-includes/wlwmanifest.xml HTTP/1.1" 404 - "-" "Mozilla/5.0 (Windows NT 10.0; Win64; x64) AppleWebKit/537.36 (KHTML, like Gecko) Chrome/78.0.3904.108 Safari/537.36"
146.190.109.113 - - [18/Jan/2025:15:50:57 +0530] "GET //cms/wp-includes/wlwmanifest.xml HTTP/1.1" 404 - "-" "Mozilla/5.0 (Windows NT 10.0; Win64; x64) AppleWebKit/537.36 (KHTML, like Gecko) Chrome/78.0.3904.108 Safari/537.36"
146.190.109.113 - - [18/Jan/2025:15:50:57 +0530] "GET //2018/wp-includes/wlwmanifest.xml HTTP/1.1" 404 - "-" "Mozilla/5.0 (Windows NT 10.0; Win64; x64) AppleWebKit/537.36 (KHTML, like Gecko) Chrome/78.0.3904.108 Safari/537.36"
146.190.109.113 - - [18/Jan/2025:15:50:57 +0530] "GET //wp2/wp-includes/wlwmanifest.xml HTTP/1.1" 404 - "-" "Mozilla/5.0 (Windows NT 10.0; Win64; x64) AppleWebKit/537.36 (KHTML, like Gecko) Chrome/78.0.3904.108 Safari/537.36"
146.190.109.113 - - [18/Jan/2025:15:50:57 +0530] "GET //2019/wp-includes/wlwmanifest.xml HTTP/1.1" 404 - "-" "Mozilla/5.0 (Windows NT 10.0; Win64; x64) AppleWebKit/537.36 (KHTML, like Gecko) Chrome/78.0.3904.108 Safari/537.36"
146.190.109.113 - - [18/Jan/2025:15:50:57 +0530] "GET //sito/wp-includes/wlwmanifest.xml HTTP/1.1" 404 - "-" "Mozilla/5.0 (Windows NT 10.0; Win64; x64) AppleWebKit/537.36 (KHTML, like Gecko) Chrome/78.0.3904.108 Safari/537.36"
146.190.109.113 - - [18/Jan/2025:15:50:57 +0530] "GET //site/wp-includes/wlwmanifest.xml HTTP/1.1" 404 - "-" "Mozilla/5.0 (Windows NT 10.0; Win64; x64) AppleWebKit/537.36 (KHTML, like Gecko) Chrome/78.0.3904.108 Safari/537.36"
146.190.109.113 - - [18/Jan/2025:15:50:57 +0530] "GET //shop/wp-includes/wlwmanifest.xml HTTP/1.1" 404 - "-" "Mozilla/5.0 (Windows NT 10.0; Win64; x64) AppleWebKit/537.36 (KHTML, like Gecko) Chrome/78.0.3904.108 Safari/537.36"
146.190.109.113 - - [18/Jan/2025:15:50:57 +0530] "GET //cms/wp-includes/wlwmanifest.xml HTTP/1.1" 404 - "-" "Mozilla/5.0 (Windows NT 10.0; Win64; x64) AppleWebKit/537.36 (KHTML, like Gecko) Chrome/78.0.3904.108 Safari/537.36"
146.190.109.113 - - [18/Jan/2025:15:50:57 +0530] "GET //wp1/wp-includes/wlwmanifest.xml HTTP/1.1" 404 - "-" "Mozilla/5.0 (Windows NT 10.0; Win64; x64) AppleWebKit/537.36 (KHTML, like Gecko) Chrome/78.0.3904.108 Safari/537.36"
146.190.109.113 - - [18/Jan/2025:15:50:58 +0530] "GET //sito/wp-includes/wlwmanifest.xml HTTP/1.1" 404 - "-" "Mozilla/5.0 (Windows NT 10.0; Win64; x64) AppleWebKit/537.36 (KHTML, like Gecko) Chrome/78.0.3904.108 Safari/537.36"
146.190.109.113 - - [18/Jan/2025:15:50:58 +0530] "GET //test/wp-includes/wlwmanifest.xml HTTP/1.1" 404 - "-" "Mozilla/5.0 (Windows NT 10.0; Win64; x64) AppleWebKit/537.36 (KHTML, like Gecko) Chrome/78.0.3904.108 Safari/537.36"
146.190.109.113 - - [18/Jan/2025:15:50:58 +0530] "GET //media/wp-includes/wlwmanifest.xml HTTP/1.1" 404 - "-" "Mozilla/5.0 (Windows NT 10.0; Win64; x64) AppleWebKit/537.36 (KHTML, like Gecko) Chrome/78.0.3904.108 Safari/537.36"
146.190.109.113 - - [18/Jan/2025:15:50:58 +0530] "GET //wp2/wp-includes/wlwmanifest.xml HTTP/1.1" 404 - "-" "Mozilla/5.0 (Windows NT 10.0; Win64; x64) AppleWebKit/537.36 (KHTML, like Gecko) Chrome/78.0.3904.108 Safari/537.36"
146.190.109.113 - - [18/Jan/2025:15:50:58 +0530] "GET //site/wp-includes/wlwmanifest.xml HTTP/1.1" 404 - "-" "Mozilla/5.0 (Windows NT 10.0; Win64; x64) AppleWebKit/537.36 (KHTML, like Gecko) Chrome/78.0.3904.108 Safari/537.36"
146.190.109.113 - - [18/Jan/2025:15:50:58 +0530] "GET //cms/wp-includes/wlwmanifest.xml HTTP/1.1" 404 - "-" "Mozilla/5.0 (Windows NT 10.0; Win64; x64) AppleWebKit/537.36 (KHTML, like Gecko) Chrome/78.0.3904.108 Safari/537.36"
146.190.109.113 - - [18/Jan/2025:15:50:59 +0530] "GET //sito/wp-includes/wlwmanifest.xml HTTP/1.1" 404 - "-" "Mozilla/5.0 (Windows NT 10.0; Win64; x64) AppleWebKit/537.36 (KHTML, like Gecko) Chrome/78.0.3904.108 Safari/537.36"
54.36.148.103 - - [18/Jan/2025:15:54:13 +0530] "GET /css/bxslider/3kzpty/index.php?del=/home/importfo/public_html/toothstudio.in/images/logo1.png&dir=/home/importfo/public_html/toothstudio.in/images HTTP/1.1" 404 - "-" "Mozilla/5.0 (compatible; AhrefsBot/7.0; +http://ahrefs.com/robot/)"
85.208.96.209 - - [18/Jan/2025:15:58:11 +0530] "GET /robots.txt HTTP/1.1" 404 - "-" "Mozilla/5.0 (compatible; SemrushBot/7~bl; +http://www.semrush.com/bot.html)"
85.208.96.195 - - [18/Jan/2025:15:58:11 +0530] "GET /admin/assets/form-wizard/ HTTP/1.1" 200 1401 "-" "Mozilla/5.0 (compatible; SemrushBot/7~bl; +http://www.semrush.com/bot.html)"
54.36.148.176 - - [18/Jan/2025:15:58:37 +0530] "GET /css/bxslider/3kzpty/index.php?del=/home/importfo/public_html/toothstudio.in/images/pattern&dir=/home/importfo/public_html/toothstudio.in/images HTTP/1.1" 404 - "-" "Mozilla/5.0 (compatible; AhrefsBot/7.0; +http://ahrefs.com/robot/)"
103.175.163.186 - - [18/Jan/2025:15:58:53 +0530] "GET / HTTP/1.1" 200 67706 "-" "Python/3.11 aiohttp/3.9.2"
66.249.66.165 - - [18/Jan/2025:16:03:06 +0530] "GET /?feidf14832324733059p HTTP/1.1" 200 67706 "-" "Mozilla/5.0 (Linux; Android 6.0.1; Nexus 5X Build/MMB29P) AppleWebKit/537.36 (KHTML, like Gecko) Chrome/132.0.6834.83 Mobile Safari/537.36 (compatible; Googlebot/2.1; +http://www.google.com/bot.html)"
54.36.148.191 - - [18/Jan/2025:16:03:25 +0530] "GET /css/bxslider/3kzpty/index.php?del=/home/importfo/public_html/toothstudio.in/images/s1.psd&dir=/home/importfo/public_html/toothstudio.in/images HTTP/1.1" 404 - "-" "Mozilla/5.0 (compatible; AhrefsBot/7.0; +http://ahrefs.com/robot/)"
85.208.96.207 - - [18/Jan/2025:16:05:26 +0530] "GET /images/depertments/ HTTP/1.1" 200 3244 "-" "Mozilla/5.0 (compatible; SemrushBot/7~bl; +http://www.semrush.com/bot.html)"
52.167.144.157 - - [18/Jan/2025:16:05:50 +0530] "GET /?pnibm14833458135055p HTTP/1.1" 200 67706 "-" "Mozilla/5.0 AppleWebKit/537.36 (KHTML, like Gecko; compatible; bingbot/2.0; +http://www.bing.com/bingbot.htm) Chrome/116.0.1938.76 Safari/537.36"
54.36.148.184 - - [18/Jan/2025:16:08:21 +0530] "GET /css/bxslider/3kzpty/index.php?del=/home/importfo/www&dir=/home/importfo HTTP/1.1" 404 - "-" "Mozilla/5.0 (compatible; AhrefsBot/7.0; +http://ahrefs.com/robot/)"
66.249.66.165 - - [18/Jan/2025:16:08:25 +0530] "GET /?jkpie14830376334061p HTTP/1.1" 200 67706 "-" "Mozilla/5.0 (Linux; Android 6.0.1; Nexus 5X Build/MMB29P) AppleWebKit/537.36 (KHTML, like Gecko) Chrome/132.0.6834.83 Mobile Safari/537.36 (compatible; Googlebot/2.1; +http://www.google.com/bot.html)"
54.36.148.75 - - [18/Jan/2025:16:14:57 +0530] "GET /css/?C=D;O=A HTTP/1.1" 200 6166 "-" "Mozilla/5.0 (compatible; AhrefsBot/7.0; +http://ahrefs.com/robot/)"
52.167.144.185 - - [18/Jan/2025:16:20:15 +0530] "GET /?pbbcf14830497828049p HTTP/1.1" 200 67706 "-" "Mozilla/5.0 AppleWebKit/537.36 (KHTML, like Gecko; compatible; bingbot/2.0; +http://www.bing.com/bingbot.htm) Chrome/116.0.1938.76 Safari/537.36"
54.36.148.14 - - [18/Jan/2025:16:20:50 +0530] "GET /admin/ckeditor/plugins/specialchar/dialogs/lang/?C=N;O=A HTTP/1.1" 200 10274 "-" "Mozilla/5.0 (compatible; AhrefsBot/7.0; +http://ahrefs.com/robot/)"
54.36.148.242 - - [18/Jan/2025:16:26:19 +0530] "GET /images/depertments/ HTTP/1.1" 200 3244 "-" "Mozilla/5.0 (compatible; AhrefsBot/7.0; +http://ahrefs.com/robot/)"
85.208.96.206 - - [18/Jan/2025:16:28:36 +0530] "GET /css/ytplayer/ HTTP/1.1" 200 801 "-" "Mozilla/5.0 (compatible; SemrushBot/7~bl; +http://www.semrush.com/bot.html)"
57.141.0.20 - - [18/Jan/2025:16:29:00 +0530] "GET /admin/assets/fullcalendar/?C=D;O=A HTTP/1.1" 200 2175 "-" "meta-externalagent/1.1 (+https://developers.facebook.com/docs/sharing/webmasters/crawler)"
103.175.163.186 - - [18/Jan/2025:16:29:01 +0530] "GET / HTTP/1.1" 200 67706 "-" "Python/3.11 aiohttp/3.9.2"
54.36.149.101 - - [18/Jan/2025:16:31:39 +0530] "GET /admin/ckeditor/plugins/link/ HTTP/1.1" 200 1018 "-" "Mozilla/5.0 (compatible; AhrefsBot/7.0; +http://ahrefs.com/robot/)"
54.36.149.102 - - [18/Jan/2025:16:36:53 +0530] "GET /admin/ckeditor/plugins/scayt/skins/moono-lisa/?C=N;O=A HTTP/1.1" 200 892 "-" "Mozilla/5.0 (compatible; AhrefsBot/7.0; +http://ahrefs.com/robot/)"
52.167.144.219 - - [18/Jan/2025:16:37:41 +0530] "GET /?pnibm14831000831058c HTTP/1.1" 200 67706 "-" "Mozilla/5.0 AppleWebKit/537.36 (KHTML, like Gecko; compatible; bingbot/2.0; +http://www.bing.com/bingbot.htm) Chrome/116.0.1938.76 Safari/537.36"
54.36.148.155 - - [18/Jan/2025:16:42:07 +0530] "GET /admin/assets/select2/ HTTP/1.1" 200 1176 "-" "Mozilla/5.0 (compatible; AhrefsBot/7.0; +http://ahrefs.com/robot/)"
52.167.144.161 - - [18/Jan/2025:16:42:11 +0530] "GET /?pepbi14834268338063p HTTP/1.1" 200 67706 "-" "Mozilla/5.0 AppleWebKit/537.36 (KHTML, like Gecko; compatible; bingbot/2.0; +http://www.bing.com/bingbot.htm) Chrome/116.0.1938.76 Safari/537.36"
85.208.96.198 - - [18/Jan/2025:16:47:13 +0530] "GET /admin/ckeditor/plugins/wsc/skins/moono-lisa/ HTTP/1.1" 200 884 "-" "Mozilla/5.0 (compatible; SemrushBot/7~bl; +http://www.semrush.com/bot.html)"
54.36.148.123 - - [18/Jan/2025:16:47:49 +0530] "GET /admin/js/ HTTP/1.1" 200 3362 "-" "Mozilla/5.0 (compatible; AhrefsBot/7.0; +http://ahrefs.com/robot/)"
66.249.66.164 - - [18/Jan/2025:16:53:21 +0530] "GET / HTTP/1.1" 200 67706 "-" "Mozilla/5.0 (Linux; Android 6.0.1; Nexus 5X Build/MMB29P) AppleWebKit/537.36 (KHTML, like Gecko) Chrome/132.0.6834.83 Mobile Safari/537.36 (compatible; Googlebot/2.1; +http://www.google.com/bot.html)"
54.36.149.13 - - [18/Jan/2025:16:53:31 +0530] "GET /images/blog/?C=N;O=D HTTP/1.1" 200 3087 "-" "Mozilla/5.0 (compatible; AhrefsBot/7.0; +http://ahrefs.com/robot/)"
66.249.66.165 - - [18/Jan/2025:16:54:35 +0530] "GET /?imhdo14831000189115c HTTP/1.1" 200 67706 "-" "Mozilla/5.0 (Linux; Android 6.0.1; Nexus 5X Build/MMB29P) AppleWebKit/537.36 (KHTML, like Gecko) Chrome/132.0.6834.83 Mobile Safari/537.36 (compatible; Googlebot/2.1; +http://www.google.com/bot.html)"
103.175.163.186 - - [18/Jan/2025:16:58:53 +0530] "GET / HTTP/1.1" 200 67706 "-" "Python/3.11 aiohttp/3.9.2"
54.36.149.71 - - [18/Jan/2025:16:59:16 +0530] "GET /css/bxslider/3kzpty/index.php?dir=/home/importfo/public_html/abaestheticanddentalclinic.com HTTP/1.1" 404 - "-" "Mozilla/5.0 (compatible; AhrefsBot/7.0; +http://ahrefs.com/robot/)"
185.191.171.18 - - [18/Jan/2025:17:02:06 +0530] "GET /robots.txt HTTP/1.1" 404 - "-" "Mozilla/5.0 (compatible; SemrushBot/7~bl; +http://www.semrush.com/bot.html)"
185.191.171.13 - - [18/Jan/2025:17:02:07 +0530] "GET /admin/ckeditor/plugins/magicline/images/hidpi/ HTTP/1.1" 200 1076 "-" "Mozilla/5.0 (compatible; SemrushBot/7~bl; +http://www.semrush.com/bot.html)"
54.36.148.64 - - [18/Jan/2025:17:05:01 +0530] "GET /css/bxslider/3kzpty/index.php?dir=/home/importfo/public_html/ananyaallium.in HTTP/1.1" 404 - "-" "Mozilla/5.0 (compatible; AhrefsBot/7.0; +http://ahrefs.com/robot/)"
85.208.96.205 - - [18/Jan/2025:17:07:35 +0530] "GET /css/menuzord-skins/ HTTP/1.1" 200 3522 "-" "Mozilla/5.0 (compatible; SemrushBot/7~bl; +http://www.semrush.com/bot.html)"
54.36.149.98 - - [18/Jan/2025:17:10:25 +0530] "GET /css/bxslider/3kzpty/index.php?dir=/home/importfo/public_html/burkul HTTP/1.1" 404 - "-" "Mozilla/5.0 (compatible; AhrefsBot/7.0; +http://ahrefs.com/robot/)"
85.208.96.210 - - [18/Jan/2025:17:14:51 +0530] "GET /admin/assets/spinner/ HTTP/1.1" 200 825 "-" "Mozilla/5.0 (compatible; SemrushBot/7~bl; +http://www.semrush.com/bot.html)"
54.36.148.7 - - [18/Jan/2025:17:16:12 +0530] "GET /css/bxslider/3kzpty/index.php?dir=/home/importfo/public_html/kridhaphysiocare.in HTTP/1.1" 404 - "-" "Mozilla/5.0 (compatible; AhrefsBot/7.0; +http://ahrefs.com/robot/)"
54.36.149.22 - - [18/Jan/2025:17:22:06 +0530] "GET /css/bxslider/3kzpty/index.php?dir=/home/importfo/public_html/toothstudio.in/css/nivolightbox-themes HTTP/1.1" 404 - "-" "Mozilla/5.0 (compatible; AhrefsBot/7.0; +http://ahrefs.com/robot/)"
85.208.96.200 - - [18/Jan/2025:17:22:48 +0530] "GET /admin/assets/datatables/ HTTP/1.1" 200 1600 "-" "Mozilla/5.0 (compatible; SemrushBot/7~bl; +http://www.semrush.com/bot.html)"
54.36.149.94 - - [18/Jan/2025:17:27:33 +0530] "GET /css/bxslider/3kzpty/index.php?dir=/home/importfo/public_html/toothstudio.in/images/clients HTTP/1.1" 404 - "-" "Mozilla/5.0 (compatible; AhrefsBot/7.0; +http://ahrefs.com/robot/)"
103.175.163.186 - - [18/Jan/2025:17:28:57 +0530] "GET / HTTP/1.1" 200 67706 "-" "Python/3.11 aiohttp/3.9.2"
54.36.149.21 - - [18/Jan/2025:17:33:02 +0530] "GET /css/bxslider/3kzpty/index.php?dir=/home/importfo/public_html/toothstudio.in/images/flat-color-icons-svg HTTP/1.1" 404 - "-" "Mozilla/5.0 (compatible; AhrefsBot/7.0; +http://ahrefs.com/robot/)"
